



{"id":32036,"date":"2026-03-07T15:40:10","date_gmt":"2026-03-07T14:40:10","guid":{"rendered":"https:\/\/www.faustyna.pl\/zmbm\/?page_id=32036"},"modified":"2026-03-16T20:32:01","modified_gmt":"2026-03-16T19:32:01","slug":"slowo-boze-i-dzienniczek-iii-niedziela-wielkiego-postu","status":"publish","type":"page","link":"https:\/\/www.faustyna.pl\/zmbm\/slowo-boze-i-dzienniczek-iii-niedziela-wielkiego-postu\/","title":{"rendered":"S\u0142owo Bo\u017ce i \u201eDzienniczek\u201d \u2013 III niedziela Wielkiego Postu"},"content":{"rendered":"<p style=\"text-align: justify\"><em><a href=\"https:\/\/www.faustyna.pl\/zmbm\/wp-content\/uploads\/2026\/03\/Samarytanka.jpg\" data-gallery><img loading=\"lazy\" decoding=\"async\" class=\"size-medium wp-image-32037 alignnone\" src=\"https:\/\/www.faustyna.pl\/zmbm\/wp-content\/uploads\/2026\/03\/Samarytanka-560x333.jpg\" alt=\"\" width=\"560\" height=\"333\" srcset=\"https:\/\/www.faustyna.pl\/zmbm\/wp-content\/uploads\/2026\/03\/Samarytanka-560x333.jpg 560w, https:\/\/www.faustyna.pl\/zmbm\/wp-content\/uploads\/2026\/03\/Samarytanka-140x83.jpg 140w, https:\/\/www.faustyna.pl\/zmbm\/wp-content\/uploads\/2026\/03\/Samarytanka.jpg 1024w\" sizes=\"auto, (max-width: 560px) 100vw, 560px\" \/><\/a><\/em><\/p>\n<p style=\"text-align: justify\"><em>Jezus przyby\u0142 do miejscowo\u015bci samaryta\u0144skiej<\/em>, <em>zwanej Sychar, po\u0142o\u017conej niedaleko posiad\u0142o\u015bci, kt\u00f3r\u0105 przekaza\u0142 Jakub swemu Synowi J\u00f3zefowi. Tam znajdowa\u0142a si\u0119 studnia Jakuba. Jezus, zm\u0119czony przebyt\u0105 drog\u0105, usiad\u0142 obok studni, a by\u0142o to oko\u0142o godziny sz\u00f3stej. Nadesz\u0142a wtedy kobieta \u2013 Samarytanka, aby zaczerpn\u0105\u0107 wody. Jezus poprosi\u0142 j\u0105: \u201eDaj mi si\u0119 napi\u0107\u201d. Jego uczniowie natomiast poszli do miejscowo\u015bci, aby kupi\u0107 co\u015b do jedzenia. Kobieta odpar\u0142a jednak: \u201eJak\u017ce Ty, \u017byd, mo\u017cesz prosi\u0107 mnie, kobiet\u0119 samaryta\u0144sk\u0105, o wod\u0119?\u201d \u017bydzi bowiem nie utrzymywali kontaktu z Samarytanami. Na jej s\u0142owa Jezus odpowiedzia\u0142: \u201eGdyby\u015b zna\u0142a dar Bo\u017cy, a tak\u017ce wiedzia\u0142a, kim jest Ten, kto ci rzek\u0142: \u2018Daj mi si\u0119 napi\u0107\u201d, to by\u015b Go poprosi\u0142a, a On da\u0142by ci wody \u017cywej\u201d. Kobieta zawo\u0142a\u0142a wtedy: \u201ePanie, przecie\u017c Ty nie masz nawet czerpaka, a studnia jest g\u0142\u0119boka. Sk\u0105d wi\u0119c we\u017amiesz wod\u0119 \u017cyw\u0105? Czy\u017cby\u015b by\u0142 wi\u0119kszy od naszego ojca Jakuba, kt\u00f3ry da\u0142 nam t\u0119 studni\u0119? Zreszt\u0105 on sam z niej korzysta\u0142, jego synowie i trzody\u201d. W\u00f3wczas Jezus oznajmi\u0142 jej: \u201eKa\u017cdy, kto pije t\u0119 wod\u0119, nadal b\u0119dzie odczuwa\u0142 pragnienie. Kto natomiast napije si\u0119 wody, kt\u00f3r\u0105 Ja mu dam, ju\u017c nigdy wi\u0119cej nie b\u0119dzie odczuwa\u0142 pragnienia, gdy\u017c woda, kt\u00f3r\u0105 mu dam, stanie si\u0119 w nim obfitym \u017ar\u00f3d\u0142em na \u017cycie wieczne\u201d. Kobieta poprosi\u0142a wi\u0119c: \u201ePanie, daj mi takiej wody, abym ju\u017c wi\u0119cej nie odczuwa\u0142a pragnienia i nie musia\u0142a przychodzi\u0107 tutaj i czerpa\u0107\u201d. Jezus wi\u0119c poleci\u0142 jej: \u201eId\u017a, zawo\u0142aj swojego m\u0119\u017ca i przyjd\u017acie tutaj\u201d. Ona za\u015b odpar\u0142a: \u201eNie mam m\u0119\u017ca\u201d. Na co Jezus rzek\u0142: \u201eS\u0142usznie powiedzia\u0142a\u015b: \u2018Nie mam m\u0119\u017ca\u201d. Mia\u0142a\u015b ich bowiem pi\u0119ciu, a i ten, kt\u00f3rego masz, nie jest twoim m\u0119\u017cem. To powiedzia\u0142a\u015b prawdziwie\u201d.\u00a0 Wtedy kobieta zawo\u0142a\u0142a: \u201ePanie, widz\u0119, \u017ce Ty jeste\u015b prorokiem! Nasi przodkowie oddawali cze\u015b\u0107 Bogu na tej g\u00f3rze; wy za\u015b twierdzicie, \u017ce jedyne miejsce, gdzie nale\u017cy Go czci\u0107, znajduje si\u0119 w Jerozolimie\u201d. Jezus jej odrzek\u0142: \u201eWierz mi, kobieto. Oto nadchodzi czas, \u017ce ani na tej g\u00f3rze, ani te\u017c w Jerozolimie nie b\u0119dzie si\u0119 ju\u017c wielbi\u0142o Ojca. Wy czcicie to, czego nie znacie; my za\u015b oddajemy cze\u015b\u0107 Temu, kogo znamy. Zbawienie bowiem pochodzi od \u017byd\u00f3w. Nadchodzi jednak godzina, a w\u0142a\u015bciwie ju\u017c jest, kiedy prawdziwi czciciele b\u0119d\u0105 wielbili Ojca w Duchu i w prawdzie. Zreszt\u0105 takich czcicieli pragnie sam Ojciec. B\u00f3g jest duchem, st\u0105d te\u017c ci, kt\u00f3rzy Go wielbi\u0105, winni to czyni\u0107 w Duchu i w prawdzie\u201d. Wtedy kobieta odpar\u0142a: \u201eWiem, \u017ce ma nadej\u015b\u0107 Mesjasz, czyli Chrystus. I gdy tylko On przyb\u0119dzie, wszystko nam wyja\u015bni\u201d. Jezus oznajmi\u0142 jej w\u00f3wczas: \u201eTo Ja nim jestem, Ja, kt\u00f3ry m\u00f3wi\u0119 z tob\u0105\u201d. W tym czasie wr\u00f3cili uczniowie i zdziwili si\u0119, \u017ce rozmawia\u0142 z kobiet\u0105. Nikt z nich jednak nie zapyta\u0142: \u201eCzego od niej chcesz?\u201d lub \u201eO czym z ni\u0105 rozmawiasz?\u201d Kobieta za\u015b zostawi\u0142a naczynie do czerpania, wr\u00f3ci\u0142a do swojej miejscowo\u015bci i zacz\u0119\u0142a namawia\u0107 mieszka\u0144c\u00f3w: \u201eChod\u017acie zobaczy\u0107 kogo\u015b, kto wyjawi\u0142 mi wszystko, co uczyni\u0142am. Czy\u017c nie jest On Chrystusem?\u201d Ci wi\u0119c wyszli z miasta i przybyli do Jezusa. Uczniowie tymczasem zach\u0119cali Go: \u201eRabbi, jedz!\u201d. Wtedy Jezus o\u015bwiadczy\u0142 im: \u201eJa mam pokarm do spo\u017cycia, kt\u00f3rego wy nie znacie\u201d. Pytali si\u0119 wi\u0119c nawzajem: \u201eCzy\u017cby kto\u015b przyni\u00f3s\u0142 Mu co\u015b do jedzenia?\u201d. Jezus odpowiedzia\u0142 im: \u201eMoim pokarmem jest wype\u0142nienie woli Tego, kt\u00f3ry Mnie pos\u0142a\u0142, oraz wykonanie wyznaczonego Mi dzie\u0142a. Czy\u017c nie twierdzicie: \u2018Jeszcze cztery miesi\u0105ce i nadejdzie czas \u017cniw?\u2019. Ja natomiast wam m\u00f3wi\u0119: Podnie\u015bcie tylko wzrok i popatrzcie na pola \u2013 ju\u017c dojrza\u0142y do \u017cniwa. \u017bniwiarz otrzymuje zap\u0142at\u0119 i gromadzi owoce pracy na \u017cycie wieczne. W ten spos\u00f3b siewca cieszy si\u0119 razem ze \u017cniwiarzem. Tak oto okazuje si\u0119 prawdziwe powiedzenie: \u201eJeden sieje, a drugi zbiera\u201d. Ja pos\u0142a\u0142em was, aby\u015bcie zbierali plony, chocia\u017c nie trudzili\u015bcie si\u0119 nad nimi wcze\u015bniej. Inni pracowali w znoju, a wy korzystali\u015bcie z ich wysi\u0142ku\u201d. Wielu Samarytan z tej miejscowo\u015bci uwierzy\u0142o w Niego na podstawie \u015bwiadectwa danego przez ow\u0105 kobiet\u0119: \u201eWyjawi\u0142 mi wszystko, co uczyni\u0142am\u201d. Przyszli wi\u0119c do Niego z pro\u015bb\u0105, aby pozosta\u0142 u nich. I przebywa\u0142 tam dwa dni. Wtedy jeszcze wi\u0119cej uwierzy\u0142o dzi\u0119ki g\u0142oszonej przez Niego nauce. Do tej kobiety za\u015b m\u00f3wiono: \u201eTeraz wierzymy ju\u017c nie na podstawie tego, co nam powiedzia\u0142a\u015b, lecz dlatego, \u017ce sami Go us\u0142yszeli\u015bmy. Wiemy, \u017ce On naprawd\u0119 jest Zbawicielem \u015bwiata <\/em>(J 4, 5-42).<\/p>\n<h3 style=\"text-align: center\"><span style=\"color: #800000\">Z \u201eDzienniczka\u201d \u015bw. Faustyny<\/span><\/h3>\n<p style=\"text-align: justify\">Jezu, daj mi rozum, i wielki rozum, jedynie na to, abym Ciebie lepiej pozna\u0142a, bo im Ci\u0119 lepiej poznam, tym Ci\u0119 gor\u0119cej ukocham. Jezu, prosz\u0119 Ci\u0119 o pot\u0119\u017cny rozum w rozumieniu rzeczy Bo\u017cych i wy\u017cszych. Jezu, daj mi rozum wielki, kt\u00f3rym poznawa\u0107 b\u0119d\u0119 Tw\u0105 Bosk\u0105 Istot\u0119 i Twoje \u017cycie wewn\u0119trzne, Troiste (Dz. 1474).<\/p>\n","protected":false},"excerpt":{"rendered":"<p>Jezus przyby\u0142 do miejscowo\u015bci samaryta\u0144skiej, zwanej Sychar, po\u0142o\u017conej niedaleko posiad\u0142o\u015bci, kt\u00f3r\u0105 przekaza\u0142 Jakub swemu Synowi J\u00f3zefowi. Tam znajdowa\u0142a si\u0119 studnia Jakuba. Jezus, zm\u0119czony przebyt\u0105 drog\u0105, usiad\u0142 obok studni, a by\u0142o to oko\u0142o godziny sz\u00f3stej. Nadesz\u0142a wtedy kobieta \u2013 Samarytanka, aby zaczerpn\u0105\u0107 wody. Jezus poprosi\u0142 j\u0105: \u201eDaj mi si\u0119 napi\u0107\u201d. Jego uczniowie natomiast poszli do miejscowo\u015bci, [&hellip;]<\/p>\n","protected":false},"author":2,"featured_media":32037,"parent":0,"menu_order":-1564,"comment_status":"closed","ping_status":"closed","template":"","meta":{"footnotes":""},"categories":[104],"tags":[],"class_list":["post-32036","page","type-page","status-publish","has-post-thumbnail","hentry","category-archiwum"],"_links":{"self":[{"href":"https:\/\/www.faustyna.pl\/zmbm\/wp-json\/wp\/v2\/pages\/32036","targetHints":{"allow":["GET"]}}],"collection":[{"href":"https:\/\/www.faustyna.pl\/zmbm\/wp-json\/wp\/v2\/pages"}],"about":[{"href":"https:\/\/www.faustyna.pl\/zmbm\/wp-json\/wp\/v2\/types\/page"}],"author":[{"embeddable":true,"href":"https:\/\/www.faustyna.pl\/zmbm\/wp-json\/wp\/v2\/users\/2"}],"replies":[{"embeddable":true,"href":"https:\/\/www.faustyna.pl\/zmbm\/wp-json\/wp\/v2\/comments?post=32036"}],"version-history":[{"count":1,"href":"https:\/\/www.faustyna.pl\/zmbm\/wp-json\/wp\/v2\/pages\/32036\/revisions"}],"predecessor-version":[{"id":32038,"href":"https:\/\/www.faustyna.pl\/zmbm\/wp-json\/wp\/v2\/pages\/32036\/revisions\/32038"}],"wp:featuredmedia":[{"embeddable":true,"href":"https:\/\/www.faustyna.pl\/zmbm\/wp-json\/wp\/v2\/media\/32037"}],"wp:attachment":[{"href":"https:\/\/www.faustyna.pl\/zmbm\/wp-json\/wp\/v2\/media?parent=32036"}],"wp:term":[{"taxonomy":"category","embeddable":true,"href":"https:\/\/www.faustyna.pl\/zmbm\/wp-json\/wp\/v2\/categories?post=32036"},{"taxonomy":"post_tag","embeddable":true,"href":"https:\/\/www.faustyna.pl\/zmbm\/wp-json\/wp\/v2\/tags?post=32036"}],"curies":[{"name":"wp","href":"https:\/\/api.w.org\/{rel}","templated":true}]}}