



{"id":32045,"date":"2026-03-08T11:25:27","date_gmt":"2026-03-08T10:25:27","guid":{"rendered":"https:\/\/www.faustyna.pl\/zmbm\/?page_id=32045"},"modified":"2026-03-28T11:34:02","modified_gmt":"2026-03-28T10:34:02","slug":"droga-do-swietosci","status":"publish","type":"page","link":"https:\/\/www.faustyna.pl\/zmbm\/droga-do-swietosci\/","title":{"rendered":"\u201eDroga do \u015bwi\u0119to\u015bci\u201d"},"content":{"rendered":"<p><a href=\"https:\/\/www.faustyna.pl\/zmbm\/wp-content\/uploads\/2026\/03\/20260308_105408.jpg\" data-gallery><img loading=\"lazy\" decoding=\"async\" class=\"size-medium wp-image-32046 alignnone\" src=\"https:\/\/www.faustyna.pl\/zmbm\/wp-content\/uploads\/2026\/03\/20260308_105408-560x334.jpg\" alt=\"\" width=\"560\" height=\"334\" srcset=\"https:\/\/www.faustyna.pl\/zmbm\/wp-content\/uploads\/2026\/03\/20260308_105408-560x334.jpg 560w, https:\/\/www.faustyna.pl\/zmbm\/wp-content\/uploads\/2026\/03\/20260308_105408-140x83.jpg 140w, https:\/\/www.faustyna.pl\/zmbm\/wp-content\/uploads\/2026\/03\/20260308_105408.jpg 1024w\" sizes=\"auto, (max-width: 560px) 100vw, 560px\" \/><\/a><\/p>\n<p style=\"text-align: justify\">Pod takim tytu\u0142em w Edycji Pauli\u0144skiej ukaza\u0142a si\u0119 nowa ksi\u0105\u017cka o duchowym dziedzictwie \u015bw. Siostry Faustyny, w kt\u00f3rej komentowane s\u0105 s\u0142owa Jezusa zapisane w jej \u201eDzienniczku\u201d. Skierowane s\u0105 one nie tylko do Aposto\u0142ki Bo\u017cego Mi\u0142osierdzia, ale do ka\u017cdego z nas, a dotycz\u0105 drogi rozwoju wiary i mi\u0142o\u015bci, szcz\u0119\u015bliwego \u017cycia na ziemi i w wieczno\u015bci. Autorem publikacji jest ks. dr hab. J\u00f3zef Pochwat MS, patrolog, wyk\u0142adowca, pisarz, t\u0142umacz, rekolekcjonista, od 10 lat kapelan Zgromadzenia Si\u00f3str Matki Bo\u017cej Mi\u0142osierdzia w Krakowie-\u0141agiewnikach. \u201eDroga do \u015bwi\u0119to\u015bci. S\u0142owa Jezusa do \u015bw. Faustyny i do nas\u201d jest dost\u0119pna m.in. w ksi\u0119garniach katolickich i w sklepie wydawnictwa Misericordia w \u0142agiewnickim Sanktuarium i w internecie.<\/p>\n","protected":false},"excerpt":{"rendered":"<p>Pod takim tytu\u0142em w Edycji Pauli\u0144skiej ukaza\u0142a si\u0119 nowa ksi\u0105\u017cka o duchowym dziedzictwie \u015bw. Siostry Faustyny, w kt\u00f3rej komentowane s\u0105 s\u0142owa Jezusa zapisane w jej \u201eDzienniczku\u201d. Skierowane s\u0105 one nie tylko do Aposto\u0142ki Bo\u017cego Mi\u0142osierdzia, ale do ka\u017cdego z nas, a dotycz\u0105 drogi rozwoju wiary i mi\u0142o\u015bci, szcz\u0119\u015bliwego \u017cycia na ziemi i w wieczno\u015bci. Autorem [&hellip;]<\/p>\n","protected":false},"author":2,"featured_media":32046,"parent":0,"menu_order":-1740,"comment_status":"closed","ping_status":"closed","template":"","meta":{"footnotes":""},"categories":[4],"tags":[],"class_list":["post-32045","page","type-page","status-publish","has-post-thumbnail","hentry","category-aktualnosci"],"_links":{"self":[{"href":"https:\/\/www.faustyna.pl\/zmbm\/wp-json\/wp\/v2\/pages\/32045","targetHints":{"allow":["GET"]}}],"collection":[{"href":"https:\/\/www.faustyna.pl\/zmbm\/wp-json\/wp\/v2\/pages"}],"about":[{"href":"https:\/\/www.faustyna.pl\/zmbm\/wp-json\/wp\/v2\/types\/page"}],"author":[{"embeddable":true,"href":"https:\/\/www.faustyna.pl\/zmbm\/wp-json\/wp\/v2\/users\/2"}],"replies":[{"embeddable":true,"href":"https:\/\/www.faustyna.pl\/zmbm\/wp-json\/wp\/v2\/comments?post=32045"}],"version-history":[{"count":1,"href":"https:\/\/www.faustyna.pl\/zmbm\/wp-json\/wp\/v2\/pages\/32045\/revisions"}],"predecessor-version":[{"id":32047,"href":"https:\/\/www.faustyna.pl\/zmbm\/wp-json\/wp\/v2\/pages\/32045\/revisions\/32047"}],"wp:featuredmedia":[{"embeddable":true,"href":"https:\/\/www.faustyna.pl\/zmbm\/wp-json\/wp\/v2\/media\/32046"}],"wp:attachment":[{"href":"https:\/\/www.faustyna.pl\/zmbm\/wp-json\/wp\/v2\/media?parent=32045"}],"wp:term":[{"taxonomy":"category","embeddable":true,"href":"https:\/\/www.faustyna.pl\/zmbm\/wp-json\/wp\/v2\/categories?post=32045"},{"taxonomy":"post_tag","embeddable":true,"href":"https:\/\/www.faustyna.pl\/zmbm\/wp-json\/wp\/v2\/tags?post=32045"}],"curies":[{"name":"wp","href":"https:\/\/api.w.org\/{rel}","templated":true}]}}

„Droga do świętości”

<p><a href="https://www.faustyna.pl/zmbm/wp-content/uploads/2026/03/20260308_105408.jpg" data-gallery><img loading="lazy" decoding="async" class="size-medium wp-image-32046 alignnone" src="https://www.faustyna.pl/zmbm/wp-content/uploads/2026/03/20260308_105408-560x334.jpg" alt="" width="560" height="334" srcset="https://www.faustyna.pl/zmbm/wp-content/uploads/2026/03/20260308_105408-560x334.jpg 560w, https://www.faustyna.pl/zmbm/wp-content/uploads/2026/03/20260308_105408-140x83.jpg 140w, https://www.faustyna.pl/zmbm/wp-content/uploads/2026/03/20260308_105408.jpg 1024w" sizes="auto, (max-width: 560px) 100vw, 560px" /></a></p>
<p style="text-align: justify">Pod takim tytułem w Edycji Paulińskiej ukazała się nowa książka o duchowym dziedzictwie św. Siostry Faustyny, w której komentowane są słowa Jezusa zapisane w jej „Dzienniczku”. Skierowane są one nie tylko do Apostołki Bożego Miłosierdzia, ale do każdego z nas, a dotyczą drogi rozwoju wiary i miłości, szczęśliwego życia na ziemi i w wieczności. Autorem publikacji jest ks. dr hab. Józef Pochwat MS, patrolog, wykładowca, pisarz, tłumacz, rekolekcjonista, od 10 lat kapelan Zgromadzenia Sióstr Matki Bożej Miłosierdzia w Krakowie-Łagiewnikach. „Droga do świętości. Słowa Jezusa do św. Faustyny i do nas” jest dostępna m.in. w księgarniach katolickich i w sklepie wydawnictwa Misericordia w łagiewnickim Sanktuarium i w internecie.</p>

<p>Pod takim tytułem w Edycji Paulińskiej ukazała się nowa książka o duchowym dziedzictwie św. Siostry Faustyny, w której komentowane są słowa Jezusa zapisane w jej „Dzienniczku”. Skierowane są one nie tylko do Apostołki Bożego Miłosierdzia, ale do każdego z nas, a dotyczą drogi rozwoju wiary i miłości, szczęśliwego życia na ziemi i w wieczności. Autorem [&hellip;]</p>
