



{"id":32074,"date":"2026-03-21T15:48:47","date_gmt":"2026-03-21T14:48:47","guid":{"rendered":"https:\/\/www.faustyna.pl\/zmbm\/?page_id=32074"},"modified":"2026-03-23T21:51:36","modified_gmt":"2026-03-23T20:51:36","slug":"slowo-boze-i-dzienniczek-v-niedziela-wielkiego-postu","status":"publish","type":"page","link":"https:\/\/www.faustyna.pl\/zmbm\/slowo-boze-i-dzienniczek-v-niedziela-wielkiego-postu\/","title":{"rendered":"S\u0142owo Bo\u017ce i \u201eDzienniczek\u201d \u2013 V niedziela Wielkiego Postu"},"content":{"rendered":"<p><em><a href=\"https:\/\/www.faustyna.pl\/zmbm\/wp-content\/uploads\/2026\/03\/Wskrzeszenie_Lazarza_obraz_Al.png\" data-gallery><img loading=\"lazy\" decoding=\"async\" class=\"size-medium wp-image-32075 alignnone\" src=\"https:\/\/www.faustyna.pl\/zmbm\/wp-content\/uploads\/2026\/03\/Wskrzeszenie_Lazarza_obraz_Al-560x333.png\" alt=\"\" width=\"560\" height=\"333\" srcset=\"https:\/\/www.faustyna.pl\/zmbm\/wp-content\/uploads\/2026\/03\/Wskrzeszenie_Lazarza_obraz_Al-560x333.png 560w, https:\/\/www.faustyna.pl\/zmbm\/wp-content\/uploads\/2026\/03\/Wskrzeszenie_Lazarza_obraz_Al-140x83.png 140w, https:\/\/www.faustyna.pl\/zmbm\/wp-content\/uploads\/2026\/03\/Wskrzeszenie_Lazarza_obraz_Al.png 1024w\" sizes=\"auto, (max-width: 560px) 100vw, 560px\" \/><\/a><\/em><\/p>\n<p style=\"text-align: justify\"><em>Pewien cz\u0142owiek z Betanii, miejscowo\u015bci Marii i jej siostry Marty, by\u0142 chory. Mia\u0142 on na imi\u0119 \u0141azarz. Maria za\u015b by\u0142a t\u0105 kobiet\u0105, kt\u00f3ra nama\u015bci\u0142a Pana wonnym olejkiem i swymi w\u0142osami wytar\u0142a Jego stopy. W\u0142a\u015bnie jej brat \u0141azarz chorowa\u0142. Siostry przekaza\u0142y wi\u0119c Jezusowi wiadomo\u015b\u0107: \u201ePanie, ten, kt\u00f3rego kochasz, jest chory\u201d. Gdy Jezus to us\u0142ysza\u0142, rzek\u0142: \u201eTa choroba nie zmierza ku \u015bmierci, lecz ku chwale Bo\u017cej. Dzi\u0119ki niej Syn Bo\u017cy dozna chwa\u0142y\u201d. A Jezus mi\u0142owa\u0142 Mart\u0119, jej siostr\u0119 oraz \u0141azarza. Gdy jednak us\u0142ysza\u0142, \u017ce choruje, pozosta\u0142 w tamtym miejscu jeszcze dwa dni. Dopiero po ich up\u0142ywie zwr\u00f3ci\u0142 si\u0119 do uczni\u00f3w: \u201eWr\u00f3\u0107my znowu do Judei\u201d. Uczniowie Mu powiedzieli: \u201eRabbi, \u017bydzi dopiero co usi\u0142owali Ci\u0119 ukamienowa\u0107, a Ty chcesz tam ponownie wr\u00f3ci\u0107?\u201d. Jezus im odpar\u0142: \u201eCzy dzie\u0144 nie ma dwunastu godzin? Kto chodzi za dnia, nie potyka si\u0119, gdy\u017c widzi \u015bwiat\u0142o tego \u015bwiata. Kto natomiast chodzi noc\u0105, potyka si\u0119, poniewa\u017c nie ma w nim \u015bwiat\u0142a\u201d. A gdy to powiedzia\u0142, doda\u0142: \u201eNasz przyjaciel \u0141azarz zasn\u0105\u0142, lecz p\u00f3jd\u0119, aby go wyrwa\u0107 ze snu\u201d. Uczniowie odrzekli: \u201ePanie, je\u015bli usn\u0105\u0142, to b\u0119dzie zdrowy\u201d. Jezus jednak powiedzia\u0142 tak o jego \u015bmierci, uczniowie natomiast uwa\u017cali, \u017ce m\u00f3wi o zapadni\u0119ciu w sen. O\u015bwiadczy\u0142 im wi\u0119c otwarcie: \u201e\u0141azarz umar\u0142. Ale raduj\u0119 si\u0119 ze wzgl\u0119du na was, aby\u015bcie uwierzyli. Z tego w\u0142a\u015bnie powodu nie by\u0142o Mnie tam, lecz teraz chod\u017amy do niego\u201d. Tomasz, zwany Didymos, zawo\u0142a\u0142 wtedy do wsp\u00f3\u0142uczni\u00f3w: \u201eChod\u017amy i my, aby razem z Nim umrze\u0107!\u201d. Gdy Jezus tam dotar\u0142, zasta\u0142 go ju\u017c od czterech dni le\u017c\u0105cego w grobie. Betania za\u015b le\u017ca\u0142a w pobli\u017cu Jerozolimy, w odleg\u0142o\u015bci oko\u0142o pi\u0119tnastu stadi\u00f3w. Wielu \u017byd\u00f3w przyby\u0142o wi\u0119c do Marty i Marii, aby je pocieszy\u0107 po \u015bmierci brata. Kiedy Marta us\u0142ysza\u0142a, \u017ce Jezus nadchodzi, wybieg\u0142a Mu naprzeciw, Maria natomiast zosta\u0142a w domu. Marta zwr\u00f3ci\u0142a si\u0119 do Jezusa: \u201ePanie, gdyby\u015b by\u0142 tutaj, m\u00f3j brat by nie umar\u0142. Lecz nawet teraz wiem, \u017ce B\u00f3g da Ci wszystko, o co tylko Go poprosisz\u201d. Jezus jej rzek\u0142: \u201eTw\u00f3j brat powstanie z martwych\u201d. Marta odpowiedzia\u0142a: \u201eWiem, \u017ce zmartwychwstanie podczas zmartwychwstania w dniu ostatecznym\u201d. Jezus o\u015bwiadczy\u0142 jej: \u201eJa jestem zmartwychwstaniem i \u017cyciem. Kto wierzy we Mnie, nawet je\u015bliby umar\u0142, b\u0119dzie \u017cy\u0142. Ka\u017cdy, kto \u017cyje i wierzy we Mnie, nie umrze na wieki. Czy wierzysz w to?\u201d. Marta odrzek\u0142a: \u201eTak, Panie! Wierz\u0119, \u017ce Ty jeste\u015b Chrystusem, Synem Bo\u017cym, kt\u00f3ry przyszed\u0142 na \u015bwiat\u201d. A gdy to powiedzia\u0142a, odesz\u0142a i zawo\u0142a\u0142a swoja siostr\u0119 Mari\u0119, m\u00f3wi\u0105c jej po kryjomu: \u201eNauczyciel jest tutaj i prosi ci\u0119\u201d. Ona za\u015b, gdy to us\u0142ysza\u0142a, szybko wsta\u0142a i pobieg\u0142a do Niego. A Jezus nie wszed\u0142 jeszcze do miejscowo\u015bci, lecz pozosta\u0142 tam, gdzie spotka\u0142a go Marta. R\u00f3wnie\u017c \u017bydzi, kt\u00f3rzy przebywali w jej domu i pocieszali j\u0105, poszli jej \u015bladem, widz\u0105c, \u017ce zerwa\u0142a si\u0119 i wybieg\u0142a. S\u0105dzili bowiem, \u017ce uda\u0142a si\u0119 do grobu, aby tam p\u0142aka\u0107. Tymczasem Maria dotar\u0142a do miejsca, gdzie zatrzyma\u0142 si\u0119 Jezus. Kiedy Go zobaczy\u0142a, upad\u0142a Mu do n\u00f3g i rzek\u0142a: \u201ePanie, gdyby\u015b by\u0142 tutaj, m\u00f3j brat by nie umar\u0142\u201d. Gdy wi\u0119c Jezus zobaczy\u0142, \u017ce ona p\u0142acze, a tak\u017ce p\u0142acz\u0105 \u017bydzi, kt\u00f3rzy z ni\u0105 id\u0105, rozgniewa\u0142 si\u0119 i wzburzy\u0142. Nast\u0119pnie zapyta\u0142: \u201eGdzie z\u0142o\u017cyli\u015bcie go do grobu?\u201d. Odparli: \u201ePanie, chod\u017a zobaczy\u0107\u201d.\u00a0 Jezus zap\u0142aka\u0142. Wtedy \u017bydzi powiedzieli: \u201eZobaczcie, jak go kocha\u0142\u201d. Niekt\u00f3rzy za\u015b m\u00f3wili: \u201eCzy Ten, kt\u00f3ry przywr\u00f3ci\u0142 wzrok niewidomemu, nie m\u00f3g\u0142 sprawi\u0107, aby on nie mar\u0142?\u201d. Jezus ponownie wzburzony, podszed\u0142 do grobu A by\u0142a to grota zastawiona kamieniem. Poleci\u0142 wi\u0119c: \u201eOdsu\u0144cie kamie\u0144!\u201d. Wtedy odezwa\u0142a si\u0119 Marta, siostra zmar\u0142ego: \u201ePanie, ju\u017c cuchnie. Nie \u017cyje bowiem od czterech dni\u201d. Jezus powiedzia\u0142 jej: \u201eCzy nie zapewni\u0142em ci\u0119, \u017ce zobaczysz chwa\u0142\u0119 Bo\u017c\u0105, je\u015bli tylko uwierzysz?\u201d. I odsuni\u0119to kamie\u0144.\u00a0 W\u00f3wczas Jezus wzni\u00f3s\u0142 oczy w g\u00f3r\u0119 i zacz\u0105\u0142 si\u0119 modli\u0107: \u201eDzi\u0119kuj\u0119 Ci, Ojcze, \u017ce Mnie wys\u0142ucha\u0142e\u015b. Ja wiedzia\u0142em, \u017ce zawsze Mnie wys\u0142uchujesz. Powiedzia\u0142em to jednak ze wzgl\u0119du na otaczaj\u0105cych Mnie ludzi, aby uwierzyli, \u017ce Ty Mnie pos\u0142a\u0142e\u015b\u201d. Po tych s\u0142owach zawo\u0142a\u0142 z moc\u0105: \u201e\u0141azarzu, wyjd\u017a na zewn\u0105trz!\u201d. Wtedy zmar\u0142y wyszed\u0142, maj\u0105c nogi i r\u0119ce owini\u0119te opaskami, twarz za\u015b przys\u0142oni\u0119t\u0105 chust\u0105. Jezus poleci\u0142 im: \u201eUwolnijcie go z tego i pozw\u00f3lcie mu chodzi\u0107\u201d. Wielu spo\u015br\u00f3d \u017byd\u00f3w, kt\u00f3rzy przybyli do Marii i zobaczyli, czego Jezus dokona\u0142, uwierzy\u0142o w Niego <\/em>(J 11, 1-45).<\/p>\n<h3 style=\"text-align: center\"><span style=\"color: #800000\"><strong>Z \u201eDzienniczka\u201d \u015bw. Faustyny<\/strong><\/span><\/h3>\n<p style=\"text-align: justify\"><strong><em>Powiedz duszom, gdzie maj\u0105 szuka\u0107 pociech, to jest w trybunale mi\u0142osierdzia; tam s\u0105 najwi\u0119ksze cuda, kt\u00f3re si\u0119 nieustannie powtarzaj\u0105. Aby zyska\u0107 ten cud, nie trzeba odprawi\u0107 dalekiej pielgrzymki ani te\u017c sk\u0142ada\u0107 jakich\u015b zewn\u0119trznych obrz\u0119d\u00f3w, ale wystarczy przyst\u0105pi\u0107 do st\u00f3p zast\u0119pcy Mojego z wiar\u0105 i powiedzie\u0107 mu n\u0119dz\u0119 swoj\u0105, a cud mi\u0142osierdzia Bo\u017cego oka\u017ce si\u0119 w ca\u0142ej pe\u0142ni. Cho\u0107by dusza by\u0142a jak trup rozk\u0142adaj\u0105ca si\u0119 i cho\u0107by po ludzku ju\u017c nie by\u0142o wskrzeszenia, i wszystko ju\u017c stracone \u2013 nie tak jest po Bo\u017cemu, cud mi\u0142osierdzia Bo\u017cego wskrzesza t\u0119 dusz\u0119 w ca\u0142ej pe\u0142ni. O biedni, kt\u00f3rzy nie korzystaj\u0105 z tego cudu mi\u0142osierdzia Bo\u017cego; na darmo b\u0119dziecie wo\u0142a\u0107, ale b\u0119dzie ju\u017c za p\u00f3\u017ano <\/em><\/strong>(Dz. 1448)<em>.<\/em><\/p>\n","protected":false},"excerpt":{"rendered":"<p>Pewien cz\u0142owiek z Betanii, miejscowo\u015bci Marii i jej siostry Marty, by\u0142 chory. Mia\u0142 on na imi\u0119 \u0141azarz. Maria za\u015b by\u0142a t\u0105 kobiet\u0105, kt\u00f3ra nama\u015bci\u0142a Pana wonnym olejkiem i swymi w\u0142osami wytar\u0142a Jego stopy. W\u0142a\u015bnie jej brat \u0141azarz chorowa\u0142. Siostry przekaza\u0142y wi\u0119c Jezusowi wiadomo\u015b\u0107: \u201ePanie, ten, kt\u00f3rego kochasz, jest chory\u201d. Gdy Jezus to us\u0142ysza\u0142, rzek\u0142: \u201eTa [&hellip;]<\/p>\n","protected":false},"author":2,"featured_media":32075,"parent":0,"menu_order":-1540,"comment_status":"closed","ping_status":"closed","template":"","meta":{"footnotes":""},"categories":[104],"tags":[],"class_list":["post-32074","page","type-page","status-publish","has-post-thumbnail","hentry","category-archiwum"],"_links":{"self":[{"href":"https:\/\/www.faustyna.pl\/zmbm\/wp-json\/wp\/v2\/pages\/32074","targetHints":{"allow":["GET"]}}],"collection":[{"href":"https:\/\/www.faustyna.pl\/zmbm\/wp-json\/wp\/v2\/pages"}],"about":[{"href":"https:\/\/www.faustyna.pl\/zmbm\/wp-json\/wp\/v2\/types\/page"}],"author":[{"embeddable":true,"href":"https:\/\/www.faustyna.pl\/zmbm\/wp-json\/wp\/v2\/users\/2"}],"replies":[{"embeddable":true,"href":"https:\/\/www.faustyna.pl\/zmbm\/wp-json\/wp\/v2\/comments?post=32074"}],"version-history":[{"count":1,"href":"https:\/\/www.faustyna.pl\/zmbm\/wp-json\/wp\/v2\/pages\/32074\/revisions"}],"predecessor-version":[{"id":32076,"href":"https:\/\/www.faustyna.pl\/zmbm\/wp-json\/wp\/v2\/pages\/32074\/revisions\/32076"}],"wp:featuredmedia":[{"embeddable":true,"href":"https:\/\/www.faustyna.pl\/zmbm\/wp-json\/wp\/v2\/media\/32075"}],"wp:attachment":[{"href":"https:\/\/www.faustyna.pl\/zmbm\/wp-json\/wp\/v2\/media?parent=32074"}],"wp:term":[{"taxonomy":"category","embeddable":true,"href":"https:\/\/www.faustyna.pl\/zmbm\/wp-json\/wp\/v2\/categories?post=32074"},{"taxonomy":"post_tag","embeddable":true,"href":"https:\/\/www.faustyna.pl\/zmbm\/wp-json\/wp\/v2\/tags?post=32074"}],"curies":[{"name":"wp","href":"https:\/\/api.w.org\/{rel}","templated":true}]}}