



{"id":32123,"date":"2026-03-31T15:44:17","date_gmt":"2026-03-31T13:44:17","guid":{"rendered":"https:\/\/www.faustyna.pl\/zmbm\/?page_id=32123"},"modified":"2026-03-31T15:44:17","modified_gmt":"2026-03-31T13:44:17","slug":"z-misja-milosierdzia-w-anglii","status":"publish","type":"page","link":"https:\/\/www.faustyna.pl\/zmbm\/z-misja-milosierdzia-w-anglii\/","title":{"rendered":"Z misj\u0105 Mi\u0142osierdzia w Anglii"},"content":{"rendered":"<p><a href=\"https:\/\/www.faustyna.pl\/zmbm\/wp-content\/uploads\/2026\/03\/20251115_195734.jpg\" data-gallery><img loading=\"lazy\" decoding=\"async\" class=\"size-medium wp-image-32124 alignnone\" src=\"https:\/\/www.faustyna.pl\/zmbm\/wp-content\/uploads\/2026\/03\/20251115_195734-560x334.jpg\" alt=\"\" width=\"560\" height=\"334\" srcset=\"https:\/\/www.faustyna.pl\/zmbm\/wp-content\/uploads\/2026\/03\/20251115_195734-560x334.jpg 560w, https:\/\/www.faustyna.pl\/zmbm\/wp-content\/uploads\/2026\/03\/20251115_195734-140x83.jpg 140w, https:\/\/www.faustyna.pl\/zmbm\/wp-content\/uploads\/2026\/03\/20251115_195734.jpg 1024w\" sizes=\"auto, (max-width: 560px) 100vw, 560px\" \/><\/a><\/p>\n<p style=\"text-align: justify\">W dniach 9-11 kwietnia br. s. Faustia i s. Terezjana z krakowskiej wsp\u00f3lnoty Zgromadzenia Matki Bo\u017cej Mi\u0142osierdzia poprowadz\u0105 duchowe przygotowanie do \u015bwi\u0119ta Mi\u0142osierdzia w Parafii Mi\u0142osierdzia Bo\u017cego i Matki Bo\u017cej Kr\u00f3lowej Polski w Slough w Anglii. W sobot\u0119 poprzedzaj\u0105c\u0105 Niedziel\u0119 Bo\u017cego Mi\u0142osierdzia odb\u0119dzie si\u0119 dzie\u0144 skupienia dla angloj\u0119zycznych mieszka\u0144c\u00f3w z pobliskich parafii. W programie: konferencje, adoracja Naj\u015bwi\u0119tszego Sakramentu oraz modlitwa w Godzinie Mi\u0142osierdzia i Koronka do Bo\u017cego Mi\u0142osierdzia.\u00a0Natomiast w sam\u0105 Niedziel\u0119 Bo\u017cego Mi\u0142osierdzia na Mszach \u015bw. o 8.00, 10.00 i 12.00 m\u00f3wi\u0107 b\u0119d\u0105 o tym, jak prze\u017cywa\u0107 ten dzie\u0144 i jak czerpa\u0107 dary ze skarbca Mi\u0142osierdzia Bo\u017cego, w tym najwi\u0119ksz\u0105 \u00a0\u0142ask\u0119 zwi\u0105zan\u0105 z tym dniem, kt\u00f3r\u0105 jest \u0142aska zupe\u0142nego odpuszczenia win i kar.<\/p>\n","protected":false},"excerpt":{"rendered":"<p>W dniach 9-11 kwietnia br. s. Faustia i s. Terezjana z krakowskiej wsp\u00f3lnoty Zgromadzenia Matki Bo\u017cej Mi\u0142osierdzia poprowadz\u0105 duchowe przygotowanie do \u015bwi\u0119ta Mi\u0142osierdzia w Parafii Mi\u0142osierdzia Bo\u017cego i Matki Bo\u017cej Kr\u00f3lowej Polski w Slough w Anglii. W sobot\u0119 poprzedzaj\u0105c\u0105 Niedziel\u0119 Bo\u017cego Mi\u0142osierdzia odb\u0119dzie si\u0119 dzie\u0144 skupienia dla angloj\u0119zycznych mieszka\u0144c\u00f3w z pobliskich parafii. W programie: konferencje, [&hellip;]<\/p>\n","protected":false},"author":2,"featured_media":32124,"parent":0,"menu_order":-1772,"comment_status":"closed","ping_status":"closed","template":"","meta":{"footnotes":""},"categories":[4],"tags":[],"class_list":["post-32123","page","type-page","status-publish","has-post-thumbnail","hentry","category-aktualnosci"],"_links":{"self":[{"href":"https:\/\/www.faustyna.pl\/zmbm\/wp-json\/wp\/v2\/pages\/32123","targetHints":{"allow":["GET"]}}],"collection":[{"href":"https:\/\/www.faustyna.pl\/zmbm\/wp-json\/wp\/v2\/pages"}],"about":[{"href":"https:\/\/www.faustyna.pl\/zmbm\/wp-json\/wp\/v2\/types\/page"}],"author":[{"embeddable":true,"href":"https:\/\/www.faustyna.pl\/zmbm\/wp-json\/wp\/v2\/users\/2"}],"replies":[{"embeddable":true,"href":"https:\/\/www.faustyna.pl\/zmbm\/wp-json\/wp\/v2\/comments?post=32123"}],"version-history":[{"count":1,"href":"https:\/\/www.faustyna.pl\/zmbm\/wp-json\/wp\/v2\/pages\/32123\/revisions"}],"predecessor-version":[{"id":32125,"href":"https:\/\/www.faustyna.pl\/zmbm\/wp-json\/wp\/v2\/pages\/32123\/revisions\/32125"}],"wp:featuredmedia":[{"embeddable":true,"href":"https:\/\/www.faustyna.pl\/zmbm\/wp-json\/wp\/v2\/media\/32124"}],"wp:attachment":[{"href":"https:\/\/www.faustyna.pl\/zmbm\/wp-json\/wp\/v2\/media?parent=32123"}],"wp:term":[{"taxonomy":"category","embeddable":true,"href":"https:\/\/www.faustyna.pl\/zmbm\/wp-json\/wp\/v2\/categories?post=32123"},{"taxonomy":"post_tag","embeddable":true,"href":"https:\/\/www.faustyna.pl\/zmbm\/wp-json\/wp\/v2\/tags?post=32123"}],"curies":[{"name":"wp","href":"https:\/\/api.w.org\/{rel}","templated":true}]}}