



{"id":32141,"date":"2026-04-04T18:42:32","date_gmt":"2026-04-04T16:42:32","guid":{"rendered":"https:\/\/www.faustyna.pl\/zmbm\/?page_id=32141"},"modified":"2026-04-04T18:42:32","modified_gmt":"2026-04-04T16:42:32","slug":"slowo-boze-i-dzienniczek-wielkanoc-2","status":"publish","type":"page","link":"https:\/\/www.faustyna.pl\/zmbm\/slowo-boze-i-dzienniczek-wielkanoc-2\/","title":{"rendered":"S\u0142owo Bo\u017ce i \u201eDzienniczek\u201d \u2013 Wielkanoc"},"content":{"rendered":"<p style=\"text-align: justify\"><em><a href=\"https:\/\/www.faustyna.pl\/zmbm\/wp-content\/uploads\/2026\/04\/Piotr-i-Jan-przy-grobie-Jezusa_Al.png\" data-gallery><img loading=\"lazy\" decoding=\"async\" class=\"size-medium wp-image-32142 alignnone\" src=\"https:\/\/www.faustyna.pl\/zmbm\/wp-content\/uploads\/2026\/04\/Piotr-i-Jan-przy-grobie-Jezusa_Al-560x333.png\" alt=\"\" width=\"560\" height=\"333\" srcset=\"https:\/\/www.faustyna.pl\/zmbm\/wp-content\/uploads\/2026\/04\/Piotr-i-Jan-przy-grobie-Jezusa_Al-560x333.png 560w, https:\/\/www.faustyna.pl\/zmbm\/wp-content\/uploads\/2026\/04\/Piotr-i-Jan-przy-grobie-Jezusa_Al-140x83.png 140w, https:\/\/www.faustyna.pl\/zmbm\/wp-content\/uploads\/2026\/04\/Piotr-i-Jan-przy-grobie-Jezusa_Al.png 1024w\" sizes=\"auto, (max-width: 560px) 100vw, 560px\" \/><\/a><\/em><\/p>\n<p style=\"text-align: justify\"><em>W pierwszym dniu tygodnia, wczesnym rankiem, gdy jeszcze panowa\u0142y ciemno\u015bci, przysz\u0142a Maria Magdalena do grobu i zauwa\u017cy\u0142a kamie\u0144 odsuni\u0119ty od grobowca. Pobieg\u0142a wi\u0119c i przyby\u0142a do Szymona Piotra oraz do drugiego ucznia, kt\u00f3rego Jezus kocha\u0142, i oznajmi\u0142a im: \u201eZabrano Pana z grobu i nie wiemy, gdzie Go z\u0142o\u017cono\u201d. Piotr i ten drugi ucze\u0144 wyruszyli wi\u0119c i udali si\u0119 do grobu. Obydwaj biegli razem, lecz ten drugi ucze\u0144 wyprzedzi\u0142 Piotra i jako pierwszy znalaz\u0142 si\u0119 przy grobie. A gdy si\u0119 pochyli\u0142, zobaczy\u0142 le\u017c\u0105ce p\u0142\u00f3tna. Nie wszed\u0142 jednak do \u015brodka. Przyby\u0142 tak\u017ce id\u0105cy za nim Szymon Piotr i on wszed\u0142 do grobowca. Tam spostrzeg\u0142 le\u017c\u0105ce p\u0142\u00f3tna oraz chust\u0119, kt\u00f3ra by\u0142a na Jego g\u0142owie. Nie le\u017ca\u0142a ona razem z tamtymi p\u0142\u00f3tnami, lecz zwini\u0119ta osobno w innym miejscu. Wtedy wszed\u0142 ten drugi ucze\u0144, kt\u00f3ry dotar\u0142 wcze\u015bniej do grobu. A gdy zobaczy\u0142, uwierzy\u0142. Nie pojmowali bowiem jeszcze Pisma, i\u017c trzeba, aby On powsta\u0142 z martwych <\/em>(J 20, 1-9).<\/p>\n<h3 style=\"text-align: center\"><span style=\"color: #800000\"><strong>Z \u201eDzienniczka\u201d \u015bw. Faustyny<\/strong><\/span><\/h3>\n<p style=\"text-align: justify\">Dzi\u015b w czasie rezurekcji ujrza\u0142am Pana Jezusa w wielkim blasku, kt\u00f3ry zbli\u017cy\u0142 si\u0119 do mnie \u2013 i rzek\u0142: <strong><em>Pok\u00f3j wam, dzieci Moje.<\/em><\/strong> I wzni\u00f3s\u0142 r\u0119k\u0119, i b\u0142ogos\u0142awi\u0142. Rany r\u0105k i n\u00f3g, i boku by\u0142y niezatarte, ale ja\u015bniej\u0105ce. Kiedy si\u0119 spojrza\u0142 na mnie z tak\u0105 \u0142askawo\u015bci\u0105 i mi\u0142o\u015bci\u0105, \u017ce dusza moja zaton\u0119\u0142a ca\u0142a w Nim \u2013 i rzek\u0142 do mnie:<em> <strong>Wzi\u0119\u0142a\u015b wielki udzia\u0142 w m\u0119ce Mojej, dlatego daj\u0119 ci ten wielki udzia\u0142 w chwale i rado\u015bci Mojej<\/strong>.<\/em> Ca\u0142a rezurekcja wyda\u0142a mi si\u0119 jedn\u0105 minut\u0105. Dziwne skupienie ogarn\u0119\u0142o moj\u0105 dusz\u0119 i trwa\u0142o przez ca\u0142e \u015bwi\u0119ta. \u0141askawo\u015b\u0107 Jezusa jest tak wielka, \u017ce to nie da si\u0119 wypowiedzie\u0107 (Dz. 205).<\/p>\n","protected":false},"excerpt":{"rendered":"<p>W pierwszym dniu tygodnia, wczesnym rankiem, gdy jeszcze panowa\u0142y ciemno\u015bci, przysz\u0142a Maria Magdalena do grobu i zauwa\u017cy\u0142a kamie\u0144 odsuni\u0119ty od grobowca. Pobieg\u0142a wi\u0119c i przyby\u0142a do Szymona Piotra oraz do drugiego ucznia, kt\u00f3rego Jezus kocha\u0142, i oznajmi\u0142a im: \u201eZabrano Pana z grobu i nie wiemy, gdzie Go z\u0142o\u017cono\u201d. Piotr i ten drugi ucze\u0144 wyruszyli wi\u0119c [&hellip;]<\/p>\n","protected":false},"author":2,"featured_media":32142,"parent":0,"menu_order":-1778,"comment_status":"closed","ping_status":"closed","template":"","meta":{"footnotes":""},"categories":[4],"tags":[],"class_list":["post-32141","page","type-page","status-publish","has-post-thumbnail","hentry","category-aktualnosci"],"_links":{"self":[{"href":"https:\/\/www.faustyna.pl\/zmbm\/wp-json\/wp\/v2\/pages\/32141","targetHints":{"allow":["GET"]}}],"collection":[{"href":"https:\/\/www.faustyna.pl\/zmbm\/wp-json\/wp\/v2\/pages"}],"about":[{"href":"https:\/\/www.faustyna.pl\/zmbm\/wp-json\/wp\/v2\/types\/page"}],"author":[{"embeddable":true,"href":"https:\/\/www.faustyna.pl\/zmbm\/wp-json\/wp\/v2\/users\/2"}],"replies":[{"embeddable":true,"href":"https:\/\/www.faustyna.pl\/zmbm\/wp-json\/wp\/v2\/comments?post=32141"}],"version-history":[{"count":1,"href":"https:\/\/www.faustyna.pl\/zmbm\/wp-json\/wp\/v2\/pages\/32141\/revisions"}],"predecessor-version":[{"id":32143,"href":"https:\/\/www.faustyna.pl\/zmbm\/wp-json\/wp\/v2\/pages\/32141\/revisions\/32143"}],"wp:featuredmedia":[{"embeddable":true,"href":"https:\/\/www.faustyna.pl\/zmbm\/wp-json\/wp\/v2\/media\/32142"}],"wp:attachment":[{"href":"https:\/\/www.faustyna.pl\/zmbm\/wp-json\/wp\/v2\/media?parent=32141"}],"wp:term":[{"taxonomy":"category","embeddable":true,"href":"https:\/\/www.faustyna.pl\/zmbm\/wp-json\/wp\/v2\/categories?post=32141"},{"taxonomy":"post_tag","embeddable":true,"href":"https:\/\/www.faustyna.pl\/zmbm\/wp-json\/wp\/v2\/tags?post=32141"}],"curies":[{"name":"wp","href":"https:\/\/api.w.org\/{rel}","templated":true}]}}