



{"id":32172,"date":"2026-04-09T16:37:54","date_gmt":"2026-04-09T14:37:54","guid":{"rendered":"https:\/\/www.faustyna.pl\/zmbm\/?page_id=32172"},"modified":"2026-04-10T16:17:46","modified_gmt":"2026-04-10T14:17:46","slug":"swieto-milosierdzia-w-plocku-2","status":"publish","type":"page","link":"https:\/\/www.faustyna.pl\/zmbm\/swieto-milosierdzia-w-plocku-2\/","title":{"rendered":"\u015awi\u0119to Mi\u0142osierdzia w P\u0142ocku"},"content":{"rendered":"<p><a href=\"https:\/\/www.faustyna.pl\/zmbm\/wp-content\/uploads\/2026\/04\/Plock_Sanktuarium_2023.jpg\" data-gallery><img loading=\"lazy\" decoding=\"async\" class=\"size-medium wp-image-32173 alignnone\" src=\"https:\/\/www.faustyna.pl\/zmbm\/wp-content\/uploads\/2026\/04\/Plock_Sanktuarium_2023-560x334.jpg\" alt=\"\" width=\"560\" height=\"334\" srcset=\"https:\/\/www.faustyna.pl\/zmbm\/wp-content\/uploads\/2026\/04\/Plock_Sanktuarium_2023-560x334.jpg 560w, https:\/\/www.faustyna.pl\/zmbm\/wp-content\/uploads\/2026\/04\/Plock_Sanktuarium_2023-140x83.jpg 140w, https:\/\/www.faustyna.pl\/zmbm\/wp-content\/uploads\/2026\/04\/Plock_Sanktuarium_2023.jpg 1024w\" sizes=\"auto, (max-width: 560px) 100vw, 560px\" \/><\/a><\/p>\n<p style=\"text-align: justify\">12 kwietnia br. w Sanktuarium Bo\u017cego Mi\u0142osierdzia przy Starym Rynku Msze \u015bw. celebrowane b\u0119d\u0105 o godzinie: 8.00, 12.00 i 17.00. Uroczystej Eucharystii o godzinie 12.00 b\u0119dzie przewodniczy\u0142 ks. bp Adam Bab, biskup pomocniczy diecezji lubelskiej wraz ordynariuszem diecezji p\u0142ockiej ks. bp. Szymonem Stu\u0142kowskim oraz przewodnicz\u0105cym Dzie\u0142a Nowego Tysi\u0105clecia ks. Dariuszem Kowalczykiem. Podczas Mszy \u015bw. zostan\u0105 po\u015bwi\u0119cone obrazy Bo\u017cego Mi\u0142osierdzia, przyniesione przez wiernych, co b\u0119dzie spe\u0142nieniem \u017cyczenia Pana Jezusa, kt\u00f3ry prosi\u0142 \u015bw. Faustyn\u0119, aby obraz z podpisem: \u201eJezu, ufam Tobie\u201d by\u0142 uroczy\u015bcie po\u015bwi\u0119cony i publicznie czczony w pierwsz\u0105 niedziel\u0119 po Wielkanocy. Opraw\u0119 Mszy \u015bw. zapewni ch\u00f3r \u201eCantores Misericordiae\u201d, dzia\u0142aj\u0105cy przy p\u0142ockim Sanktuarium. Ca\u0142y dzie\u0144 b\u0119dzie otwarte muzeum, w kt\u00f3rym znajduje si\u0119 rekonstrukcja celi \u015bw. Siostry Faustyny, piec piekarniczy, przy kt\u00f3rym czasem pracowa\u0142a. B\u0119dzie r\u00f3wnie\u017c czynna kawiarenka oraz sklepik z pami\u0105tkami. O godzinie 15.00 modlitwa w Godzinie Mi\u0142osierdzia i Koronka do Mi\u0142osierdzia Bo\u017cego.<\/p>\n","protected":false},"excerpt":{"rendered":"<p>12 kwietnia br. w Sanktuarium Bo\u017cego Mi\u0142osierdzia przy Starym Rynku Msze \u015bw. celebrowane b\u0119d\u0105 o godzinie: 8.00, 12.00 i 17.00. Uroczystej Eucharystii o godzinie 12.00 b\u0119dzie przewodniczy\u0142 ks. bp Adam Bab, biskup pomocniczy diecezji lubelskiej wraz ordynariuszem diecezji p\u0142ockiej ks. bp. Szymonem Stu\u0142kowskim oraz przewodnicz\u0105cym Dzie\u0142a Nowego Tysi\u0105clecia ks. Dariuszem Kowalczykiem. Podczas Mszy \u015bw. zostan\u0105 [&hellip;]<\/p>\n","protected":false},"author":2,"featured_media":32173,"parent":0,"menu_order":-1790,"comment_status":"closed","ping_status":"closed","template":"","meta":{"footnotes":""},"categories":[4],"tags":[],"class_list":["post-32172","page","type-page","status-publish","has-post-thumbnail","hentry","category-aktualnosci"],"_links":{"self":[{"href":"https:\/\/www.faustyna.pl\/zmbm\/wp-json\/wp\/v2\/pages\/32172","targetHints":{"allow":["GET"]}}],"collection":[{"href":"https:\/\/www.faustyna.pl\/zmbm\/wp-json\/wp\/v2\/pages"}],"about":[{"href":"https:\/\/www.faustyna.pl\/zmbm\/wp-json\/wp\/v2\/types\/page"}],"author":[{"embeddable":true,"href":"https:\/\/www.faustyna.pl\/zmbm\/wp-json\/wp\/v2\/users\/2"}],"replies":[{"embeddable":true,"href":"https:\/\/www.faustyna.pl\/zmbm\/wp-json\/wp\/v2\/comments?post=32172"}],"version-history":[{"count":1,"href":"https:\/\/www.faustyna.pl\/zmbm\/wp-json\/wp\/v2\/pages\/32172\/revisions"}],"predecessor-version":[{"id":32174,"href":"https:\/\/www.faustyna.pl\/zmbm\/wp-json\/wp\/v2\/pages\/32172\/revisions\/32174"}],"wp:featuredmedia":[{"embeddable":true,"href":"https:\/\/www.faustyna.pl\/zmbm\/wp-json\/wp\/v2\/media\/32173"}],"wp:attachment":[{"href":"https:\/\/www.faustyna.pl\/zmbm\/wp-json\/wp\/v2\/media?parent=32172"}],"wp:term":[{"taxonomy":"category","embeddable":true,"href":"https:\/\/www.faustyna.pl\/zmbm\/wp-json\/wp\/v2\/categories?post=32172"},{"taxonomy":"post_tag","embeddable":true,"href":"https:\/\/www.faustyna.pl\/zmbm\/wp-json\/wp\/v2\/tags?post=32172"}],"curies":[{"name":"wp","href":"https:\/\/api.w.org\/{rel}","templated":true}]}}