



{"id":32185,"date":"2026-04-10T17:03:33","date_gmt":"2026-04-10T15:03:33","guid":{"rendered":"https:\/\/www.faustyna.pl\/zmbm\/?page_id=32185"},"modified":"2026-04-10T17:03:33","modified_gmt":"2026-04-10T15:03:33","slug":"nowa-wersja-aplikacji-faustyna-pl","status":"publish","type":"page","link":"https:\/\/www.faustyna.pl\/zmbm\/nowa-wersja-aplikacji-faustyna-pl\/","title":{"rendered":"Nowa wersja aplikacji \u201eFaustyna.pl\u201d"},"content":{"rendered":"<p><a href=\"https:\/\/www.faustyna.pl\/zmbm\/wp-content\/uploads\/2026\/04\/Aplikacja_wiadomosc_Al.png\" data-gallery><img loading=\"lazy\" decoding=\"async\" class=\"size-medium wp-image-32186 alignnone\" src=\"https:\/\/www.faustyna.pl\/zmbm\/wp-content\/uploads\/2026\/04\/Aplikacja_wiadomosc_Al-560x333.png\" alt=\"\" width=\"560\" height=\"333\" srcset=\"https:\/\/www.faustyna.pl\/zmbm\/wp-content\/uploads\/2026\/04\/Aplikacja_wiadomosc_Al-560x333.png 560w, https:\/\/www.faustyna.pl\/zmbm\/wp-content\/uploads\/2026\/04\/Aplikacja_wiadomosc_Al-140x83.png 140w, https:\/\/www.faustyna.pl\/zmbm\/wp-content\/uploads\/2026\/04\/Aplikacja_wiadomosc_Al.png 1024w\" sizes=\"auto, (max-width: 560px) 100vw, 560px\" \/><\/a><\/p>\n<p style=\"text-align: justify\">Przed \u015bwi\u0119tem Mi\u0142osierdzia zosta\u0142a opublikowana nowa wersja aplikacji \u201eFaustyna.pl\u201d, kt\u00f3ra powsta\u0142a w 2016 roku z okazji \u015awiatowego Dnia M\u0142odzie\u017cy. S\u0142u\u017cy ona przede wszystkim pielgrzymom przybywaj\u0105cym do Sanktuarium Bo\u017cego Mi\u0142osierdzia w Krakowie-\u0141agiewnikach oraz wszystkim, kt\u00f3rzy chc\u0105 mie\u0107 \u0142\u0105czno\u015b\u0107 z tym \u015bwi\u0119tym miejscem przez transmisj\u0119 on-line lub dzie\u0142ami, kt\u00f3re w tym miejscu prowadz\u0105 siostry ze Zgromadzenia Matki Bo\u017cej Mi\u0142osierdzia. Nowa wersja aplikacji w 7 j\u0119zykach zosta\u0142a uzupe\u0142niona m.in. o przewodnik po Sanktuarium, co jest wa\u017cne dla os\u00f3b indywidualnie tu pielgrzymuj\u0105cych, \u201eDzienniczek\u201d audio, dzie\u0142o Koronki za konaj\u0105cych, \u201eBlisko Rahamim\u201d czy losowanie Patrona na dany rok. Aplikacja bez bezp\u0142atna, do pobrania na android oraz iOS przez stron\u0119: <a href=\"http:\/\/www.faustyna.pl\">www.faustyna.pl<\/a> lub w sklepach: Google Play i App Store.<\/p>\n","protected":false},"excerpt":{"rendered":"<p>Przed \u015bwi\u0119tem Mi\u0142osierdzia zosta\u0142a opublikowana nowa wersja aplikacji \u201eFaustyna.pl\u201d, kt\u00f3ra powsta\u0142a w 2016 roku z okazji \u015awiatowego Dnia M\u0142odzie\u017cy. S\u0142u\u017cy ona przede wszystkim pielgrzymom przybywaj\u0105cym do Sanktuarium Bo\u017cego Mi\u0142osierdzia w Krakowie-\u0141agiewnikach oraz wszystkim, kt\u00f3rzy chc\u0105 mie\u0107 \u0142\u0105czno\u015b\u0107 z tym \u015bwi\u0119tym miejscem przez transmisj\u0119 on-line lub dzie\u0142ami, kt\u00f3re w tym miejscu prowadz\u0105 siostry ze Zgromadzenia Matki [&hellip;]<\/p>\n","protected":false},"author":2,"featured_media":32186,"parent":0,"menu_order":-1774,"comment_status":"closed","ping_status":"closed","template":"","meta":{"footnotes":""},"categories":[4],"tags":[],"class_list":["post-32185","page","type-page","status-publish","has-post-thumbnail","hentry","category-aktualnosci"],"_links":{"self":[{"href":"https:\/\/www.faustyna.pl\/zmbm\/wp-json\/wp\/v2\/pages\/32185","targetHints":{"allow":["GET"]}}],"collection":[{"href":"https:\/\/www.faustyna.pl\/zmbm\/wp-json\/wp\/v2\/pages"}],"about":[{"href":"https:\/\/www.faustyna.pl\/zmbm\/wp-json\/wp\/v2\/types\/page"}],"author":[{"embeddable":true,"href":"https:\/\/www.faustyna.pl\/zmbm\/wp-json\/wp\/v2\/users\/2"}],"replies":[{"embeddable":true,"href":"https:\/\/www.faustyna.pl\/zmbm\/wp-json\/wp\/v2\/comments?post=32185"}],"version-history":[{"count":1,"href":"https:\/\/www.faustyna.pl\/zmbm\/wp-json\/wp\/v2\/pages\/32185\/revisions"}],"predecessor-version":[{"id":32187,"href":"https:\/\/www.faustyna.pl\/zmbm\/wp-json\/wp\/v2\/pages\/32185\/revisions\/32187"}],"wp:featuredmedia":[{"embeddable":true,"href":"https:\/\/www.faustyna.pl\/zmbm\/wp-json\/wp\/v2\/media\/32186"}],"wp:attachment":[{"href":"https:\/\/www.faustyna.pl\/zmbm\/wp-json\/wp\/v2\/media?parent=32185"}],"wp:term":[{"taxonomy":"category","embeddable":true,"href":"https:\/\/www.faustyna.pl\/zmbm\/wp-json\/wp\/v2\/categories?post=32185"},{"taxonomy":"post_tag","embeddable":true,"href":"https:\/\/www.faustyna.pl\/zmbm\/wp-json\/wp\/v2\/tags?post=32185"}],"curies":[{"name":"wp","href":"https:\/\/api.w.org\/{rel}","templated":true}]}}