



{"id":32195,"date":"2026-04-11T09:50:17","date_gmt":"2026-04-11T07:50:17","guid":{"rendered":"https:\/\/www.faustyna.pl\/zmbm\/?page_id=32195"},"modified":"2026-04-11T09:50:17","modified_gmt":"2026-04-11T07:50:17","slug":"z-oredziem-milosierdzia-w-australii","status":"publish","type":"page","link":"https:\/\/www.faustyna.pl\/zmbm\/z-oredziem-milosierdzia-w-australii\/","title":{"rendered":"Z or\u0119dziem Mi\u0142osierdzia w Australii"},"content":{"rendered":"<p><a href=\"https:\/\/www.faustyna.pl\/zmbm\/wp-content\/uploads\/2026\/04\/Australia-3.jpg\" data-gallery><img loading=\"lazy\" decoding=\"async\" class=\"size-medium wp-image-32196 alignnone\" src=\"https:\/\/www.faustyna.pl\/zmbm\/wp-content\/uploads\/2026\/04\/Australia-3-560x334.jpg\" alt=\"\" width=\"560\" height=\"334\" srcset=\"https:\/\/www.faustyna.pl\/zmbm\/wp-content\/uploads\/2026\/04\/Australia-3-560x334.jpg 560w, https:\/\/www.faustyna.pl\/zmbm\/wp-content\/uploads\/2026\/04\/Australia-3-140x83.jpg 140w, https:\/\/www.faustyna.pl\/zmbm\/wp-content\/uploads\/2026\/04\/Australia-3.jpg 1024w\" sizes=\"auto, (max-width: 560px) 100vw, 560px\" \/><\/a><\/p>\n<p style=\"text-align: justify\">W dniach od 19 kwietnia do 6 maja s. Gaudia Skass i s. Ancilla ze Zgromadzenia Matki Bo\u017cej Mi\u0142osierdzia dzieli\u0107 si\u0119 b\u0119d\u0105 duchowym dziedzictwem \u015bw. Siostry Faustyny z wiernymi w Australii. Przebywa\u0107 b\u0119d\u0105 w dw\u00f3ch miastach: najpierw w Melbourne, a nast\u0119pnie w Perth. Sanktuarium Bo\u017cego Mi\u0142osierdzia w Melbourne b\u0119dzie obchodzi\u0107 20. rocznic\u0119 po\u015bwi\u0119cenia ko\u015bcio\u0142a, w kt\u00f3rym pos\u0142uguj\u0105 kap\u0142ani z Towarzystwa Chrystusowego.<\/p>\n<p style=\"text-align: justify\">Siostry g\u0142osi\u0107 b\u0119d\u0105 or\u0119dzie Mi\u0142osierdzia po polsku i angielsku, spotkaj\u0105 si\u0119 bowiem nie tylko z Poloni\u0105, ale tak\u017ce z wiernymi z wielu kraj\u00f3w \u015bwiata, kt\u00f3rzy w tym kraju mieszkaj\u0105.<\/p>\n","protected":false},"excerpt":{"rendered":"<p>W dniach od 19 kwietnia do 6 maja s. Gaudia Skass i s. Ancilla ze Zgromadzenia Matki Bo\u017cej Mi\u0142osierdzia dzieli\u0107 si\u0119 b\u0119d\u0105 duchowym dziedzictwem \u015bw. Siostry Faustyny z wiernymi w Australii. Przebywa\u0107 b\u0119d\u0105 w dw\u00f3ch miastach: najpierw w Melbourne, a nast\u0119pnie w Perth. Sanktuarium Bo\u017cego Mi\u0142osierdzia w Melbourne b\u0119dzie obchodzi\u0107 20. rocznic\u0119 po\u015bwi\u0119cenia ko\u015bcio\u0142a, w [&hellip;]<\/p>\n","protected":false},"author":2,"featured_media":32196,"parent":0,"menu_order":-1766,"comment_status":"closed","ping_status":"closed","template":"","meta":{"footnotes":""},"categories":[4],"tags":[],"class_list":["post-32195","page","type-page","status-publish","has-post-thumbnail","hentry","category-aktualnosci"],"_links":{"self":[{"href":"https:\/\/www.faustyna.pl\/zmbm\/wp-json\/wp\/v2\/pages\/32195","targetHints":{"allow":["GET"]}}],"collection":[{"href":"https:\/\/www.faustyna.pl\/zmbm\/wp-json\/wp\/v2\/pages"}],"about":[{"href":"https:\/\/www.faustyna.pl\/zmbm\/wp-json\/wp\/v2\/types\/page"}],"author":[{"embeddable":true,"href":"https:\/\/www.faustyna.pl\/zmbm\/wp-json\/wp\/v2\/users\/2"}],"replies":[{"embeddable":true,"href":"https:\/\/www.faustyna.pl\/zmbm\/wp-json\/wp\/v2\/comments?post=32195"}],"version-history":[{"count":1,"href":"https:\/\/www.faustyna.pl\/zmbm\/wp-json\/wp\/v2\/pages\/32195\/revisions"}],"predecessor-version":[{"id":32197,"href":"https:\/\/www.faustyna.pl\/zmbm\/wp-json\/wp\/v2\/pages\/32195\/revisions\/32197"}],"wp:featuredmedia":[{"embeddable":true,"href":"https:\/\/www.faustyna.pl\/zmbm\/wp-json\/wp\/v2\/media\/32196"}],"wp:attachment":[{"href":"https:\/\/www.faustyna.pl\/zmbm\/wp-json\/wp\/v2\/media?parent=32195"}],"wp:term":[{"taxonomy":"category","embeddable":true,"href":"https:\/\/www.faustyna.pl\/zmbm\/wp-json\/wp\/v2\/categories?post=32195"},{"taxonomy":"post_tag","embeddable":true,"href":"https:\/\/www.faustyna.pl\/zmbm\/wp-json\/wp\/v2\/tags?post=32195"}],"curies":[{"name":"wp","href":"https:\/\/api.w.org\/{rel}","templated":true}]}}