



{"id":32201,"date":"2026-04-11T13:55:44","date_gmt":"2026-04-11T11:55:44","guid":{"rendered":"https:\/\/www.faustyna.pl\/zmbm\/?page_id=32201"},"modified":"2026-04-11T13:55:44","modified_gmt":"2026-04-11T11:55:44","slug":"slowo-boze-i-dzienniczek-niedziela-milosierdzia-2","status":"publish","type":"page","link":"https:\/\/www.faustyna.pl\/zmbm\/slowo-boze-i-dzienniczek-niedziela-milosierdzia-2\/","title":{"rendered":"S\u0142owo Bo\u017ce i \u201eDzienniczek\u201d \u2013 Niedziela Mi\u0142osierdzia"},"content":{"rendered":"<p><em><a href=\"https:\/\/www.faustyna.pl\/zmbm\/wp-content\/uploads\/2026\/04\/sw_Tomasz-i-Jezus_Wieczernik_Al.png\" data-gallery><img loading=\"lazy\" decoding=\"async\" class=\"size-medium wp-image-32202 alignnone\" src=\"https:\/\/www.faustyna.pl\/zmbm\/wp-content\/uploads\/2026\/04\/sw_Tomasz-i-Jezus_Wieczernik_Al-560x333.png\" alt=\"\" width=\"560\" height=\"333\" srcset=\"https:\/\/www.faustyna.pl\/zmbm\/wp-content\/uploads\/2026\/04\/sw_Tomasz-i-Jezus_Wieczernik_Al-560x333.png 560w, https:\/\/www.faustyna.pl\/zmbm\/wp-content\/uploads\/2026\/04\/sw_Tomasz-i-Jezus_Wieczernik_Al-140x83.png 140w, https:\/\/www.faustyna.pl\/zmbm\/wp-content\/uploads\/2026\/04\/sw_Tomasz-i-Jezus_Wieczernik_Al.png 1024w\" sizes=\"auto, (max-width: 560px) 100vw, 560px\" \/><\/a><\/em><\/p>\n<p style=\"text-align: justify\"><em>Gdy tego pierwszego dnia tygodnia zapad\u0142 wiecz\u00f3r, a tam , gdzie przebywali uczniowie, zamkni\u0119to drzwi z obawy przed \u017bydami, przyszed\u0142 Jezus, stan\u0105\u0142 w \u015brodku i pozdrowi\u0142 ich: \u201ePok\u00f3j wam\u201d. A gdy to powiedzia\u0142, pokaza\u0142 im r\u0119ce oraz bok. Uczniowie uradowali si\u0119, \u017ce ujrzeli Pana. Jezus za\u015b odezwa\u0142 si\u0119 do nich ponownie: \u201ePok\u00f3j wam! Jak Mnie pos\u0142a\u0142 Ojciec, tak i Ja was posy\u0142am\u201d. Po tych s\u0142owach tchn\u0105\u0142 na nich i oznajmi\u0142: \u201ePrzyjmijcie Ducha \u015awi\u0119tego. Tym, kt\u00f3rym odpu\u015bcicie grzechy, s\u0105 im odpuszczone; kt\u00f3rym zatrzymacie, s\u0105 zatrzymane\u201d. Tomasz, zwany Didymos, jeden z Dwunastu, nie by\u0142 razem z nimi, kiedy przyszed\u0142 Jezus. Pozostali uczniowie m\u00f3wili wi\u0119c do niego: \u201eZobaczyli\u015bmy Pana\u201d. On jednak odpar\u0142: \u201eNie uwierz\u0119, je\u015bli nie ujrz\u0119 na Jego r\u0119kach \u015blad\u00f3w po gwo\u017adziach, nie w\u0142o\u017c\u0119 swego palca w miejsce gwo\u017adzi i nie umieszcz\u0119 swojej r\u0119ki w Jego boku\u201d. Po o\u015bmiu dniach uczniowie zn\u00f3w byli wewn\u0105trz i Tomasz razem z nimi. Mimo zamkni\u0119tych drzwi, Jezus wszed\u0142, stan\u0105\u0142 w \u015brodku i pozdrowi\u0142 ich: \u201ePok\u00f3j wam\u201d. Nast\u0119pnie rzek\u0142 do Tomasza\u201d Unie\u015b tutaj sw\u00f3j palec i zobacz moje r\u0119ce, podnie\u015b te\u017c swoj\u0105 r\u0119k\u0119 i w\u0142\u00f3\u017c w m\u00f3j bok. I przesta\u0144 by\u0107 niedowiarkiem, a b\u0105d\u017a wierz\u0105cym\u201d. Tomasz wyzna\u0142 Mu w odpowiedzi: \u201ePan m\u00f3j i B\u00f3g m\u00f3j!\u201d. Jezus za\u015b rzek\u0142 do niego\u201d Wierzysz, poniewa\u017c Mnie ujrza\u0142e\u015b? Szcz\u0119\u015bliwi ci, kt\u00f3rzy nie zobaczyli, a uwierzyli\u201d <\/em>\u00a0(J 20, 19-29).<\/p>\n<h3 style=\"text-align: center\"><span style=\"color: #800000\"><strong>Z \u201eDzienniczka\u201d \u015bw. Faustyny<\/strong><\/span><\/h3>\n<p style=\"text-align: justify\"><strong><em>C\u00f3rko Moja, patrz w przepa\u015b\u0107 mi\u0142osierdzia Mojego i oddaj temu mi\u0142osierdziu Mojemu cze\u015b\u0107 i chwa\u0142\u0119, a uczy\u0144 to w ten spos\u00f3b: zbierz wszystkich grzesznik\u00f3w z ca\u0142ego \u015bwiata i zanurz ich w przepa\u015bci mi\u0142osierdzia Mojego. Pragn\u0119 si\u0119 udziela\u0107 duszom, dusz pragn\u0119, c\u00f3rko Moja. W \u015bwi\u0119to Moje \u2013 w \u015bwi\u0119to Mi\u0142osierdzia \u2013 b\u0119dziesz przebiega\u0107 \u015bwiat ca\u0142y i sprowadza\u0107 b\u0119dziesz dusze zemdlone do \u017ar\u00f3d\u0142a mi\u0142osierdzia Mojego. Ja je ulecz\u0119 i wzmocni\u0119 <\/em><\/strong>(Dz. 206)<strong><em>.<\/em><\/strong><\/p>\n","protected":false},"excerpt":{"rendered":"<p>Gdy tego pierwszego dnia tygodnia zapad\u0142 wiecz\u00f3r, a tam , gdzie przebywali uczniowie, zamkni\u0119to drzwi z obawy przed \u017bydami, przyszed\u0142 Jezus, stan\u0105\u0142 w \u015brodku i pozdrowi\u0142 ich: \u201ePok\u00f3j wam\u201d. A gdy to powiedzia\u0142, pokaza\u0142 im r\u0119ce oraz bok. Uczniowie uradowali si\u0119, \u017ce ujrzeli Pana. Jezus za\u015b odezwa\u0142 si\u0119 do nich ponownie: \u201ePok\u00f3j wam! Jak Mnie [&hellip;]<\/p>\n","protected":false},"author":2,"featured_media":32202,"parent":0,"menu_order":-1795,"comment_status":"closed","ping_status":"closed","template":"","meta":{"footnotes":""},"categories":[4],"tags":[],"class_list":["post-32201","page","type-page","status-publish","has-post-thumbnail","hentry","category-aktualnosci"],"_links":{"self":[{"href":"https:\/\/www.faustyna.pl\/zmbm\/wp-json\/wp\/v2\/pages\/32201","targetHints":{"allow":["GET"]}}],"collection":[{"href":"https:\/\/www.faustyna.pl\/zmbm\/wp-json\/wp\/v2\/pages"}],"about":[{"href":"https:\/\/www.faustyna.pl\/zmbm\/wp-json\/wp\/v2\/types\/page"}],"author":[{"embeddable":true,"href":"https:\/\/www.faustyna.pl\/zmbm\/wp-json\/wp\/v2\/users\/2"}],"replies":[{"embeddable":true,"href":"https:\/\/www.faustyna.pl\/zmbm\/wp-json\/wp\/v2\/comments?post=32201"}],"version-history":[{"count":1,"href":"https:\/\/www.faustyna.pl\/zmbm\/wp-json\/wp\/v2\/pages\/32201\/revisions"}],"predecessor-version":[{"id":32203,"href":"https:\/\/www.faustyna.pl\/zmbm\/wp-json\/wp\/v2\/pages\/32201\/revisions\/32203"}],"wp:featuredmedia":[{"embeddable":true,"href":"https:\/\/www.faustyna.pl\/zmbm\/wp-json\/wp\/v2\/media\/32202"}],"wp:attachment":[{"href":"https:\/\/www.faustyna.pl\/zmbm\/wp-json\/wp\/v2\/media?parent=32201"}],"wp:term":[{"taxonomy":"category","embeddable":true,"href":"https:\/\/www.faustyna.pl\/zmbm\/wp-json\/wp\/v2\/categories?post=32201"},{"taxonomy":"post_tag","embeddable":true,"href":"https:\/\/www.faustyna.pl\/zmbm\/wp-json\/wp\/v2\/tags?post=32201"}],"curies":[{"name":"wp","href":"https:\/\/api.w.org\/{rel}","templated":true}]}}