



{"id":32230,"date":"2026-04-17T17:27:04","date_gmt":"2026-04-17T15:27:04","guid":{"rendered":"https:\/\/www.faustyna.pl\/zmbm\/?page_id=32230"},"modified":"2026-04-26T19:22:04","modified_gmt":"2026-04-26T17:22:04","slug":"z-faustyna-w-codziennosci","status":"publish","type":"page","link":"https:\/\/www.faustyna.pl\/zmbm\/z-faustyna-w-codziennosci\/","title":{"rendered":"\u201eZ Faustyn\u0105 w codzienno\u015bci&#8221;"},"content":{"rendered":"<p><a href=\"https:\/\/www.faustyna.pl\/zmbm\/wp-content\/uploads\/2026\/04\/Matka-Milosierdzia-z-ludzmi_Al.png\" data-gallery><img loading=\"lazy\" decoding=\"async\" class=\"size-medium wp-image-32231 alignnone\" src=\"https:\/\/www.faustyna.pl\/zmbm\/wp-content\/uploads\/2026\/04\/Matka-Milosierdzia-z-ludzmi_Al-560x334.png\" alt=\"\" width=\"560\" height=\"334\" srcset=\"https:\/\/www.faustyna.pl\/zmbm\/wp-content\/uploads\/2026\/04\/Matka-Milosierdzia-z-ludzmi_Al-560x334.png 560w, https:\/\/www.faustyna.pl\/zmbm\/wp-content\/uploads\/2026\/04\/Matka-Milosierdzia-z-ludzmi_Al-140x83.png 140w, https:\/\/www.faustyna.pl\/zmbm\/wp-content\/uploads\/2026\/04\/Matka-Milosierdzia-z-ludzmi_Al.png 1024w\" sizes=\"auto, (max-width: 560px) 100vw, 560px\" \/><\/a><\/p>\n<p style=\"text-align: justify\">W tym cyklu w dniach 24-26 kwietnia br. w Sanktuarium Bo\u017cego Mi\u0142osierdzia w Krakowie-\u0141agiewnikach odb\u0119d\u0105 si\u0119 rekolekcje zatytu\u0142owane: \u201eMaryja, Matka Mi\u0142osierdzia i moja Matka\u201d. Motywem przewodnim b\u0119d\u0105 s\u0142owa Matki Bo\u017cej wypowiedziane do \u015bw. Faustyny: \u201eJestem nie\u00a0tylko\u00a0Kr\u00f3low\u0105 nieba, ale\u00a0i\u00a0Matk\u0105 Mi\u0142osierdzia i\u00a0Matk\u0105 twoj\u0105\u201d\u00a0(Dz.\u00a0330). Maryja jest T\u0105, kt\u00f3ra\u00a0jak nikt inny do\u015bwiadczy\u0142a Bo\u017cego mi\u0142osierdzia i\u00a0zosta\u0142a powo\u0142ana do\u00a0tego, a\u017ceby przybli\u017ca\u0107 swoim dzieciom t\u0119\u00a0mi\u0142osiern\u0105 mi\u0142o\u015b\u0107 Boga. Uczestnicy rekolekcji b\u0119d\u0105 mieli okazj\u0119 do\u00a0szczeg\u00f3lnego spotkaniem z\u00a0Matk\u0105 Mi\u0142osierdzia, kt\u00f3ra\u00a0kochaj\u0105c ka\u017cdego z\u00a0nas czu\u0142\u0105, matczyn\u0105 mi\u0142o\u015bci\u0105 pragnie, aby\u015bmy i\u00a0my\u00a0byli Jej kochaj\u0105cymi dzie\u0107mi. Rekolekcje poprowadz\u0105 ks.\u00a0Marek Gilski, mariolog z Uniwersytetu Papieskiego Jana Paw\u0142a II\u00a0w\u00a0Krakowie, oraz s. Maria Faustyna Ciborowska ISMM, biblistka,\u00a0\u00a0zaanga\u017cowana w\u00a0dzie\u0142o g\u0142oszenia or\u0119dzia mi\u0142osierdzia w\u00a0Sanktuarium Bo\u017cego Mi\u0142osierdzia w\u00a0Krakowie-\u0141agiewnikach. Wi\u0119cej informacji: <a href=\"http:\/\/www.faustinum.pl\">www.faustinum.pl<\/a><\/p>\n","protected":false},"excerpt":{"rendered":"<p>W tym cyklu w dniach 24-26 kwietnia br. w Sanktuarium Bo\u017cego Mi\u0142osierdzia w Krakowie-\u0141agiewnikach odb\u0119d\u0105 si\u0119 rekolekcje zatytu\u0142owane: \u201eMaryja, Matka Mi\u0142osierdzia i moja Matka\u201d. Motywem przewodnim b\u0119d\u0105 s\u0142owa Matki Bo\u017cej wypowiedziane do \u015bw. Faustyny: \u201eJestem nie\u00a0tylko\u00a0Kr\u00f3low\u0105 nieba, ale\u00a0i\u00a0Matk\u0105 Mi\u0142osierdzia i\u00a0Matk\u0105 twoj\u0105\u201d\u00a0(Dz.\u00a0330). Maryja jest T\u0105, kt\u00f3ra\u00a0jak nikt inny do\u015bwiadczy\u0142a Bo\u017cego mi\u0142osierdzia i\u00a0zosta\u0142a powo\u0142ana do\u00a0tego, a\u017ceby przybli\u017ca\u0107 [&hellip;]<\/p>\n","protected":false},"author":2,"featured_media":32231,"parent":0,"menu_order":-1587,"comment_status":"closed","ping_status":"closed","template":"","meta":{"footnotes":""},"categories":[104],"tags":[],"class_list":["post-32230","page","type-page","status-publish","has-post-thumbnail","hentry","category-archiwum"],"_links":{"self":[{"href":"https:\/\/www.faustyna.pl\/zmbm\/wp-json\/wp\/v2\/pages\/32230","targetHints":{"allow":["GET"]}}],"collection":[{"href":"https:\/\/www.faustyna.pl\/zmbm\/wp-json\/wp\/v2\/pages"}],"about":[{"href":"https:\/\/www.faustyna.pl\/zmbm\/wp-json\/wp\/v2\/types\/page"}],"author":[{"embeddable":true,"href":"https:\/\/www.faustyna.pl\/zmbm\/wp-json\/wp\/v2\/users\/2"}],"replies":[{"embeddable":true,"href":"https:\/\/www.faustyna.pl\/zmbm\/wp-json\/wp\/v2\/comments?post=32230"}],"version-history":[{"count":1,"href":"https:\/\/www.faustyna.pl\/zmbm\/wp-json\/wp\/v2\/pages\/32230\/revisions"}],"predecessor-version":[{"id":32232,"href":"https:\/\/www.faustyna.pl\/zmbm\/wp-json\/wp\/v2\/pages\/32230\/revisions\/32232"}],"wp:featuredmedia":[{"embeddable":true,"href":"https:\/\/www.faustyna.pl\/zmbm\/wp-json\/wp\/v2\/media\/32231"}],"wp:attachment":[{"href":"https:\/\/www.faustyna.pl\/zmbm\/wp-json\/wp\/v2\/media?parent=32230"}],"wp:term":[{"taxonomy":"category","embeddable":true,"href":"https:\/\/www.faustyna.pl\/zmbm\/wp-json\/wp\/v2\/categories?post=32230"},{"taxonomy":"post_tag","embeddable":true,"href":"https:\/\/www.faustyna.pl\/zmbm\/wp-json\/wp\/v2\/tags?post=32230"}],"curies":[{"name":"wp","href":"https:\/\/api.w.org\/{rel}","templated":true}]}}

„Z Faustyną w codzienności&#8221;

<p><a href="https://www.faustyna.pl/zmbm/wp-content/uploads/2026/04/Matka-Milosierdzia-z-ludzmi_Al.png" data-gallery><img loading="lazy" decoding="async" class="size-medium wp-image-32231 alignnone" src="https://www.faustyna.pl/zmbm/wp-content/uploads/2026/04/Matka-Milosierdzia-z-ludzmi_Al-560x334.png" alt="" width="560" height="334" srcset="https://www.faustyna.pl/zmbm/wp-content/uploads/2026/04/Matka-Milosierdzia-z-ludzmi_Al-560x334.png 560w, https://www.faustyna.pl/zmbm/wp-content/uploads/2026/04/Matka-Milosierdzia-z-ludzmi_Al-140x83.png 140w, https://www.faustyna.pl/zmbm/wp-content/uploads/2026/04/Matka-Milosierdzia-z-ludzmi_Al.png 1024w" sizes="auto, (max-width: 560px) 100vw, 560px" /></a></p>
<p style="text-align: justify">W tym cyklu w dniach 24-26 kwietnia br. w Sanktuarium Bożego Miłosierdzia w Krakowie-Łagiewnikach odbędą się rekolekcje zatytułowane: „Maryja, Matka Miłosierdzia i moja Matka”. Motywem przewodnim będą słowa Matki Bożej wypowiedziane do św. Faustyny: „Jestem nie tylko Królową nieba, ale i Matką Miłosierdzia i Matką twoją” (Dz. 330). Maryja jest Tą, która jak nikt inny doświadczyła Bożego miłosierdzia i została powołana do tego, ażeby przybliżać swoim dzieciom tę miłosierną miłość Boga. Uczestnicy rekolekcji będą mieli okazję do szczególnego spotkaniem z Matką Miłosierdzia, która kochając każdego z nas czułą, matczyną miłością pragnie, abyśmy i my byli Jej kochającymi dziećmi. Rekolekcje poprowadzą ks. Marek Gilski, mariolog z Uniwersytetu Papieskiego Jana Pawła II w Krakowie, oraz s. Maria Faustyna Ciborowska ISMM, biblistka,  zaangażowana w dzieło głoszenia orędzia miłosierdzia w Sanktuarium Bożego Miłosierdzia w Krakowie-Łagiewnikach. Więcej informacji: <a href="http://www.faustinum.pl">www.faustinum.pl</a></p>

<p>W tym cyklu w dniach 24-26 kwietnia br. w Sanktuarium Bożego Miłosierdzia w Krakowie-Łagiewnikach odbędą się rekolekcje zatytułowane: „Maryja, Matka Miłosierdzia i moja Matka”. Motywem przewodnim będą słowa Matki Bożej wypowiedziane do św. Faustyny: „Jestem nie tylko Królową nieba, ale i Matką Miłosierdzia i Matką twoją” (Dz. 330). Maryja jest Tą, która jak nikt inny doświadczyła Bożego miłosierdzia i została powołana do tego, ażeby przybliżać [&hellip;]</p>
