



{"id":32239,"date":"2026-04-18T15:43:30","date_gmt":"2026-04-18T13:43:30","guid":{"rendered":"https:\/\/www.faustyna.pl\/zmbm\/?page_id=32239"},"modified":"2026-04-19T20:12:10","modified_gmt":"2026-04-19T18:12:10","slug":"slowo-boze-i-dzienniczek-iii-niedziela-wielkanocna","status":"publish","type":"page","link":"https:\/\/www.faustyna.pl\/zmbm\/slowo-boze-i-dzienniczek-iii-niedziela-wielkanocna\/","title":{"rendered":"S\u0142owo Bo\u017ce i \u201eDzienniczek\u201d \u2013 III niedziela wielkanocna"},"content":{"rendered":"<p><a href=\"https:\/\/www.faustyna.pl\/zmbm\/wp-content\/uploads\/2026\/04\/Uczniowe_w_drodze_do_Emaus_Al.png\" data-gallery><img loading=\"lazy\" decoding=\"async\" class=\"size-medium wp-image-32240 alignnone\" src=\"https:\/\/www.faustyna.pl\/zmbm\/wp-content\/uploads\/2026\/04\/Uczniowe_w_drodze_do_Emaus_Al-560x334.png\" alt=\"\" width=\"560\" height=\"334\" srcset=\"https:\/\/www.faustyna.pl\/zmbm\/wp-content\/uploads\/2026\/04\/Uczniowe_w_drodze_do_Emaus_Al-560x334.png 560w, https:\/\/www.faustyna.pl\/zmbm\/wp-content\/uploads\/2026\/04\/Uczniowe_w_drodze_do_Emaus_Al-140x83.png 140w, https:\/\/www.faustyna.pl\/zmbm\/wp-content\/uploads\/2026\/04\/Uczniowe_w_drodze_do_Emaus_Al.png 1024w\" sizes=\"auto, (max-width: 560px) 100vw, 560px\" \/><\/a><\/p>\n<p style=\"text-align: justify\"><em>Tego samego dnia dw\u00f3ch z nich sz\u0142o do wsi zwanej Emaus, oddalonej sze\u015b\u0107dziesi\u0105t stadi\u00f3w od Jeruzalem. Rozmawiali ze sob\u0105 o tym wszystkim, co si\u0119 wydarzy\u0142o. Gdy tak rozmawiali i zastanawiali si\u0119, sam Jezus przybli\u017cy\u0142 si\u0119 do nich i szed\u0142 z nimi. Lecz ich oczy by\u0142y jakby przy\u0107mione i nie mogli Go rozpozna\u0107. Odezwa\u0142 si\u0119 do nich: \u201eC\u00f3\u017c to za rozmowy prowadzicie ze sob\u0105 w drodze?&#8221; Przystan\u0119li smutni. Jeden z nich, kt\u00f3remu na imi\u0119 by\u0142o Kleofas, podj\u0105\u0142 rozmow\u0119: \u201eJeste\u015b chyba jedynym z przebywaj\u0105cych w Jeruzalem, kt\u00f3ry nie dowiedzia\u0142 si\u0119 o tym, co si\u0119 tam w tych dniach sta\u0142o?\u201d. Zapyta\u0142 ich: \u201eO czym?\u201d. Wtedy Mu powiedzieli: \u201eO Jezusie z Nazaretu, proroku pot\u0119\u017cnym w czynie i s\u0142owie przed Bogiem i wobec ca\u0142ego ludu. Wy\u017csi kap\u0142ani i nasi przyw\u00f3dcy wydali na Niego wyrok \u015bmierci i ukrzy\u017cowali Go. A my mieli\u015bmy nadziej\u0119, \u017ce to On wyzwoli Izraela. Tymczasem up\u0142ywa ju\u017c trzeci dzie\u0144 od tego wydarzenia.\u00a0 Co wi\u0119cej, niekt\u00f3re z naszych kobiet wprawi\u0142y nas w zdumienie. Gdy wczesnym rankiem posz\u0142y do grobu, nie znalaz\u0142y Jego cia\u0142a. Wr\u00f3ci\u0142y, m\u00f3wi\u0105c, \u017ce widzia\u0142y anio\u0142\u00f3w, kt\u00f3rzy zapewnili, \u017ce On \u017cyje. Niekt\u00f3rzy spo\u015br\u00f3d nas poszli do grobu i zastali wszystko tak, jak powiedzia\u0142y kobiety, ale Jego nie widzieli\u201d. Wtedy On im powiedzia\u0142: \u201eO nierozumni i leniwi w sercu! Nie wierzycie w to wszystko, co powiedzieli prorocy! Czy\u017c Chrystus nie musia\u0142 tego cierpie\u0107 i wej\u015b\u0107 do swej chwa\u0142y?\u201d. I zaczynaj\u0105c od Moj\u017cesza, przez wszystkich prorok\u00f3w, wyja\u015bnia\u0142 im, co odnosi\u0142o si\u0119 do Niego we wszystkich pismach. I zbli\u017cyli si\u0119 do wsi, do kt\u00f3rej zd\u0105\u017cali, a On sprawia\u0142 wra\u017cenie, \u017ce idzie dalej. Lecz oni nalegali: \u201eZosta\u0144 z nami, gdy\u017c zbli\u017ca si\u0119 wiecz\u00f3r i dzie\u0144 dobiega ko\u0144ca\u201d. Wszed\u0142 wi\u0119c, aby pozosta\u0107 z nimi. Gdy zasiedli do sto\u0142u, On wzi\u0105\u0142 chleb, odm\u00f3wi\u0142 modlitw\u0119 uwielbienia, po\u0142ama\u0142 i dawa\u0142 im. Wtedy otworzy\u0142y si\u0119 im oczy i rozpoznali Go. Lecz On sta\u0142 si\u0119 dla nich niewidzialny. I m\u00f3wili do siebie: \u201eCzy\u017c serce nie rozpala\u0142o si\u0119 w nas, gdy rozmawia\u0142 z nami w drodze i wyja\u015bnia\u0142 nam Pisma?\u201d. W tej same chwili wybrali si\u0119 i wr\u00f3cili do Jezuzalem. Tam znale\u017ali zgromadzonych Jedenastu i innych z nimi, kt\u00f3rzy m\u00f3wili: \u201ePan prawdziwie zmartwychwsta\u0142 i ukaza\u0142 si\u0119 Szymonowi. Tak\u017ce oni opowiadali o tym, co im si\u0119 przydarzy\u0142o w drodze i jak da\u0142 si\u0119 im pozna\u0107 przy \u0142amaniu chleba <\/em>\u00a0\u00a0(\u0141k 24, 13-35).<\/p>\n<h3 style=\"text-align: center\"><span style=\"color: #800000\"><strong>Z \u201eDzienniczka\u201d \u015bw. Faustyny<\/strong><\/span><\/h3>\n<p style=\"text-align: justify\">Kiedy po Mszy \u015bwi\u0119tej wysz\u0142am do ogrodu, aby sobie odprawi\u0107 rozmy\u015blanie, poniewa\u017c o tej porze jeszcze pacjent\u00f3w nie by\u0142o w ogrodzie, wi\u0119c by\u0142am swobodna; kiedy rozmy\u015bla\u0142am o dobrodziejstwach Bo\u017cych, serce moje rozpala\u0142o si\u0119 tak siln\u0105 mi\u0142o\u015bci\u0105, \u017ce zdawa\u0142o mi si\u0119, \u017ce pier\u015b mi rozsadzi. \u2013 Wtem stan\u0105\u0142 przede mn\u0105 Jezus i rzek\u0142: <strong><em>Co ty tu robisz tak wcze\u015bnie?<\/em><\/strong> \u2013 Odpowiedzia\u0142am: Rozmy\u015blam o Tobie, o Twoim mi\u0142osierdziu i dobroci ku nam. A Ty, Jezu, co tu robisz? \u2013 <strong><em>Wyszed\u0142em na twoje spotkanie, aby ci\u0119 obsypa\u0107 nowymi \u0142askami. Szukam dusz, kt\u00f3re by \u0142ask\u0119 Moj\u0105 przyj\u0105\u0107 chcia\u0142y <\/em><\/strong>(Dz. 1705)<em>.<\/em><\/p>\n","protected":false},"excerpt":{"rendered":"<p>Tego samego dnia dw\u00f3ch z nich sz\u0142o do wsi zwanej Emaus, oddalonej sze\u015b\u0107dziesi\u0105t stadi\u00f3w od Jeruzalem. Rozmawiali ze sob\u0105 o tym wszystkim, co si\u0119 wydarzy\u0142o. Gdy tak rozmawiali i zastanawiali si\u0119, sam Jezus przybli\u017cy\u0142 si\u0119 do nich i szed\u0142 z nimi. Lecz ich oczy by\u0142y jakby przy\u0107mione i nie mogli Go rozpozna\u0107. Odezwa\u0142 si\u0119 do [&hellip;]<\/p>\n","protected":false},"author":2,"featured_media":32240,"parent":0,"menu_order":-1583,"comment_status":"closed","ping_status":"closed","template":"","meta":{"footnotes":""},"categories":[104],"tags":[],"class_list":["post-32239","page","type-page","status-publish","has-post-thumbnail","hentry","category-archiwum"],"_links":{"self":[{"href":"https:\/\/www.faustyna.pl\/zmbm\/wp-json\/wp\/v2\/pages\/32239","targetHints":{"allow":["GET"]}}],"collection":[{"href":"https:\/\/www.faustyna.pl\/zmbm\/wp-json\/wp\/v2\/pages"}],"about":[{"href":"https:\/\/www.faustyna.pl\/zmbm\/wp-json\/wp\/v2\/types\/page"}],"author":[{"embeddable":true,"href":"https:\/\/www.faustyna.pl\/zmbm\/wp-json\/wp\/v2\/users\/2"}],"replies":[{"embeddable":true,"href":"https:\/\/www.faustyna.pl\/zmbm\/wp-json\/wp\/v2\/comments?post=32239"}],"version-history":[{"count":1,"href":"https:\/\/www.faustyna.pl\/zmbm\/wp-json\/wp\/v2\/pages\/32239\/revisions"}],"predecessor-version":[{"id":32241,"href":"https:\/\/www.faustyna.pl\/zmbm\/wp-json\/wp\/v2\/pages\/32239\/revisions\/32241"}],"wp:featuredmedia":[{"embeddable":true,"href":"https:\/\/www.faustyna.pl\/zmbm\/wp-json\/wp\/v2\/media\/32240"}],"wp:attachment":[{"href":"https:\/\/www.faustyna.pl\/zmbm\/wp-json\/wp\/v2\/media?parent=32239"}],"wp:term":[{"taxonomy":"category","embeddable":true,"href":"https:\/\/www.faustyna.pl\/zmbm\/wp-json\/wp\/v2\/categories?post=32239"},{"taxonomy":"post_tag","embeddable":true,"href":"https:\/\/www.faustyna.pl\/zmbm\/wp-json\/wp\/v2\/tags?post=32239"}],"curies":[{"name":"wp","href":"https:\/\/api.w.org\/{rel}","templated":true}]}}

Słowo Boże i „Dzienniczek” – III niedziela wielkanocna

<p><a href="https://www.faustyna.pl/zmbm/wp-content/uploads/2026/04/Uczniowe_w_drodze_do_Emaus_Al.png" data-gallery><img loading="lazy" decoding="async" class="size-medium wp-image-32240 alignnone" src="https://www.faustyna.pl/zmbm/wp-content/uploads/2026/04/Uczniowe_w_drodze_do_Emaus_Al-560x334.png" alt="" width="560" height="334" srcset="https://www.faustyna.pl/zmbm/wp-content/uploads/2026/04/Uczniowe_w_drodze_do_Emaus_Al-560x334.png 560w, https://www.faustyna.pl/zmbm/wp-content/uploads/2026/04/Uczniowe_w_drodze_do_Emaus_Al-140x83.png 140w, https://www.faustyna.pl/zmbm/wp-content/uploads/2026/04/Uczniowe_w_drodze_do_Emaus_Al.png 1024w" sizes="auto, (max-width: 560px) 100vw, 560px" /></a></p>
<p style="text-align: justify"><em>Tego samego dnia dwóch z nich szło do wsi zwanej Emaus, oddalonej sześćdziesiąt stadiów od Jeruzalem. Rozmawiali ze sobą o tym wszystkim, co się wydarzyło. Gdy tak rozmawiali i zastanawiali się, sam Jezus przybliżył się do nich i szedł z nimi. Lecz ich oczy były jakby przyćmione i nie mogli Go rozpoznać. Odezwał się do nich: „Cóż to za rozmowy prowadzicie ze sobą w drodze?&#8221; Przystanęli smutni. Jeden z nich, któremu na imię było Kleofas, podjął rozmowę: „Jesteś chyba jedynym z przebywających w Jeruzalem, który nie dowiedział się o tym, co się tam w tych dniach stało?”. Zapytał ich: „O czym?”. Wtedy Mu powiedzieli: „O Jezusie z Nazaretu, proroku potężnym w czynie i słowie przed Bogiem i wobec całego ludu. Wyżsi kapłani i nasi przywódcy wydali na Niego wyrok śmierci i ukrzyżowali Go. A my mieliśmy nadzieję, że to On wyzwoli Izraela. Tymczasem upływa już trzeci dzień od tego wydarzenia.  Co więcej, niektóre z naszych kobiet wprawiły nas w zdumienie. Gdy wczesnym rankiem poszły do grobu, nie znalazły Jego ciała. Wróciły, mówiąc, że widziały aniołów, którzy zapewnili, że On żyje. Niektórzy spośród nas poszli do grobu i zastali wszystko tak, jak powiedziały kobiety, ale Jego nie widzieli”. Wtedy On im powiedział: „O nierozumni i leniwi w sercu! Nie wierzycie w to wszystko, co powiedzieli prorocy! Czyż Chrystus nie musiał tego cierpieć i wejść do swej chwały?”. I zaczynając od Mojżesza, przez wszystkich proroków, wyjaśniał im, co odnosiło się do Niego we wszystkich pismach. I zbliżyli się do wsi, do której zdążali, a On sprawiał wrażenie, że idzie dalej. Lecz oni nalegali: „Zostań z nami, gdyż zbliża się wieczór i dzień dobiega końca”. Wszedł więc, aby pozostać z nimi. Gdy zasiedli do stołu, On wziął chleb, odmówił modlitwę uwielbienia, połamał i dawał im. Wtedy otworzyły się im oczy i rozpoznali Go. Lecz On stał się dla nich niewidzialny. I mówili do siebie: „Czyż serce nie rozpalało się w nas, gdy rozmawiał z nami w drodze i wyjaśniał nam Pisma?”. W tej same chwili wybrali się i wrócili do Jezuzalem. Tam znaleźli zgromadzonych Jedenastu i innych z nimi, którzy mówili: „Pan prawdziwie zmartwychwstał i ukazał się Szymonowi. Także oni opowiadali o tym, co im się przydarzyło w drodze i jak dał się im poznać przy łamaniu chleba </em>  (Łk 24, 13-35).</p>
<h3 style="text-align: center"><span style="color: #800000"><strong>Z „Dzienniczka” św. Faustyny</strong></span></h3>
<p style="text-align: justify">Kiedy po Mszy świętej wyszłam do ogrodu, aby sobie odprawić rozmyślanie, ponieważ o tej porze jeszcze pacjentów nie było w ogrodzie, więc byłam swobodna; kiedy rozmyślałam o dobrodziejstwach Bożych, serce moje rozpalało się tak silną miłością, że zdawało mi się, że pierś mi rozsadzi. – Wtem stanął przede mną Jezus i rzekł: <strong><em>Co ty tu robisz tak wcześnie?</em></strong> – Odpowiedziałam: Rozmyślam o Tobie, o Twoim miłosierdziu i dobroci ku nam. A Ty, Jezu, co tu robisz? – <strong><em>Wyszedłem na twoje spotkanie, aby cię obsypać nowymi łaskami. Szukam dusz, które by łaskę Moją przyjąć chciały </em></strong>(Dz. 1705)<em>.</em></p>

<p>Tego samego dnia dwóch z nich szło do wsi zwanej Emaus, oddalonej sześćdziesiąt stadiów od Jeruzalem. Rozmawiali ze sobą o tym wszystkim, co się wydarzyło. Gdy tak rozmawiali i zastanawiali się, sam Jezus przybliżył się do nich i szedł z nimi. Lecz ich oczy były jakby przyćmione i nie mogli Go rozpoznać. Odezwał się do [&hellip;]</p>
