



{"id":32419,"date":"2026-05-08T10:51:30","date_gmt":"2026-05-08T08:51:30","guid":{"rendered":"https:\/\/www.faustyna.pl\/zmbm\/?page_id=32419"},"modified":"2026-05-08T10:51:30","modified_gmt":"2026-05-08T08:51:30","slug":"rekolekcje-powolaniowe-dla-dziewczat-zapisy","status":"publish","type":"page","link":"https:\/\/www.faustyna.pl\/zmbm\/rekolekcje-powolaniowe-dla-dziewczat-zapisy\/","title":{"rendered":"Rekolekcje powo\u0142aniowe  dla dziewcz\u0105t \u2013 zapisy"},"content":{"rendered":"<p style=\"text-align: justify;line-height: 150%;background: white\"><a href=\"https:\/\/www.faustyna.pl\/zmbm\/wp-content\/uploads\/2026\/05\/Rekolekcje-dla-dziewczat_Dobry-pasterz_Al.png\" data-gallery><img loading=\"lazy\" decoding=\"async\" class=\"size-medium wp-image-32414 alignnone\" src=\"https:\/\/www.faustyna.pl\/zmbm\/wp-content\/uploads\/2026\/05\/Rekolekcje-dla-dziewczat_Dobry-pasterz_Al-560x334.png\" alt=\"\" width=\"560\" height=\"334\" srcset=\"https:\/\/www.faustyna.pl\/zmbm\/wp-content\/uploads\/2026\/05\/Rekolekcje-dla-dziewczat_Dobry-pasterz_Al-560x334.png 560w, https:\/\/www.faustyna.pl\/zmbm\/wp-content\/uploads\/2026\/05\/Rekolekcje-dla-dziewczat_Dobry-pasterz_Al-140x83.png 140w, https:\/\/www.faustyna.pl\/zmbm\/wp-content\/uploads\/2026\/05\/Rekolekcje-dla-dziewczat_Dobry-pasterz_Al.png 1024w\" sizes=\"auto, (max-width: 560px) 100vw, 560px\" \/><\/a><\/p>\n<p style=\"text-align: justify;line-height: 150%;background: white\"><span style=\"color: #222222\">\u201eJa jestem dobrym pasterzem. Dobry pasterz daje \u017cycie swoje za owce\u201d (J 10,11) \u2013 to motto do rekolekcji dla dziewcz\u0105t i kobiet w wieku od 16 do 35 lat, kt\u00f3re odb\u0119d\u0105 si\u0119 w Sanktuarium Bo\u017cego Mi\u0142osierdzia w Krakowie-\u0141agiewnikach w dniach 3-5 lipca br. B\u0119dzie to czas zatrzymania, modlitwy i s\u0142uchania Boga po\u015br\u00f3d codziennych pyta\u0144, l\u0119k\u00f3w i pragnie\u0144. Czas, by pozwoli\u0107 Dobremu Pasterzowi poprowadzi\u0107 si\u0119 g\u0142\u0119biej \u2014 do prawdy o sobie i o swoim powo\u0142aniu. Rekolekcje poprowadz\u0105: \u00a0ks. Patryk Chmielewski SDB i \u00a0s. Anna Maria Trzci\u0144ska ISMM. <\/span><\/p>\n<p style=\"text-align: justify;line-height: 150%;background: white\"><span style=\"color: #222222\">Serdecznie zapraszamy. <a href=\"https:\/\/www.faustyna.pl\/zmbm\/formularz-zgloszenia-na-rekolekcje-i-dni-skupienia\/\">Link do zapis\u00f3w\u00a0<\/a><\/span><\/p>\n","protected":false},"excerpt":{"rendered":"<p>\u201eJa jestem dobrym pasterzem. Dobry pasterz daje \u017cycie swoje za owce\u201d (J 10,11) \u2013 to motto do rekolekcji dla dziewcz\u0105t i kobiet w wieku od 16 do 35 lat, kt\u00f3re odb\u0119d\u0105 si\u0119 w Sanktuarium Bo\u017cego Mi\u0142osierdzia w Krakowie-\u0141agiewnikach w dniach 3-5 lipca br. B\u0119dzie to czas zatrzymania, modlitwy i s\u0142uchania Boga po\u015br\u00f3d codziennych pyta\u0144, l\u0119k\u00f3w [&hellip;]<\/p>\n","protected":false},"author":2,"featured_media":32414,"parent":0,"menu_order":-1768,"comment_status":"closed","ping_status":"closed","template":"","meta":{"footnotes":""},"categories":[4],"tags":[],"class_list":["post-32419","page","type-page","status-publish","has-post-thumbnail","hentry","category-aktualnosci"],"_links":{"self":[{"href":"https:\/\/www.faustyna.pl\/zmbm\/wp-json\/wp\/v2\/pages\/32419","targetHints":{"allow":["GET"]}}],"collection":[{"href":"https:\/\/www.faustyna.pl\/zmbm\/wp-json\/wp\/v2\/pages"}],"about":[{"href":"https:\/\/www.faustyna.pl\/zmbm\/wp-json\/wp\/v2\/types\/page"}],"author":[{"embeddable":true,"href":"https:\/\/www.faustyna.pl\/zmbm\/wp-json\/wp\/v2\/users\/2"}],"replies":[{"embeddable":true,"href":"https:\/\/www.faustyna.pl\/zmbm\/wp-json\/wp\/v2\/comments?post=32419"}],"version-history":[{"count":1,"href":"https:\/\/www.faustyna.pl\/zmbm\/wp-json\/wp\/v2\/pages\/32419\/revisions"}],"predecessor-version":[{"id":32421,"href":"https:\/\/www.faustyna.pl\/zmbm\/wp-json\/wp\/v2\/pages\/32419\/revisions\/32421"}],"wp:featuredmedia":[{"embeddable":true,"href":"https:\/\/www.faustyna.pl\/zmbm\/wp-json\/wp\/v2\/media\/32414"}],"wp:attachment":[{"href":"https:\/\/www.faustyna.pl\/zmbm\/wp-json\/wp\/v2\/media?parent=32419"}],"wp:term":[{"taxonomy":"category","embeddable":true,"href":"https:\/\/www.faustyna.pl\/zmbm\/wp-json\/wp\/v2\/categories?post=32419"},{"taxonomy":"post_tag","embeddable":true,"href":"https:\/\/www.faustyna.pl\/zmbm\/wp-json\/wp\/v2\/tags?post=32419"}],"curies":[{"name":"wp","href":"https:\/\/api.w.org\/{rel}","templated":true}]}}