



{"id":32629,"date":"2026-05-12T08:11:09","date_gmt":"2026-05-12T06:11:09","guid":{"rendered":"https:\/\/www.faustyna.pl\/zmbm\/?page_id=32629"},"modified":"2026-05-12T09:10:10","modified_gmt":"2026-05-12T07:10:10","slug":"msza-sw-za-ofiarodawcow-transmisji-z-lagiewnik","status":"publish","type":"page","link":"https:\/\/www.faustyna.pl\/zmbm\/msza-sw-za-ofiarodawcow-transmisji-z-lagiewnik\/","title":{"rendered":"Msza \u015bw. za  Ofiarodawc\u00f3w transmisji z \u0141agiewnik"},"content":{"rendered":"<p style=\"text-align: justify\"><a href=\"https:\/\/www.faustyna.pl\/zmbm\/wp-content\/uploads\/2026\/05\/On-line_sanktuarium_Lagiewniki_ISMM.jpg\" data-gallery><img loading=\"lazy\" decoding=\"async\" class=\"size-medium wp-image-32630 alignnone\" src=\"https:\/\/www.faustyna.pl\/zmbm\/wp-content\/uploads\/2026\/05\/On-line_sanktuarium_Lagiewniki_ISMM-560x334.jpg\" alt=\"\" width=\"560\" height=\"334\" srcset=\"https:\/\/www.faustyna.pl\/zmbm\/wp-content\/uploads\/2026\/05\/On-line_sanktuarium_Lagiewniki_ISMM-560x334.jpg 560w, https:\/\/www.faustyna.pl\/zmbm\/wp-content\/uploads\/2026\/05\/On-line_sanktuarium_Lagiewniki_ISMM-140x83.jpg 140w, https:\/\/www.faustyna.pl\/zmbm\/wp-content\/uploads\/2026\/05\/On-line_sanktuarium_Lagiewniki_ISMM.jpg 1024w\" sizes=\"auto, (max-width: 560px) 100vw, 560px\" \/><\/a><\/p>\n<p style=\"text-align: justify\">Zgromadzenie Si\u00f3str Matki Bo\u017cej Mi\u0142osierdzia serdecznie dzi\u0119kuje wszystkim Ofiarodawcom, kt\u00f3rzy wspieraj\u0105 transmisj\u0119 on-line z Sanktuarium Bo\u017cego Mi\u0142osierdzia w Krakowie-\u0141agiewnikach, odbieran\u0105 na stronie: <a href=\"https:\/\/www.faustyna.pl\/zmbm\/transmisja-on-line\/\">www.faustyna.pl.<\/a> na You Tube oraz w aplikacjach mobilnych: Faustyna.pl na android i iOS. Dzi\u0119ki tej transmisji przez 24 godziny na dob\u0119 ludzie mog\u0105 wirtualnie pielgrzymowa\u0107 do \u0142agiewnickiego Sanktuarium, by uczestniczy\u0107 w Liturgii i modli\u0107 si\u0119 w swoich intencjach.<\/p>\n<p style=\"text-align: justify\">Za wszystkich Ofiarodawc\u00f3w i Dobroczy\u0144c\u00f3w tego dzie\u0142a 20 maja br. o godzinie 17.00 w kaplicy cudownego obrazu Jezusa Mi\u0142osiernego i grobu \u015bw. Faustyny sprawowana b\u0119dzie Eucharystia. Wszystkich polecamy Mi\u0142osierdziu Bo\u017cemu w codziennej modlitwie w tym \u015bwi\u0119tym miejscu.<\/p>\n","protected":false},"excerpt":{"rendered":"<p>Zgromadzenie Si\u00f3str Matki Bo\u017cej Mi\u0142osierdzia serdecznie dzi\u0119kuje wszystkim Ofiarodawcom, kt\u00f3rzy wspieraj\u0105 transmisj\u0119 on-line z Sanktuarium Bo\u017cego Mi\u0142osierdzia w Krakowie-\u0141agiewnikach, odbieran\u0105 na stronie: www.faustyna.pl. na You Tube oraz w aplikacjach mobilnych: Faustyna.pl na android i iOS. Dzi\u0119ki tej transmisji przez 24 godziny na dob\u0119 ludzie mog\u0105 wirtualnie pielgrzymowa\u0107 do \u0142agiewnickiego Sanktuarium, by uczestniczy\u0107 w Liturgii i [&hellip;]<\/p>\n","protected":false},"author":2,"featured_media":32630,"parent":0,"menu_order":-1790,"comment_status":"closed","ping_status":"closed","template":"","meta":{"footnotes":""},"categories":[4],"tags":[],"class_list":["post-32629","page","type-page","status-publish","has-post-thumbnail","hentry","category-aktualnosci"],"_links":{"self":[{"href":"https:\/\/www.faustyna.pl\/zmbm\/wp-json\/wp\/v2\/pages\/32629","targetHints":{"allow":["GET"]}}],"collection":[{"href":"https:\/\/www.faustyna.pl\/zmbm\/wp-json\/wp\/v2\/pages"}],"about":[{"href":"https:\/\/www.faustyna.pl\/zmbm\/wp-json\/wp\/v2\/types\/page"}],"author":[{"embeddable":true,"href":"https:\/\/www.faustyna.pl\/zmbm\/wp-json\/wp\/v2\/users\/2"}],"replies":[{"embeddable":true,"href":"https:\/\/www.faustyna.pl\/zmbm\/wp-json\/wp\/v2\/comments?post=32629"}],"version-history":[{"count":2,"href":"https:\/\/www.faustyna.pl\/zmbm\/wp-json\/wp\/v2\/pages\/32629\/revisions"}],"predecessor-version":[{"id":32638,"href":"https:\/\/www.faustyna.pl\/zmbm\/wp-json\/wp\/v2\/pages\/32629\/revisions\/32638"}],"wp:featuredmedia":[{"embeddable":true,"href":"https:\/\/www.faustyna.pl\/zmbm\/wp-json\/wp\/v2\/media\/32630"}],"wp:attachment":[{"href":"https:\/\/www.faustyna.pl\/zmbm\/wp-json\/wp\/v2\/media?parent=32629"}],"wp:term":[{"taxonomy":"category","embeddable":true,"href":"https:\/\/www.faustyna.pl\/zmbm\/wp-json\/wp\/v2\/categories?post=32629"},{"taxonomy":"post_tag","embeddable":true,"href":"https:\/\/www.faustyna.pl\/zmbm\/wp-json\/wp\/v2\/tags?post=32629"}],"curies":[{"name":"wp","href":"https:\/\/api.w.org\/{rel}","templated":true}]}}