



{"id":32635,"date":"2026-05-12T08:14:25","date_gmt":"2026-05-12T06:14:25","guid":{"rendered":"https:\/\/www.faustyna.pl\/zmbm\/?page_id=32635"},"modified":"2026-05-12T08:14:25","modified_gmt":"2026-05-12T06:14:25","slug":"wigilia-zeslania-ducha-swietego-w-lagiewnikach","status":"publish","type":"page","link":"https:\/\/www.faustyna.pl\/zmbm\/wigilia-zeslania-ducha-swietego-w-lagiewnikach\/","title":{"rendered":"Wigilia Zes\u0142ania Ducha \u015awi\u0119tego w \u0141agiewnikach"},"content":{"rendered":"<p><a href=\"https:\/\/www.faustyna.pl\/zmbm\/wp-content\/uploads\/2026\/05\/Przed_Zeslaniem_Ducha_Swietego.jpg\" data-gallery><img loading=\"lazy\" decoding=\"async\" class=\"size-medium wp-image-32636 alignnone\" src=\"https:\/\/www.faustyna.pl\/zmbm\/wp-content\/uploads\/2026\/05\/Przed_Zeslaniem_Ducha_Swietego-560x333.jpg\" alt=\"\" width=\"560\" height=\"333\" srcset=\"https:\/\/www.faustyna.pl\/zmbm\/wp-content\/uploads\/2026\/05\/Przed_Zeslaniem_Ducha_Swietego-560x333.jpg 560w, https:\/\/www.faustyna.pl\/zmbm\/wp-content\/uploads\/2026\/05\/Przed_Zeslaniem_Ducha_Swietego-140x83.jpg 140w, https:\/\/www.faustyna.pl\/zmbm\/wp-content\/uploads\/2026\/05\/Przed_Zeslaniem_Ducha_Swietego.jpg 1024w\" sizes=\"auto, (max-width: 560px) 100vw, 560px\" \/><\/a><\/p>\n<p style=\"text-align: justify\">W sobot\u0119, 23 maja br., w Sanktuarium Bo\u017cego Mi\u0142osierdzia w Krakowie-\u0141agiewnikach odb\u0119dzie si\u0119 modlitewne czuwanie przed uroczysto\u015bci\u0105 Zes\u0142ania Ducha \u015awi\u0119tego. W kaplicy z \u0142askami s\u0142yn\u0105cym obrazem Jezusa Mi\u0142osiernego i grobem \u015bw. Faustyny\u00a0 czuwanie rozpocznie si\u0119 o godzinie 21.15 konferencj\u0105 s. Marii Faustyny Ciborowskiej z krakowskiej wsp\u00f3lnoty Matki Bo\u017cej Mi\u0142osierdzia pod tytu\u0142em: \u201eMa\u0142o znany, ma\u0142o kochany\u201d. Po niej \u2013 uwielbienie, modlitwa o uzdrowienie i wylanie Ducha \u015awi\u0119tego, a o 24.00 \u2013 Eucharystia. Prze\u017cyjmy razem wigili\u0119 Zes\u0142ania Ducha \u015awi\u0119tego w \u0141agiewnikach lub przez transmisje on-line i pozw\u00f3lmy, aby Duch \u015awi\u0119ty przemienia\u0142 i kszta\u0142towa\u0142 nasze serca.<\/p>\n","protected":false},"excerpt":{"rendered":"<p>W sobot\u0119, 23 maja br., w Sanktuarium Bo\u017cego Mi\u0142osierdzia w Krakowie-\u0141agiewnikach odb\u0119dzie si\u0119 modlitewne czuwanie przed uroczysto\u015bci\u0105 Zes\u0142ania Ducha \u015awi\u0119tego. W kaplicy z \u0142askami s\u0142yn\u0105cym obrazem Jezusa Mi\u0142osiernego i grobem \u015bw. Faustyny\u00a0 czuwanie rozpocznie si\u0119 o godzinie 21.15 konferencj\u0105 s. Marii Faustyny Ciborowskiej z krakowskiej wsp\u00f3lnoty Matki Bo\u017cej Mi\u0142osierdzia pod tytu\u0142em: \u201eMa\u0142o znany, ma\u0142o kochany\u201d. [&hellip;]<\/p>\n","protected":false},"author":2,"featured_media":32636,"parent":0,"menu_order":-1784,"comment_status":"closed","ping_status":"closed","template":"","meta":{"footnotes":""},"categories":[4],"tags":[],"class_list":["post-32635","page","type-page","status-publish","has-post-thumbnail","hentry","category-aktualnosci"],"_links":{"self":[{"href":"https:\/\/www.faustyna.pl\/zmbm\/wp-json\/wp\/v2\/pages\/32635","targetHints":{"allow":["GET"]}}],"collection":[{"href":"https:\/\/www.faustyna.pl\/zmbm\/wp-json\/wp\/v2\/pages"}],"about":[{"href":"https:\/\/www.faustyna.pl\/zmbm\/wp-json\/wp\/v2\/types\/page"}],"author":[{"embeddable":true,"href":"https:\/\/www.faustyna.pl\/zmbm\/wp-json\/wp\/v2\/users\/2"}],"replies":[{"embeddable":true,"href":"https:\/\/www.faustyna.pl\/zmbm\/wp-json\/wp\/v2\/comments?post=32635"}],"version-history":[{"count":1,"href":"https:\/\/www.faustyna.pl\/zmbm\/wp-json\/wp\/v2\/pages\/32635\/revisions"}],"predecessor-version":[{"id":32637,"href":"https:\/\/www.faustyna.pl\/zmbm\/wp-json\/wp\/v2\/pages\/32635\/revisions\/32637"}],"wp:featuredmedia":[{"embeddable":true,"href":"https:\/\/www.faustyna.pl\/zmbm\/wp-json\/wp\/v2\/media\/32636"}],"wp:attachment":[{"href":"https:\/\/www.faustyna.pl\/zmbm\/wp-json\/wp\/v2\/media?parent=32635"}],"wp:term":[{"taxonomy":"category","embeddable":true,"href":"https:\/\/www.faustyna.pl\/zmbm\/wp-json\/wp\/v2\/categories?post=32635"},{"taxonomy":"post_tag","embeddable":true,"href":"https:\/\/www.faustyna.pl\/zmbm\/wp-json\/wp\/v2\/tags?post=32635"}],"curies":[{"name":"wp","href":"https:\/\/api.w.org\/{rel}","templated":true}]}}