



{"id":32663,"date":"2026-05-14T11:39:49","date_gmt":"2026-05-14T09:39:49","guid":{"rendered":"https:\/\/www.faustyna.pl\/zmbm\/?page_id=32663"},"modified":"2026-05-14T11:59:24","modified_gmt":"2026-05-14T09:59:24","slug":"rozaniec-w-stacji-ewtn-polska","status":"publish","type":"page","link":"https:\/\/www.faustyna.pl\/zmbm\/rozaniec-w-stacji-ewtn-polska\/","title":{"rendered":"R\u00f3\u017caniec w stacji EWTN Polska"},"content":{"rendered":"<p style=\"text-align: justify\"><a href=\"https:\/\/www.faustyna.pl\/zmbm\/wp-content\/uploads\/2026\/05\/unnamed.jpg\" data-gallery><img loading=\"lazy\" decoding=\"async\" class=\"size-medium wp-image-32666 alignnone\" src=\"https:\/\/www.faustyna.pl\/zmbm\/wp-content\/uploads\/2026\/05\/unnamed-560x332.jpg\" alt=\"\" width=\"560\" height=\"332\" srcset=\"https:\/\/www.faustyna.pl\/zmbm\/wp-content\/uploads\/2026\/05\/unnamed-560x332.jpg 560w, https:\/\/www.faustyna.pl\/zmbm\/wp-content\/uploads\/2026\/05\/unnamed-140x83.jpg 140w, https:\/\/www.faustyna.pl\/zmbm\/wp-content\/uploads\/2026\/05\/unnamed.jpg 1024w\" sizes=\"auto, (max-width: 560px) 100vw, 560px\" \/><\/a><\/p>\n<p style=\"text-align: justify\">16 maja o 20.30 o. Mariusz Balcerak SJ oraz s. Anna Maria, s. Maria i s. Agnes z krakowskiej wsp\u00f3lnoty Zgromadzenia Matki\u00a0 Bo\u017cej Mi\u0142osierdzia poprowadz\u0105 \u00a0modlitw\u0119 r\u00f3\u017ca\u0144cow\u0105 w intencji pokoju oraz intencjach s\u0142uchaczy tej katolickiej stacji telewizyjnej. W rozwa\u017caniach tajemnic r\u00f3\u017ca\u0144cowych towarzyszy\u0107 im b\u0119d\u0105 \u015bw. Andrzej Bobola oraz \u015bw. Faustyna z duchowymi tekstami zapisanymi w jej \u201eDzienniczku\u201d.<\/p>\n<p>Link do transmisji na \u017cywo:\u00a0<a href=\"https:\/\/ewtngo.pl\/live-ewtn\/\">https:\/\/ewtngo.pl\/live-ewtn\/<\/a><\/p>\n","protected":false},"excerpt":{"rendered":"<p>16 maja o 20.30 o. Mariusz Balcerak SJ oraz s. Anna Maria, s. Maria i s. Agnes z krakowskiej wsp\u00f3lnoty Zgromadzenia Matki\u00a0 Bo\u017cej Mi\u0142osierdzia poprowadz\u0105 \u00a0modlitw\u0119 r\u00f3\u017ca\u0144cow\u0105 w intencji pokoju oraz intencjach s\u0142uchaczy tej katolickiej stacji telewizyjnej. W rozwa\u017caniach tajemnic r\u00f3\u017ca\u0144cowych towarzyszy\u0107 im b\u0119d\u0105 \u015bw. Andrzej Bobola oraz \u015bw. Faustyna z duchowymi tekstami zapisanymi w [&hellip;]<\/p>\n","protected":false},"author":2,"featured_media":32666,"parent":0,"menu_order":-1796,"comment_status":"closed","ping_status":"closed","template":"","meta":{"footnotes":""},"categories":[4],"tags":[],"class_list":["post-32663","page","type-page","status-publish","has-post-thumbnail","hentry","category-aktualnosci"],"_links":{"self":[{"href":"https:\/\/www.faustyna.pl\/zmbm\/wp-json\/wp\/v2\/pages\/32663","targetHints":{"allow":["GET"]}}],"collection":[{"href":"https:\/\/www.faustyna.pl\/zmbm\/wp-json\/wp\/v2\/pages"}],"about":[{"href":"https:\/\/www.faustyna.pl\/zmbm\/wp-json\/wp\/v2\/types\/page"}],"author":[{"embeddable":true,"href":"https:\/\/www.faustyna.pl\/zmbm\/wp-json\/wp\/v2\/users\/2"}],"replies":[{"embeddable":true,"href":"https:\/\/www.faustyna.pl\/zmbm\/wp-json\/wp\/v2\/comments?post=32663"}],"version-history":[{"count":3,"href":"https:\/\/www.faustyna.pl\/zmbm\/wp-json\/wp\/v2\/pages\/32663\/revisions"}],"predecessor-version":[{"id":32668,"href":"https:\/\/www.faustyna.pl\/zmbm\/wp-json\/wp\/v2\/pages\/32663\/revisions\/32668"}],"wp:featuredmedia":[{"embeddable":true,"href":"https:\/\/www.faustyna.pl\/zmbm\/wp-json\/wp\/v2\/media\/32666"}],"wp:attachment":[{"href":"https:\/\/www.faustyna.pl\/zmbm\/wp-json\/wp\/v2\/media?parent=32663"}],"wp:term":[{"taxonomy":"category","embeddable":true,"href":"https:\/\/www.faustyna.pl\/zmbm\/wp-json\/wp\/v2\/categories?post=32663"},{"taxonomy":"post_tag","embeddable":true,"href":"https:\/\/www.faustyna.pl\/zmbm\/wp-json\/wp\/v2\/tags?post=32663"}],"curies":[{"name":"wp","href":"https:\/\/api.w.org\/{rel}","templated":true}]}}