



{"id":32669,"date":"2026-05-14T12:17:46","date_gmt":"2026-05-14T10:17:46","guid":{"rendered":"https:\/\/www.faustyna.pl\/zmbm\/?page_id=32669"},"modified":"2026-05-14T12:17:46","modified_gmt":"2026-05-14T10:17:46","slug":"dzien-dla-kobiet-w-walendowie","status":"publish","type":"page","link":"https:\/\/www.faustyna.pl\/zmbm\/dzien-dla-kobiet-w-walendowie\/","title":{"rendered":"Dzie\u0144 dla kobiet w Walendowie"},"content":{"rendered":"<p><a href=\"https:\/\/www.faustyna.pl\/zmbm\/wp-content\/uploads\/2026\/05\/Jezus-i-kobiety_Al.png\" data-gallery><img loading=\"lazy\" decoding=\"async\" class=\"size-medium wp-image-32670 alignnone\" src=\"https:\/\/www.faustyna.pl\/zmbm\/wp-content\/uploads\/2026\/05\/Jezus-i-kobiety_Al-560x332.png\" alt=\"\" width=\"560\" height=\"332\" srcset=\"https:\/\/www.faustyna.pl\/zmbm\/wp-content\/uploads\/2026\/05\/Jezus-i-kobiety_Al-560x332.png 560w, https:\/\/www.faustyna.pl\/zmbm\/wp-content\/uploads\/2026\/05\/Jezus-i-kobiety_Al-140x83.png 140w, https:\/\/www.faustyna.pl\/zmbm\/wp-content\/uploads\/2026\/05\/Jezus-i-kobiety_Al.png 1024w\" sizes=\"auto, (max-width: 560px) 100vw, 560px\" \/><\/a><\/p>\n<p style=\"text-align: justify\">16 maja br. w klasztorze Zgromadzenia Si\u00f3str Matki Bo\u017cej Mi\u0142osierdzia w Walendowie rozpocznie si\u0119 cykl comiesi\u0119cznych spotka\u0144 dla kobiet. W programie: rozmowy przy kawie, adoracja Jezusa w Naj\u015bwi\u0119tszym Sakramencie, modlitwa s\u0142owem i dzielenie si\u0119 swym do\u015bwiadczeniem dzia\u0142ania s\u0142owa Bo\u017cego. Spotkanie rozpoczyna si\u0119 o godzinie 14.30 w \u201eZaciszu Faustyny\u201d.<\/p>\n","protected":false},"excerpt":{"rendered":"<p>16 maja br. w klasztorze Zgromadzenia Si\u00f3str Matki Bo\u017cej Mi\u0142osierdzia w Walendowie rozpocznie si\u0119 cykl comiesi\u0119cznych spotka\u0144 dla kobiet. W programie: rozmowy przy kawie, adoracja Jezusa w Naj\u015bwi\u0119tszym Sakramencie, modlitwa s\u0142owem i dzielenie si\u0119 swym do\u015bwiadczeniem dzia\u0142ania s\u0142owa Bo\u017cego. Spotkanie rozpoczyna si\u0119 o godzinie 14.30 w \u201eZaciszu Faustyny\u201d.<\/p>\n","protected":false},"author":2,"featured_media":32670,"parent":0,"menu_order":-1797,"comment_status":"closed","ping_status":"closed","template":"","meta":{"footnotes":""},"categories":[4],"tags":[],"class_list":["post-32669","page","type-page","status-publish","has-post-thumbnail","hentry","category-aktualnosci"],"_links":{"self":[{"href":"https:\/\/www.faustyna.pl\/zmbm\/wp-json\/wp\/v2\/pages\/32669","targetHints":{"allow":["GET"]}}],"collection":[{"href":"https:\/\/www.faustyna.pl\/zmbm\/wp-json\/wp\/v2\/pages"}],"about":[{"href":"https:\/\/www.faustyna.pl\/zmbm\/wp-json\/wp\/v2\/types\/page"}],"author":[{"embeddable":true,"href":"https:\/\/www.faustyna.pl\/zmbm\/wp-json\/wp\/v2\/users\/2"}],"replies":[{"embeddable":true,"href":"https:\/\/www.faustyna.pl\/zmbm\/wp-json\/wp\/v2\/comments?post=32669"}],"version-history":[{"count":1,"href":"https:\/\/www.faustyna.pl\/zmbm\/wp-json\/wp\/v2\/pages\/32669\/revisions"}],"predecessor-version":[{"id":32671,"href":"https:\/\/www.faustyna.pl\/zmbm\/wp-json\/wp\/v2\/pages\/32669\/revisions\/32671"}],"wp:featuredmedia":[{"embeddable":true,"href":"https:\/\/www.faustyna.pl\/zmbm\/wp-json\/wp\/v2\/media\/32670"}],"wp:attachment":[{"href":"https:\/\/www.faustyna.pl\/zmbm\/wp-json\/wp\/v2\/media?parent=32669"}],"wp:term":[{"taxonomy":"category","embeddable":true,"href":"https:\/\/www.faustyna.pl\/zmbm\/wp-json\/wp\/v2\/categories?post=32669"},{"taxonomy":"post_tag","embeddable":true,"href":"https:\/\/www.faustyna.pl\/zmbm\/wp-json\/wp\/v2\/tags?post=32669"}],"curies":[{"name":"wp","href":"https:\/\/api.w.org\/{rel}","templated":true}]}}