



{"id":32676,"date":"2026-05-16T14:33:04","date_gmt":"2026-05-16T12:33:04","guid":{"rendered":"https:\/\/www.faustyna.pl\/zmbm\/?page_id=32676"},"modified":"2026-05-16T14:33:04","modified_gmt":"2026-05-16T12:33:04","slug":"slowo-boze-i-dzienniczek-wniebowstapienie-2","status":"publish","type":"page","link":"https:\/\/www.faustyna.pl\/zmbm\/slowo-boze-i-dzienniczek-wniebowstapienie-2\/","title":{"rendered":"S\u0142owo Bo\u017ce i \u201eDzienniczek\u201d \u2013 Wniebowst\u0105pienie"},"content":{"rendered":"<p style=\"text-align: justify\"><em><a href=\"https:\/\/www.faustyna.pl\/zmbm\/wp-content\/uploads\/2026\/05\/Wniebowstapienie_Pana_Jezusa_Al.png\" data-gallery><img loading=\"lazy\" decoding=\"async\" class=\"size-medium wp-image-32677 alignnone\" src=\"https:\/\/www.faustyna.pl\/zmbm\/wp-content\/uploads\/2026\/05\/Wniebowstapienie_Pana_Jezusa_Al-560x334.png\" alt=\"\" width=\"560\" height=\"334\" srcset=\"https:\/\/www.faustyna.pl\/zmbm\/wp-content\/uploads\/2026\/05\/Wniebowstapienie_Pana_Jezusa_Al-560x334.png 560w, https:\/\/www.faustyna.pl\/zmbm\/wp-content\/uploads\/2026\/05\/Wniebowstapienie_Pana_Jezusa_Al-140x83.png 140w, https:\/\/www.faustyna.pl\/zmbm\/wp-content\/uploads\/2026\/05\/Wniebowstapienie_Pana_Jezusa_Al.png 1024w\" sizes=\"auto, (max-width: 560px) 100vw, 560px\" \/><\/a><\/em><\/p>\n<p style=\"text-align: justify\"><em>Jedenastu uczni\u00f3w posz\u0142o do Galilei, na g\u00f3r\u0119, tak jak im Jezus nakaza\u0142. Gdy Go zobaczyli, oddali Mu ho\u0142d. Niekt\u00f3rzy jednak nie dowierzali. A Jezus podszed\u0142 do nich i powiedzia\u0142: \u201eOtrzyma\u0142em pe\u0142na w\u0142adz\u0119 w niebie i na ziemi. Id\u017acie wi\u0119c i pozyskujcie uczni\u00f3w we wszystkich narodach! Udzielajcie im chrztu w imi\u0119 Ojca i Syna i Ducha \u015awi\u0119tego! Nauczajcie ich, aby Zachowywali wszystko, co wam nakaza\u0142em. A oto Ja jestem z wami przez wszystkie dni, a\u017c do ko\u0144ca \u015bwiata <\/em>(Mt 28, 16-20).<strong>\u00a0<\/strong><\/p>\n<h3 style=\"text-align: center\"><span style=\"color: #800000\"><strong>Z \u201eDzienniczka\u201d \u015bw. Faustyny<\/strong><\/span><\/h3>\n<p style=\"text-align: justify\">Wniebowst\u0105pienie Pa\u0144skie. Dzi\u015b od samego rana dusza moja jest dotkni\u0119ta przez Boga. Po Komunii \u015bwi\u0119tej chwil\u0119 obcowa\u0142am z Ojcem Niebieskim. Dusza moja zosta\u0142a poci\u0105gni\u0119ta w sam \u017car mi\u0142o\u015bci, zrozumia\u0142am, \u017ce \u017cadne dzie\u0142a zewn\u0119trzne nie mog\u0105 i\u015b\u0107 w por\u00f3wnanie z mi\u0142o\u015bci\u0105 czyst\u0105 Boga&#8230; Widzia\u0142am rado\u015b\u0107 S\u0142owa Wcielonego i zosta\u0142am pogr\u0105\u017cona w Troisto\u015bci Bo\u017cej. Kiedy przysz\u0142am do siebie, t\u0119sknota zala\u0142a mi dusz\u0119, t\u0119skni\u0119 za po\u0142\u0105czeniem si\u0119 z Bogiem. Mi\u0142o\u015b\u0107 ogarnia\u0142a mnie tak wielka ku Ojcu Niebieskiemu, \u017ce ten dzie\u0144 ca\u0142y nazywam nieprzerwan\u0105 ekstaz\u0105 mi\u0142o\u015bci. Ca\u0142y wszech\u015bwiat wyda\u0142 mi si\u0119 jakoby ma\u0142\u0105 kropelk\u0105 wobec Boga. Nie masz szcz\u0119\u015bcia wi\u0119kszego nad to, \u017ce mi B\u00f3g daje pozna\u0107 wewn\u0119trznie, \u017ce jest Mu mi\u0142e ka\u017cde uderzenie serca mojego, i kiedy mi okazuje, \u017ce mnie szczeg\u00f3lnie mi\u0142uje. To wewn\u0119trzne prze\u015bwiadczenie, w kt\u00f3rym mi\u0119 B\u00f3g utwierdza o swej mi\u0142o\u015bci ku mnie i o tym, jak Mu jest mi\u0142a dusza moja, wprowadza w dusz\u0119 moj\u0105 g\u0142\u0119bi\u0119 pokoju. W dniu tym nie mog\u0142am przyj\u0105\u0107 \u017cadnego pokarmu, czu\u0142am si\u0119 nasycona mi\u0142o\u015bci\u0105 (Dz. 1121).<\/p>\n","protected":false},"excerpt":{"rendered":"<p>Jedenastu uczni\u00f3w posz\u0142o do Galilei, na g\u00f3r\u0119, tak jak im Jezus nakaza\u0142. Gdy Go zobaczyli, oddali Mu ho\u0142d. Niekt\u00f3rzy jednak nie dowierzali. A Jezus podszed\u0142 do nich i powiedzia\u0142: \u201eOtrzyma\u0142em pe\u0142na w\u0142adz\u0119 w niebie i na ziemi. Id\u017acie wi\u0119c i pozyskujcie uczni\u00f3w we wszystkich narodach! Udzielajcie im chrztu w imi\u0119 Ojca i Syna i Ducha [&hellip;]<\/p>\n","protected":false},"author":2,"featured_media":32677,"parent":0,"menu_order":-1799,"comment_status":"closed","ping_status":"closed","template":"","meta":{"footnotes":""},"categories":[4],"tags":[],"class_list":["post-32676","page","type-page","status-publish","has-post-thumbnail","hentry","category-aktualnosci"],"_links":{"self":[{"href":"https:\/\/www.faustyna.pl\/zmbm\/wp-json\/wp\/v2\/pages\/32676","targetHints":{"allow":["GET"]}}],"collection":[{"href":"https:\/\/www.faustyna.pl\/zmbm\/wp-json\/wp\/v2\/pages"}],"about":[{"href":"https:\/\/www.faustyna.pl\/zmbm\/wp-json\/wp\/v2\/types\/page"}],"author":[{"embeddable":true,"href":"https:\/\/www.faustyna.pl\/zmbm\/wp-json\/wp\/v2\/users\/2"}],"replies":[{"embeddable":true,"href":"https:\/\/www.faustyna.pl\/zmbm\/wp-json\/wp\/v2\/comments?post=32676"}],"version-history":[{"count":1,"href":"https:\/\/www.faustyna.pl\/zmbm\/wp-json\/wp\/v2\/pages\/32676\/revisions"}],"predecessor-version":[{"id":32678,"href":"https:\/\/www.faustyna.pl\/zmbm\/wp-json\/wp\/v2\/pages\/32676\/revisions\/32678"}],"wp:featuredmedia":[{"embeddable":true,"href":"https:\/\/www.faustyna.pl\/zmbm\/wp-json\/wp\/v2\/media\/32677"}],"wp:attachment":[{"href":"https:\/\/www.faustyna.pl\/zmbm\/wp-json\/wp\/v2\/media?parent=32676"}],"wp:term":[{"taxonomy":"category","embeddable":true,"href":"https:\/\/www.faustyna.pl\/zmbm\/wp-json\/wp\/v2\/categories?post=32676"},{"taxonomy":"post_tag","embeddable":true,"href":"https:\/\/www.faustyna.pl\/zmbm\/wp-json\/wp\/v2\/tags?post=32676"}],"curies":[{"name":"wp","href":"https:\/\/api.w.org\/{rel}","templated":true}]}}