



{"id":6474,"date":"2016-02-25T23:15:44","date_gmt":"2016-02-25T23:15:44","guid":{"rendered":"http:\/\/www.faustyna.pl\/zmbm\/?page_id=6474"},"modified":"2018-12-07T20:56:45","modified_gmt":"2018-12-07T19:56:45","slug":"10-jan-pawel-ii-i-oredzie-milosierdzia-8-37","status":"publish","type":"page","link":"https:\/\/www.faustyna.pl\/zmbm\/10-jan-pawel-ii-i-oredzie-milosierdzia-8-37\/","title":{"rendered":"10. Jan Pawe\u0142 II i or\u0119dzie Mi\u0142osierdzia &#8211; 8:37"},"content":{"rendered":"<div align=\"right\"><span style=\"font-style: italic\">Aby sprawi\u0107 rado\u015b\u0107 Jezusowi i ludziom,<br \/>\nprezentowa\u0107 tutaj b\u0119dziemy takie pozycje multimedialne,<br \/>\nkt\u00f3re powsta\u0142y w Zgromadzeniu Si\u00f3str Matki Bo\u017cej Mi\u0142osierdzia<br \/>\nlub przy udziale si\u00f3str tego Zgromadzenia.<\/span><\/div>\n<p><iframe loading=\"lazy\" title=\"10. Jan Pawe\u0142 II i or\u0119dzie Mi\u0142osierdzia - ROZMOWY O MI\u0141OSIERDZIU - Prorocka misja \u015bw. Faustyny\" width=\"560\" height=\"420\" src=\"https:\/\/www.youtube.com\/embed\/ZWPFqE1Psss?feature=oembed\" frameborder=\"0\" allow=\"accelerometer; autoplay; clipboard-write; encrypted-media; gyroscope; picture-in-picture; web-share\" referrerpolicy=\"strict-origin-when-cross-origin\" allowfullscreen><\/iframe><\/p>\n","protected":false},"excerpt":{"rendered":"<p>Aby sprawi\u0107 rado\u015b\u0107 Jezusowi i ludziom, prezentowa\u0107 tutaj b\u0119dziemy takie pozycje multimedialne, kt\u00f3re powsta\u0142y w Zgromadzeniu Si\u00f3str Matki Bo\u017cej Mi\u0142osierdzia lub przy udziale si\u00f3str tego Zgromadzenia.<\/p>\n","protected":false},"author":1,"featured_media":0,"parent":0,"menu_order":0,"comment_status":"closed","ping_status":"closed","template":"","meta":{"footnotes":""},"categories":[30794],"tags":[],"class_list":["post-6474","page","type-page","status-publish","hentry","category-prorocka-misja-swietej-faustyny"],"_links":{"self":[{"href":"https:\/\/www.faustyna.pl\/zmbm\/wp-json\/wp\/v2\/pages\/6474","targetHints":{"allow":["GET"]}}],"collection":[{"href":"https:\/\/www.faustyna.pl\/zmbm\/wp-json\/wp\/v2\/pages"}],"about":[{"href":"https:\/\/www.faustyna.pl\/zmbm\/wp-json\/wp\/v2\/types\/page"}],"author":[{"embeddable":true,"href":"https:\/\/www.faustyna.pl\/zmbm\/wp-json\/wp\/v2\/users\/1"}],"replies":[{"embeddable":true,"href":"https:\/\/www.faustyna.pl\/zmbm\/wp-json\/wp\/v2\/comments?post=6474"}],"version-history":[{"count":4,"href":"https:\/\/www.faustyna.pl\/zmbm\/wp-json\/wp\/v2\/pages\/6474\/revisions"}],"predecessor-version":[{"id":14294,"href":"https:\/\/www.faustyna.pl\/zmbm\/wp-json\/wp\/v2\/pages\/6474\/revisions\/14294"}],"wp:attachment":[{"href":"https:\/\/www.faustyna.pl\/zmbm\/wp-json\/wp\/v2\/media?parent=6474"}],"wp:term":[{"taxonomy":"category","embeddable":true,"href":"https:\/\/www.faustyna.pl\/zmbm\/wp-json\/wp\/v2\/categories?post=6474"},{"taxonomy":"post_tag","embeddable":true,"href":"https:\/\/www.faustyna.pl\/zmbm\/wp-json\/wp\/v2\/tags?post=6474"}],"curies":[{"name":"wp","href":"https:\/\/api.w.org\/{rel}","templated":true}]}}

10. Jan Paweł II i orędzie Miłosierdzia &#8211; 8:37

<div align="right"><span style="font-style: italic">Aby sprawić radość Jezusowi i ludziom,<br />
prezentować tutaj będziemy takie pozycje multimedialne,<br />
które powstały w Zgromadzeniu Sióstr Matki Bożej Miłosierdzia<br />
lub przy udziale sióstr tego Zgromadzenia.</span></div>
<p><iframe loading="lazy" title="10. Jan Paweł II i orędzie Miłosierdzia - ROZMOWY O MIŁOSIERDZIU - Prorocka misja św. Faustyny" width="560" height="420" src="https://www.youtube.com/embed/ZWPFqE1Psss?feature=oembed" frameborder="0" allow="accelerometer; autoplay; clipboard-write; encrypted-media; gyroscope; picture-in-picture; web-share" referrerpolicy="strict-origin-when-cross-origin" allowfullscreen></iframe></p>

<p>Aby sprawić radość Jezusowi i ludziom, prezentować tutaj będziemy takie pozycje multimedialne, które powstały w Zgromadzeniu Sióstr Matki Bożej Miłosierdzia lub przy udziale sióstr tego Zgromadzenia.</p>
