



{"id":7476,"date":"2016-06-19T23:37:32","date_gmt":"2016-06-19T21:37:32","guid":{"rendered":"https:\/\/www.faustyna.pl\/zmbm\/?page_id=7476"},"modified":"2023-03-08T15:55:00","modified_gmt":"2023-03-08T14:55:00","slug":"glowne-uroczystosci","status":"publish","type":"page","link":"https:\/\/www.faustyna.pl\/zmbm\/glowne-uroczystosci\/","title":{"rendered":"G\u0142\u00f3wne Uroczysto\u015bci"},"content":{"rendered":"<p style=\"text-align: center\"><span style=\"color: #800000\"><b><a href=\"https:\/\/www.faustyna.pl\/zmbm\/wp-content\/uploads\/2016\/06\/Porzadek-nabozenstw-glowne-uroczystosci.jpg\" data-gallery><img loading=\"lazy\" decoding=\"async\" class=\"size-medium wp-image-7706 alignnone\" src=\"https:\/\/www.faustyna.pl\/zmbm\/wp-content\/uploads\/2016\/06\/Porzadek-nabozenstw-glowne-uroczystosci-560x331.jpg\" alt=\"Porzadek nabozenstw - glowne uroczystosci\" width=\"560\" height=\"331\" srcset=\"https:\/\/www.faustyna.pl\/zmbm\/wp-content\/uploads\/2016\/06\/Porzadek-nabozenstw-glowne-uroczystosci-560x331.jpg 560w, https:\/\/www.faustyna.pl\/zmbm\/wp-content\/uploads\/2016\/06\/Porzadek-nabozenstw-glowne-uroczystosci-140x83.jpg 140w, https:\/\/www.faustyna.pl\/zmbm\/wp-content\/uploads\/2016\/06\/Porzadek-nabozenstw-glowne-uroczystosci.jpg 1024w\" sizes=\"auto, (max-width: 560px) 100vw, 560px\" \/><\/a><\/b><\/span><\/p>\n<p style=\"text-align: center\"><span style=\"color: #800000\"><b>G\u0141\u00d3WNE UROCZYSTO\u015aCI<\/b><\/span><\/p>\n<p style=\"text-align: center\"><strong><span style=\"color: #800000\">w Sanktuarium Bo\u017cego Mi\u0142osierdzia w Krakowie-\u0141agiewnikach\u00a0<\/span><\/strong><\/p>\n<p style=\"clear: both\"><b><span style=\"color: #800000;text-decoration: underline\">\u015awi\u0119to Mi\u0142osierdzia <\/span>w pierwsz\u0105 niedziel\u0119 po Wielkanocy<\/b><\/p>\n<p>Poprzedzone nowenn\u0105, kt\u00f3ra rozpoczyna si\u0119 w Wielki Pi\u0105tek\u00a0 po modlitwie w Godzinie Mi\u0142osierdzia (15:00).<\/p>\n<p>Nocne czuwanie przed \u015awi\u0119tem Mi\u0142osierdzia w bazylice od 21:00.<\/p>\n<p>Msze \u015bwi\u0119te: 6:00, 8:00, 10:00, 12:00, 16:30, 18:00 w bazylice\u00a0 i przy o\u0142tarzu polowym.\u00a0 O godz. 19:00 \u2013 w kaplicy klasztornej.<\/p>\n<p>Modlitwa w Godzinie Mi\u0142osierdzia i Koronka do Mi\u0142osierdzia\u00a0 Bo\u017cego \u2013 15:00.<\/p>\n<p><b><span style=\"text-decoration: underline\"><br \/>\n<span style=\"color: #800000;text-decoration: underline\">5 pa\u017adziernika<\/span><\/span> <span style=\"color: #800000\">\u2013 liturgiczna uroczysto\u015b\u0107 \u015bw. Faustyny<\/span><\/b><\/p>\n<p>Poprzedzona triduum Mszy \u015bw. z okoliczno\u015bciowymi kazaniami\u00a0 w kaplicy klasztornej o 17:00.<\/p>\n<p>Ceremonie stowarzyszenia \u201e<a href=\"index.php?option=com_contentplus&amp;task=sectioncontree&amp;id=5&amp;Itemid=66\">Faustinum<\/a>\u201d.<\/p>\n<p><a href=\"https:\/\/www.faustyna.pl\/zmbm\/sanktuaria\/\">Sanktuaria\/Sanktuarium Bo\u017cego Mi\u0142osierdzia w Krakowie-\u0141agiewnikach<\/a><\/p>\n","protected":false},"excerpt":{"rendered":"<p>G\u0141\u00d3WNE UROCZYSTO\u015aCI w Sanktuarium Bo\u017cego Mi\u0142osierdzia w Krakowie-\u0141agiewnikach\u00a0 \u015awi\u0119to Mi\u0142osierdzia w pierwsz\u0105 niedziel\u0119 po Wielkanocy Poprzedzone nowenn\u0105, kt\u00f3ra rozpoczyna si\u0119 w Wielki Pi\u0105tek\u00a0 po modlitwie w Godzinie Mi\u0142osierdzia (15:00). Nocne czuwanie przed \u015awi\u0119tem Mi\u0142osierdzia w bazylice od 21:00. Msze \u015bwi\u0119te: 6:00, 8:00, 10:00, 12:00, 16:30, 18:00 w bazylice\u00a0 i przy o\u0142tarzu polowym.\u00a0 O godz. 19:00 [&hellip;]<\/p>\n","protected":false},"author":1,"featured_media":0,"parent":0,"menu_order":0,"comment_status":"closed","ping_status":"closed","template":"","meta":{"footnotes":""},"categories":[51368],"tags":[],"class_list":["post-7476","page","type-page","status-publish","hentry","category-porzadek-nabozenstw"],"_links":{"self":[{"href":"https:\/\/www.faustyna.pl\/zmbm\/wp-json\/wp\/v2\/pages\/7476","targetHints":{"allow":["GET"]}}],"collection":[{"href":"https:\/\/www.faustyna.pl\/zmbm\/wp-json\/wp\/v2\/pages"}],"about":[{"href":"https:\/\/www.faustyna.pl\/zmbm\/wp-json\/wp\/v2\/types\/page"}],"author":[{"embeddable":true,"href":"https:\/\/www.faustyna.pl\/zmbm\/wp-json\/wp\/v2\/users\/1"}],"replies":[{"embeddable":true,"href":"https:\/\/www.faustyna.pl\/zmbm\/wp-json\/wp\/v2\/comments?post=7476"}],"version-history":[{"count":6,"href":"https:\/\/www.faustyna.pl\/zmbm\/wp-json\/wp\/v2\/pages\/7476\/revisions"}],"predecessor-version":[{"id":25900,"href":"https:\/\/www.faustyna.pl\/zmbm\/wp-json\/wp\/v2\/pages\/7476\/revisions\/25900"}],"wp:attachment":[{"href":"https:\/\/www.faustyna.pl\/zmbm\/wp-json\/wp\/v2\/media?parent=7476"}],"wp:term":[{"taxonomy":"category","embeddable":true,"href":"https:\/\/www.faustyna.pl\/zmbm\/wp-json\/wp\/v2\/categories?post=7476"},{"taxonomy":"post_tag","embeddable":true,"href":"https:\/\/www.faustyna.pl\/zmbm\/wp-json\/wp\/v2\/tags?post=7476"}],"curies":[{"name":"wp","href":"https:\/\/api.w.org\/{rel}","templated":true}]}}