



{"id":7554,"date":"2016-06-26T22:40:43","date_gmt":"2016-06-26T20:40:43","guid":{"rendered":"https:\/\/www.faustyna.pl\/zmbm\/?page_id=7554"},"modified":"2025-12-12T01:12:13","modified_gmt":"2025-12-12T00:12:13","slug":"intencje-do-modlitwy-w-godzinie-milosierdzia-w-sanktuarium-w-krakowie-lagiewnikach","status":"publish","type":"page","link":"https:\/\/www.faustyna.pl\/zmbm\/intencje-do-modlitwy-w-godzinie-milosierdzia-w-sanktuarium-w-krakowie-lagiewnikach\/","title":{"rendered":"Intencje do modlitwy w Godzinie Mi\u0142osierdzia w Sanktuarium w Krakowie-\u0141agiewnikach."},"content":{"rendered":"<p style=\"text-align: justify;\">Prosimy o wpisywanie intencji o tej samej tre\u015bci <span style=\"color: #800000;\"><strong>nie cz\u0119\u015bciej ni\u017c raz w miesi\u0105cu<\/strong><\/span>, gdy\u017c przez ca\u0142y miesi\u0105c zg\u0142oszona intencja jest z\u0142o\u017cona na o\u0142tarzu z \u0142askami s\u0142yn\u0105cym obrazem Jezusa Mi\u0142osiernego i grobem \u015bw. Faustyny w czasie Godziny Mi\u0142osierdzia i Koronki do Mi\u0142osierdzia Bo\u017cego. W tych intencjach modl\u0105 si\u0119 siostry, pielgrzymi oraz osoby, kt\u00f3re \u0142\u0105cz\u0105 si\u0119 w tej modlitwie przez transmisje<\/p>\n<style type=\"text\/css\">#nex-forms{display:none;}<\/style><script type=\"text\/javascript\">\r\nif(typeof jQuery !== \"undefined\") {\r\n    jQuery(document).ready(function(){\r\n        jQuery(\"#nex-forms\").show().css(\"visibility\",\"visible\");\r\n    });\r\n} else {\r\n    document.addEventListener(\"DOMContentLoaded\", function(){\r\n        var forms = document.querySelectorAll(\"#nex-forms\");\r\n        forms.forEach(function(form){ form.style.display = \"block\"; form.style.visibility = \"visible\"; });\r\n    });\r\n}\r\n<\/script><div id=\"nf_form_59027\">\r\n\t\t\t\r\n\t\t\t<style type=\"text\/css\">\r\n\t\t\t\r\n\t\t\t\t#nex-forms.intencje_do_modlitwy_w_godzinie_mi\u0142osierdzia_w_sanktuarium_w_krakowie-\u0141agiewnikach. .nf-loader-lds-spinner div:after {background: #40C4FF; }\r\n\t\t\t\t#nex-forms.intencje_do_modlitwy_w_godzinie_mi\u0142osierdzia_w_sanktuarium_w_krakowie-\u0141agiewnikach. .nf-loader-lds-grid div {background: #40C4FF; }\r\n\t\t\t\t#nex-forms.intencje_do_modlitwy_w_godzinie_mi\u0142osierdzia_w_sanktuarium_w_krakowie-\u0141agiewnikach. .nf-loader-lds-ellipsis div { background: #40C4FF;}\r\n\t\t\t\t#nex-forms.intencje_do_modlitwy_w_godzinie_mi\u0142osierdzia_w_sanktuarium_w_krakowie-\u0141agiewnikach. .nf-loader-lds-default div {background: #40C4FF;}\r\n\t\t\t\t#nex-forms.intencje_do_modlitwy_w_godzinie_mi\u0142osierdzia_w_sanktuarium_w_krakowie-\u0141agiewnikach. .nf-loader-lds-roller div:after {background: #40C4FF;}\r\n\t\t\t\t#nex-forms.intencje_do_modlitwy_w_godzinie_mi\u0142osierdzia_w_sanktuarium_w_krakowie-\u0141agiewnikach. .nf-loader-lds-heart div,\r\n\t\t\t\t#nex-forms.intencje_do_modlitwy_w_godzinie_mi\u0142osierdzia_w_sanktuarium_w_krakowie-\u0141agiewnikach. .nf-loader-lds-heart div:after,\r\n\t\t\t\t#nex-forms.intencje_do_modlitwy_w_godzinie_mi\u0142osierdzia_w_sanktuarium_w_krakowie-\u0141agiewnikach. .nf-loader-lds-heart div:before {background: #40C4FF;}\r\n\t\r\n\t\t\t\t\r\n\t\t\t\t#nex-forms.intencje_do_modlitwy_w_godzinie_mi\u0142osierdzia_w_sanktuarium_w_krakowie-\u0141agiewnikach. .nf-loader-lds-facebook div {background: #40C4FF;}\r\n\t\t\t\t#nex-forms.intencje_do_modlitwy_w_godzinie_mi\u0142osierdzia_w_sanktuarium_w_krakowie-\u0141agiewnikach. .nf-loader-lds-circle > div {background: #40C4FF;}\r\n\t\t\t\t\r\n\t\t\t\t#nex-forms.intencje_do_modlitwy_w_godzinie_mi\u0142osierdzia_w_sanktuarium_w_krakowie-\u0141agiewnikach. .nf-loader-lds-dual-ring:after {border: 6px solid #40C4FF;border-color: #40C4FF transparent #40C4FF transparent;}\r\n\t\t\t\t#nex-forms.intencje_do_modlitwy_w_godzinie_mi\u0142osierdzia_w_sanktuarium_w_krakowie-\u0141agiewnikach. .nf-loader-lds-ring div {border: 8px solid #40C4FF;border-color: #40C4FF transparent transparent transparent;}\r\n\t\t\t\t#nex-forms.intencje_do_modlitwy_w_godzinie_mi\u0142osierdzia_w_sanktuarium_w_krakowie-\u0141agiewnikach. .nf-loader-lds-hourglass:after {border: 32px solid #40C4FF;border-color: #40C4FF transparent #40C4FF transparent;}\r\n\t\t\t\t#nex-forms.intencje_do_modlitwy_w_godzinie_mi\u0142osierdzia_w_sanktuarium_w_krakowie-\u0141agiewnikach. .nf-loader-lds-ripple div {border: 4px solid #40C4FF;}\r\n\t\t\t<\/style>\r\n\t\t\t\r\n\t\t\t\r\n\t\t\t<div id=\"nex-forms\" data-loader=\"ellipsis\" data-msg-hide-form=\"yes\" data-msg-position=\"top\" data-msg-placement=\"outside\"  class=\"nex-forms intencje_do_modlitwy_w_godzinie_mi\u0142osierdzia_w_sanktuarium_w_krakowie-\u0141agiewnikach.  \"><div class=\"pre_fill_fields\"><input type=\"hidden\" name=\"q\"  data-original-value=\"\/zmbm\/wp-json\/wp\/v2\/pages\/7554\" value=\"\/zmbm\/wp-json\/wp\/v2\/pages\/7554\"><\/div><div class=\"set_form_theme theme-base\"><div class=\"nex_success_message msg_top msgv2 animated hidden\" style=\"display:none;\"><div class=\"nex_success_message_container\" style=\"background: #fff;box-shadow: #00000033 0px 7px 16px 0px;border-radius: 4px;padding: 30px;border-color:#ddd\"><div class=\"msg_text\"><div class=\"form_field all_fields icon html_fields wow bounceInUp\" style=\"margin-bottom: 15px\" id=\"_21501\" data-animation-name=\"bounceInUp\">\n\t\t\t\t\t\t\t  <div class=\"edit_mask\"><\/div>\n\t\t\t\t\t\t\t  \n\t\t\t\t\t\t\t\t<div class=\"icon_container_wrapper icon_center\">\n\t\t\t\t\t\t\t\t  <div class=\"icon_container\" id=\"field_container\" style=\"border-width: 0px;background-color: transparent\">\n\t\t\t\t\t\t\t\t\t<div class=\"\">\n\t\t\t\t\t\t\t\t\t  <div class=\"input_container\">\n\t\t\t\t\t\t\t\t\t\t<div class=\"the_input_element icon_element\" style=\"font-size: 50px;color: #8bc34a\"><span class=\"fas fa-check-circle\"><\/span><\/div>\n\t\t\t\t\t\t\t\t\t  <\/div>\n\t\t\t\t\t\t\t\t\t<\/div>\n\t\t\t\t\t\t\t\t  <\/div>\n\t\t\t\t\t\t\t\t  \n\t\t\t\t\t\t\t\t<\/div>\n\t\t\t\t\t\t\t  \n\t\t\t\t\t\t\t<\/div>\n\t\t\t\t\t\t\t<div class=\"form_field all_fields html html_fields wow fadeInDown\" style=\"margin-bottom: 15px\" data-animation-name=\"fadeInDown\" data-wow-delay=\"0.5s\" id=\"_91936\">\n\t\t\t\t\t\t\t  <div class=\"edit_mask\"><\/div>\n\t\t\t\t\t\t\t  \n\t\t\t\t\t\t\t\t<div class=\"row\">\n\t\t\t\t\t\t\t\t  <div class=\"col-sm-12\" id=\"field_container\">\n\t\t\t\t\t\t\t\t\t<div class=\"row\">\n\t\t\t\t\t\t\t\t\t  <div class=\"col-sm-12 input_container\">\n\t\t\t\t\t\t\t\t\t\t<div class=\"the_input_element align_left\" data-math-equation=\"\" data-original-math-equation=\"\" data-decimal-places=\"0\" style=\"color: #000000\"><p>Szcz\u0119\u015b\u0107 Bo\u017ce!<\/p><br><br><p>W\u0142\u0105czamy Twoj\u0105 intencj\u0119 do naszej modlitwy w Godzinie Mi\u0142osierdzia (15:00) i Koronki odmawianej w Sanktuarium w Krakowie-\u0141agiewnikach. Prosz\u0119 \u0142\u0105czy\u0107 si\u0119 z nami w tej modlitwie duchowo lub przez stron\u0119: www.faustyna.pl<\/p><br><br><p>Siostry ze Zgromadzenia Matki Bo\u017cej Mi\u0142osierdzia<\/p><br><\/div>\n\t\t\t\t\t\t\t\t\t\t<div style=\"clear:both\"><\/div>\n\t\t\t\t\t\t\t\t\t  <\/div>\n\t\t\t\t\t\t\t\t\t<\/div>\n\t\t\t\t\t\t\t\t  <\/div>\n\t\t\t\t\t\t\t\t  \n\t\t\t\t\t\t\t\t<\/div>\n\t\t\t\t\t\t\t  \n\t\t\t\t\t\t\t<\/div><\/div><\/div><\/div><div data-timer-start=\"1\" data-timer-end=\"0\" class=\"inner-canvas-container ui-nex-forms-container ui-nex-forms-container-fe  bootstrap\" id=\"ui-nex-forms-container-132\"  ><div class=\"current_step\" style=\"display:none;\">1<\/div><div class=\"last_visited_step\" style=\"display:none;\">1<\/div><div class=\"nex-forms-header-footer nex-forms-header timer_inline timer_right no-front-end\"><\/div><div id=\"the_plugin_url\" style=\"display:none;\">https:\/\/www.faustyna.pl\/zmbm\/wp-content\/plugins\/nex-forms<\/div><div id=\"nf_save_form_progress\" style=\"display:none;\">false<\/div><div id=\"confirmation_page\" class=\"confirmation_page\" style=\"display:none;\"><\/div><div id=\"on_form_submmision\" class=\"on_form_submmision\" style=\"display:none;\">message<\/div><div class=\"hidden\" id=\"nf_ajax_url\" style=\"display:none;\">https:\/\/www.faustyna.pl\/zmbm\/wp-admin\/admin-ajax.php<\/div><div class=\"hidden\" id=\"paypal_return_url\" style=\"display:none;\">https:\/\/www.faustyna.pl\/zmbm\/wp-json\/wp\/v2\/pages\/7554<\/div><div class=\"hidden\" id=\"ms_scroll_to_top\" style=\"display:none;\">yes<\/div><div class=\"v7_container form_type_normal   \" style=\"background: #fffcdc;border-width: 1px;padding: 20px;border-color: #d3d3d3\"><div class=\"current_field_on_focus\" style=\"display:none\">1<\/div><form id=\"132\" class=\"submit-nex-form nex-forms-132\" data-form-id=\"132\" name=\"nex_form\" action=\"https:\/\/www.faustyna.pl\/zmbm\/wp-admin\/admin-ajax.php\" method=\"post\" enctype=\"multipart\/form-data\"><div class=\"step_transition_in\" style=\"display:none;\">fadeIn<\/div><div class=\"step_transition_out\" style=\"display:none;\">fadeOut<\/div><input type=\"hidden\" name=\"nex_forms_Id\" value=\"132\"><input type=\"hidden\" name=\"page\" value=\"\/zmbm\/wp-json\/wp\/v2\/pages\/7554\"><input type=\"hidden\" name=\"ip\" value=\"216.73.216.31\"><input type=\"hidden\" name=\"nf_page_id\" value=\"7554\"><input type=\"hidden\" name=\"nf_page_title\" value=\"Intencje do modlitwy w Godzinie Mi\u0142osierdzia w Sanktuarium w Krakowie-\u0141agiewnikach.\"><input type=\"text\" name=\"company_url\" value=\"\" placeholder=\"enter company url\" class=\"form-control req\">\n\t\t\t\t\t\t\t<div class=\"form_field hidden\" id=\"_50801\">\n\t\t\t\t\t\t\t\t<input class=\"ms_current_step\" value=\"1\" name=\"ms_current_step\" type=\"hidden\" id=\"_50801__ms_current_step\">\n\t\t\t\t\t\t\t<\/div>\n\t\t\t\t\t\t\t<div class=\"form_field all_fields text common_fields required\" style=\"margin-bottom: 11px\" id=\"_45048\"><div class=\"row\"><div class=\"col-sm-12\" id=\"field_container\"><div class=\"row\"><div class=\"col-sm-12  label_container align_let\"><label class=\"nf_title \" for=\"input__45048\"><span class=\"the_label style_bold\" style=\"color: #000000\">*Imi\u0119<\/span><\/label><\/div><div class=\"col-sm-12  input_container\"><input type=\"text\" name=\"imi\u0119\" class=\"form-control error_message the_input_element  aling_left required\" data-maxlength-color=\"label label-success\" data-maxlength-position=\"bottom\" data-maxlength-show=\"false\" data-default-value=\"\" data-onfocus-color=\"#66AFE9\" data-drop-focus-swadow=\"1\" data-placement=\"bottom\" data-content=\"Pole jest wymagane\" data-secondary-message=\"\" title=\"\" style=\"color: #000000\" id=\"input__45048\"><\/div><\/div><\/div><\/div><\/div><div class=\"form_field all_fields text common_fields required\" style=\"margin-bottom: 11px\" id=\"_31333\"><div class=\"row\"><div class=\"col-sm-12\" id=\"field_container\"><div class=\"row\"><div class=\"col-sm-12  label_container align_let\"><label class=\"nf_title \" for=\"input__31333\"><span class=\"the_label style_bold\" style=\"color: #000000\">*E-mail<\/span><\/label><\/div><div class=\"col-sm-12  input_container\"><input type=\"text\" name=\"e-mail\" class=\"form-control error_message the_input_element  aling_left required\" data-maxlength-color=\"label label-success\" data-maxlength-position=\"bottom\" data-maxlength-show=\"false\" data-default-value=\"\" data-onfocus-color=\"#66AFE9\" data-drop-focus-swadow=\"1\" data-placement=\"bottom\" data-content=\"Pole jest wymagane\" data-secondary-message=\"\" title=\"\" style=\"color: #000000\" id=\"input__31333\"><\/div><\/div><\/div><\/div><\/div><div class=\"form_field all_fields textarea common_fields required\" style=\"margin-bottom: 15px;position: relative;top: 0px\" id=\"_61696\"><div class=\"row\"><div class=\"col-sm-12\" id=\"field_container\"><div class=\"row\"><div class=\"col-sm-12 label_container align_let align_left\"><label class=\"nf_title \" for=\"input__61696\"><span class=\"the_label style_bold\" style=\"font-size: 13px;color: #000000\">*Wpisz intencj\u0119<\/span><\/label><\/div><div class=\"col-sm-12  input_container\"><textarea name=\"wpisz_intencj\u0119\" placeholder=\"\" data-maxlength-color=\"label label-success\" data-maxlength-position=\"bottom\" data-maxlength-show=\"false\" data-default-value=\"\" class=\"error_message the_input_element textarea pre-format form-control aling_left align_left required\" data-onfocus-color=\"#66AFE9\" data-drop-focus-swadow=\"1\" data-placement=\"bottom\" data-content=\"Pole jest wymagane\" title=\"\" style=\"font-size: 13px;color: #000000;background: white;border-color: #dddddd\" id=\"input__61696\"><\/textarea><\/div><\/div><\/div><\/div><\/div><div class=\"form_field all_fields paragraph html_fields\" style=\"margin-bottom: 15px;position: relative;top: 0px\" id=\"_59792\"><div class=\"row\"><div class=\"col-sm-12\" id=\"field_container\"><div class=\"row\"><div class=\"col-sm-12 input_container\"><input type=\"hidden\" class=\"set_math_result\" value=\"0\" name=\"math_result\" id=\"_59792__math_result\"><div class=\"the_input_element\" data-math-equation=\"\" data-original-math-equation=\"\" data-decimal-places=\"0\">Dane osobowe z formularza nie s\u0105 przechowywane ani przetwarzane.<\/div><div style=\"clear:both\"><\/div><\/div><\/div><\/div><\/div><\/div><div class=\"form_field all_fields submit-button the_submit button_fields common_fields preset_fields special_fields selection_fields\" style=\"margin-bottom: 11px\" id=\"_11677\"><div class=\"row\"><div class=\"col-sm-12\" id=\"field_container\"><div class=\"row\"><div class=\"col-sm-12 input_container\"><button class=\"nex-submit svg_ready the_input_element btn btn-default\" data-ga=\"\" style=\"color: #000000\">Wy\u015blij<\/button><\/div><\/div><\/div><\/div><\/div><\/form><\/div><\/div><\/div><\/div><\/div><style type=\"text\/css\" class=\"nex-forms-custom-css\"><\/style>\n","protected":false},"excerpt":{"rendered":"<p>Prosimy o wpisywanie intencji o tej samej tre\u015bci nie cz\u0119\u015bciej ni\u017c raz w miesi\u0105cu, gdy\u017c przez ca\u0142y miesi\u0105c zg\u0142oszona intencja jest z\u0142o\u017cona na o\u0142tarzu z \u0142askami s\u0142yn\u0105cym obrazem Jezusa Mi\u0142osiernego i grobem \u015bw. Faustyny w czasie Godziny Mi\u0142osierdzia i Koronki do Mi\u0142osierdzia Bo\u017cego. W tych intencjach modl\u0105 si\u0119 siostry, pielgrzymi oraz osoby, kt\u00f3re \u0142\u0105cz\u0105 si\u0119 [&hellip;]<\/p>\n","protected":false},"author":1,"featured_media":0,"parent":0,"menu_order":0,"comment_status":"closed","ping_status":"closed","template":"","meta":{"footnotes":""},"categories":[56170],"tags":[],"class_list":["post-7554","page","type-page","status-publish","hentry","category-formularze-intencje"],"_links":{"self":[{"href":"https:\/\/www.faustyna.pl\/zmbm\/wp-json\/wp\/v2\/pages\/7554","targetHints":{"allow":["GET"]}}],"collection":[{"href":"https:\/\/www.faustyna.pl\/zmbm\/wp-json\/wp\/v2\/pages"}],"about":[{"href":"https:\/\/www.faustyna.pl\/zmbm\/wp-json\/wp\/v2\/types\/page"}],"author":[{"embeddable":true,"href":"https:\/\/www.faustyna.pl\/zmbm\/wp-json\/wp\/v2\/users\/1"}],"replies":[{"embeddable":true,"href":"https:\/\/www.faustyna.pl\/zmbm\/wp-json\/wp\/v2\/comments?post=7554"}],"version-history":[{"count":5,"href":"https:\/\/www.faustyna.pl\/zmbm\/wp-json\/wp\/v2\/pages\/7554\/revisions"}],"predecessor-version":[{"id":31438,"href":"https:\/\/www.faustyna.pl\/zmbm\/wp-json\/wp\/v2\/pages\/7554\/revisions\/31438"}],"wp:attachment":[{"href":"https:\/\/www.faustyna.pl\/zmbm\/wp-json\/wp\/v2\/media?parent=7554"}],"wp:term":[{"taxonomy":"category","embeddable":true,"href":"https:\/\/www.faustyna.pl\/zmbm\/wp-json\/wp\/v2\/categories?post=7554"},{"taxonomy":"post_tag","embeddable":true,"href":"https:\/\/www.faustyna.pl\/zmbm\/wp-json\/wp\/v2\/tags?post=7554"}],"curies":[{"name":"wp","href":"https:\/\/api.w.org\/{rel}","templated":true}]}}