



{"id":800,"date":"2014-12-14T10:22:54","date_gmt":"2014-12-14T09:22:54","guid":{"rendered":"http:\/\/www.faustyna.pl\/zmbm\/?page_id=800"},"modified":"2026-04-13T17:08:14","modified_gmt":"2026-04-13T15:08:14","slug":"obraz","status":"publish","type":"page","link":"https:\/\/www.faustyna.pl\/zmbm\/obraz\/","title":{"rendered":"Obraz"},"content":{"rendered":"<p align=\"justify\"><a href=\"https:\/\/www.faustyna.pl\/zmbm\/wp-content\/uploads\/2014\/12\/Obraz-JuT-wykadrowany.jpg\" data-gallery><img loading=\"lazy\" decoding=\"async\" class=\" wp-image-7666 alignnone\" src=\"https:\/\/www.faustyna.pl\/zmbm\/wp-content\/uploads\/2014\/12\/Obraz-JuT-wykadrowany-560x337.jpg\" alt=\"Obraz JuT - wykadrowany\" width=\"560\" height=\"337\" srcset=\"https:\/\/www.faustyna.pl\/zmbm\/wp-content\/uploads\/2014\/12\/Obraz-JuT-wykadrowany-560x337.jpg 560w, https:\/\/www.faustyna.pl\/zmbm\/wp-content\/uploads\/2014\/12\/Obraz-JuT-wykadrowany-140x84.jpg 140w, https:\/\/www.faustyna.pl\/zmbm\/wp-content\/uploads\/2014\/12\/Obraz-JuT-wykadrowany.jpg 1024w\" sizes=\"auto, (max-width: 560px) 100vw, 560px\" \/><\/a><\/p>\n<p><a href=\"https:\/\/www.faustyna.pl\/zmbm\/laskami-slynacy-obraz-jezusa-milosiernego\/\">Zobacz gigapikselow\u0105 prezentacj\u0119 \u0142askami s\u0142yn\u0105cego obrazu Jezusa Mi\u0142osiernego<\/a> z Sanktuarium w Krakowie-\u0141agiewnikach.<\/p>\n<p align=\"justify\">\nObraz Jezusa Mi\u0142osiernego nale\u017cy do najbardziej znanych w historii Ko\u015bcio\u0142a i we wsp\u00f3\u0142czesnym \u015bwiecie wizerunk\u00f3w Chrystusa ukrzy\u017cowanego i zmartwychwsta\u0142ego. Jest to obraz niezwyk\u0142y nie tylko z tego wzgl\u0119du, \u017ce jest najbardziej upowszechniony, ale przede wszystkim dlatego, \u017ce jego wsp\u00f3\u0142autorem jest sam Pan Jezus, kt\u00f3ry w\u0142a\u015bnie w takiej postaci ukaza\u0142 si\u0119 Siostrze Faustynie w celi p\u0142ockiego klasztoru Zgromadzenia Si\u00f3str Matki Bo\u017cej Mi\u0142osierdzia 22 lutego 1931 roku i wed\u0142ug tej wizji poleci\u0142 namalowa\u0107 sw\u00f3j obraz. <i style=\"font-weight: normal\">Wieczorem, kiedy by\u0142am w celi<\/i> \u2013 relacjonuje to wydarzenie w \u201eDzienniczku\u201d \u2013 <i style=\"font-weight: normal\">ujrza\u0142am Pana Jezusa ubranego w szacie bia\u0142ej. Jedna r\u0119ka wzniesiona do b\u0142ogos\u0142awie\u0144stwa, a druga dotyka\u0142a szaty na piersiach. Z uchylenia szaty na piersiach wychodzi\u0142y dwa wielkie promienie, jeden czerwony, a drugi blady.<\/i> (\u2026) <i style=\"font-weight: normal\">Po chwili powiedzia\u0142 mi Jezus: \u201eWymaluj obraz wed\u0142ug rysunku, kt\u00f3ry widzisz, z podpisem: Jezu, ufam Tobie. Pragn\u0119, aby ten obraz czczono najpierw w kaplicy waszej i na ca\u0142ym \u015bwiecie\u201d<\/i> <span style=\"font-size: 90%\">(Dz. 47)<\/span>.<\/p>\n<p align=\"justify\">Obraz powsta\u0142 wi\u0119c z woli samego Jezusa.\u00a0 Jest znakiem i zarazem wizualn\u0105 syntez\u0105 ca\u0142ego or\u0119dzia o Bo\u017cym mi\u0142osierdziu, kt\u00f3re przekaza\u0142 przez \u015bw. Siostr\u0119 Faustyn\u0119, gdy\u017c z jednej strony przypomina objawion\u0105 na kartach Pisma \u015awi\u0119tego tajemnic\u0119 mi\u0142osiernej mi\u0142o\u015bci Boga do cz\u0142owieka, wzywa do kszta\u0142towania chrze\u015bcija\u0144skiej postawy ufno\u015bci wobec Niego i mi\u0142osierdzia wzgl\u0119dem bli\u017anich, a tak\u017ce spe\u0142nia rol\u0119 naczynia do czerpania \u0142ask, kt\u00f3re zosta\u0142o obdarzone przez Jezusa wieloma obietnicami. Z ufn\u0105 modlitw\u0105 przed tym obrazem po\u0142\u0105czon\u0105 z uczynkami mi\u0142osierdzia wzgl\u0119dem bli\u017anich zwi\u0105za\u0142 Jezus obietnic\u0119 og\u00f3ln\u0105 wszelkich \u0142ask i doczesnych dobrodziejstw (je\u015bli one s\u0105 zgodne z wol\u0105 Bo\u017c\u0105), a tak\u017ce obietnice szczeg\u00f3\u0142owe: \u0142aski zbawienia, du\u017cych post\u0119p\u00f3w na drodze chrze\u015bcija\u0144skiej doskona\u0142o\u015bci i \u0142ask\u0119 szcz\u0119\u015bliwej \u015bmierci.<\/p>\n<p style=\"text-align: justify\">Pierwszy obraz Mi\u0142osierdzia Bo\u017cego powsta\u0142 w pracowni wile\u0144skiego artysty Eugeniusza Kazimirowskiego pod okiem Siostry Faustyny w 1934 roku. Od tego czasu powsta\u0142o wiele r\u00f3\u017cnych wersji wizerunku Chrystusa Mi\u0142osiernego malowanych wed\u0142ug wizji Siostry Faustyny, kt\u00f3re s\u0105 w ko\u015bcio\u0142ach, kaplicach ca\u0142ego \u015bwiata. Szczeg\u00f3lne miejsce w tej ikonografii i kulcie Mi\u0142osierdzia Bo\u017cego zajmuje \u0142askami s\u0142yn\u0105cy obraz z kaplicy klasztornej Zgromadzenia Si\u00f3str Matki Bo\u017cej Mi\u0142osierdzia w Sanktuarium Mi\u0142osierdzia Bo\u017cego w Krakowie-\u0141agiewnikach. Na nim bowiem spe\u0142ni\u0142y si\u0119 s\u0142owa Jezusa: <i style=\"font-weight: normal\">Pragn\u0119, aby ten obraz czczono najpierw w kaplicy waszej i na ca\u0142ym \u015bwiecie<\/i> <span style=\"font-size: 90%\">(Dz. 47)<\/span>, cho\u0107 nie by\u0142 to ani pierwszy obraz malowany pod okiem Siostry Faustyny, ani pierwszy obraz w kaplicach jej Zgromadzenia. Ten wizerunek Chrystusa cieszy si\u0119 niezwyk\u0142\u0105 czci\u0105 wiernych, s\u0142ynie wieloma \u0142askami, a jego kopie i reprodukcje mo\u017cna spotka\u0107 wsz\u0119dzie, na wszystkich kontynentach \u015bwiata.<\/p>\n<p><!--more--><\/p>\n<p align=\"justify\"><b>Rysunek obrazu<\/b><\/p>\n<p><a href=\"https:\/\/www.faustyna.pl\/zmbm\/wp-content\/uploads\/2014\/12\/olatrz-z-cudownym-obrazem-JuT.jpg\" data-gallery><img loading=\"lazy\" decoding=\"async\" class=\"size-medium wp-image-10343 alignnone\" src=\"https:\/\/www.faustyna.pl\/zmbm\/wp-content\/uploads\/2014\/12\/olatrz-z-cudownym-obrazem-JuT-560x334.jpg\" alt=\"\" width=\"560\" height=\"334\" srcset=\"https:\/\/www.faustyna.pl\/zmbm\/wp-content\/uploads\/2014\/12\/olatrz-z-cudownym-obrazem-JuT-560x334.jpg 560w, https:\/\/www.faustyna.pl\/zmbm\/wp-content\/uploads\/2014\/12\/olatrz-z-cudownym-obrazem-JuT-140x84.jpg 140w, https:\/\/www.faustyna.pl\/zmbm\/wp-content\/uploads\/2014\/12\/olatrz-z-cudownym-obrazem-JuT.jpg 1024w\" sizes=\"auto, (max-width: 560px) 100vw, 560px\" \/><\/a><\/p>\n<p align=\"justify\">Rysunek tego obrazu zasadniczo zosta\u0142 ukazany przez Pana Jezusa w wizji, jak\u0105 mia\u0142a Siostra Faustyna w P\u0142ocku 22 lutego 1931 roku <span style=\"font-size: 90%\">(Dz. 47)<\/span>. Jezus jest w bia\u0142ej szacie. Praw\u0105 r\u0119k\u0119 ma wzniesion\u0105 do b\u0142ogos\u0142awie\u0144stwa, lew\u0105 dotyka szaty na piersiach, sk\u0105d wychodz\u0105 dwa wielkie promienie: czerwony i blady. W podpisie obrazu s\u0105 s\u0142owa: <i style=\"font-weight: normal\">Jezu, ufam Tobie.<\/i><\/p>\n<p style=\"text-align: justify\">Zmartwychwsta\u0142y Chrystus ma na sobie bia\u0142\u0105 szat\u0119. Praw\u0105 r\u0119k\u0119 wznosi <i style=\"font-weight: normal\">do b\u0142ogos\u0142awie\u0144stwa.<\/i> W opisie wizji tego obrazu nie ma mowy o tym, do jakiej wysoko\u015bci ma by\u0107 uniesiona r\u0119ka w ge\u015bcie b\u0142ogos\u0142awie\u0144stwa. Na obrazie, kt\u00f3ry malowa\u0142 Eugeniusz Kazimirowski i do kt\u00f3rego pozowa\u0142 ks. Sopo\u0107ko, Jezus praw\u0105 r\u0119k\u0119 ma wzniesion\u0105 tylko do wysoko\u015bci\u00a0 ramienia,\u00a0 bo taki ryt\u00a0 b\u0142ogos\u0142awie\u0144stwa w\u00f3wczas\u00a0 by\u0142 przyj\u0119ty. W \u015bwietle \u201eDzienniczka\u201d \u017cadnego znaczenia nie ma to, czy r\u0119ka jest wzniesiona do wysoko\u015bci ramienia, czy wy\u017cej. Wa\u017cne jest tylko to, aby prawa r\u0119ka by\u0142a <i style=\"font-weight: normal\">wzniesiona do b\u0142ogos\u0142awie\u0144stwa<\/i> <span style=\"font-size: 90%\">(Dz. 47)<\/span>.<\/p>\n<p style=\"text-align: justify\">Niekt\u00f3re elementy\u00a0 rysunku tego obrazu\u00a0 Pan Jezus dodatkowo wyja\u015bni\u0142 w kilku objawieniach w Wilnie w 1934 roku, gdy w pracowni Eugeniusza Kazimirowskiego pod okiem Siostry Faustyny powstawa\u0142 pierwszy wizerunek malowany wed\u0142ug wizji p\u0142ockiej. Na pytanie o znaczenie promieni Jezus powiedzia\u0142: <i style=\"font-weight: normal\">Te dwa promienie oznaczaj\u0105 krew i wod\u0119. Blady promie\u0144 oznacza wod\u0119, kt\u00f3ra usprawiedliwia dusze; czerwony promie\u0144 oznacza krew, kt\u00f3ra jest \u017cyciem dusz&#8230; \u2013 Te dwa promienie wysz\u0142y z wn\u0119trzno\u015bci mi\u0142osierdzia Mojego w\u00f3wczas, kiedy konaj\u0105ce\u00a0 serce\u00a0 Moje\u00a0 zosta\u0142o w\u0142\u00f3czni\u0105\u00a0 otwarte\u00a0 na krzy\u017cu<\/i> <span style=\"font-size: 90%\">(Dz. 299)<\/span>. Niew\u0142a\u015bciwe wi\u0119c wydaje si\u0119 malowanie tych promieni jako \u015bwiat\u0142a, kt\u00f3re rozchodzi si\u0119 we wszystkie strony, tak\u017ce go g\u00f3ry. Te promienie wychodz\u0105 <i style=\"font-weight: normal\">z uchylenia szaty na piersiach<\/i> w okolicy serca, jednak na obrazie serce Jezusa ma by\u0107 niewidoczne.<\/p>\n<p style=\"text-align: justify\">Kolejny szczeg\u00f3\u0142\u00a0 rysunku\u00a0 dotyczy spojrzenia Jezusa. <i style=\"font-weight: normal\">Spojrzenie Moje z tego obrazu jest takie jako spojrzenie z krzy\u017ca<\/i> <span style=\"font-size: 90%\">(Dz. 326)<\/span> \u2013 takie s\u0142owa Pana Jezusa zanotowa\u0142a w \u201eDzienniczku\u201d Siostra Faustyna. Niekt\u00f3rzy \u2013 w\u015br\u00f3d nich ks. M. Sopo\u0107ko \u2013 interpretowali te s\u0142owa dos\u0142ownie: <i style=\"font-weight: normal\">jak z krzy\u017ca<\/i>, czyli z g\u00f3ry na d\u00f3\u0142. Inni twierdz\u0105, \u017ce te s\u0142owa trzeba interpretowa\u0107 w spos\u00f3b duchowy, a nie dos\u0142owny. S\u0142owa: <i style=\"font-weight: normal\">Spojrzenie Moje z tego obrazu jest takie jako spojrzenie z krzy\u017ca<\/i> oznaczaj\u0105 spojrzenie mi\u0142osierne, zatroskane o cz\u0142owieka, poszukuj\u0105ce go, kt\u00f3re najpe\u0142niej objawi\u0142o si\u0119 w\u0142a\u015bnie na krzy\u017cu Chrystusa.<\/p>\n<p style=\"text-align: justify\">Do istotnych element\u00f3w tego obrazu, integralnie z\u00a0 nim zwi\u0105zanych, nale\u017c\u0105 s\u0142owa: <i style=\"font-weight: normal\">Jezu, ufam Tobie<\/i>, kt\u00f3re maj\u0105 by\u0107 umieszczone w podpisie. Wile\u0144ski spowiednik Siostry Faustyny, kt\u00f3ry stara\u0142 si\u0119 o namalowanie pierwszego obrazu, pyta\u0142 Siostr\u0119 Faustyn\u0119, czy w podpisie mog\u0105 by\u0107 inne s\u0142owa, np. \u201eChrystus, Kr\u00f3l Mi\u0142osierdzia\u201d <span style=\"font-size: 90%\">(Dz. 88)<\/span>. <i style=\"font-weight: normal\">Jezus mi przypomnia\u0142<\/i> \u2013 zapisa\u0142a na kartach \u201eDzienniczka\u201d \u2013 <i style=\"font-weight: normal\">jako mi m\u00f3wi\u0142 pierwszy raz, to jest, \u017ce te trzy s\u0142owa musz\u0105 by\u0107 uwidocznione. S\u0142owa te s\u0105 takie: Jezu, ufam Tobie. Zrozumia\u0142am, \u017ce Jezus pragnie, a\u017ceby by\u0142a umieszczona ca\u0142a formu\u0142ka<\/i> <span style=\"font-size: 90%\">(Dz. 327)<\/span>.<\/p>\n<p style=\"text-align: justify\">To, co jest istotne dla or\u0119dzia Mi\u0142osierdzia, kt\u00f3re Jezus przekaza\u0142 przez Siostr\u0119 Faustyn\u0119, w tym tak\u017ce dla rysunku obrazu Mi\u0142osierdzia Bo\u017cego, zosta\u0142o zapisane w jej \u201eDzienniczku\u201d. W tym utwierdzaj\u0105 nas s\u0142owa Jezusa powiedziane do Siostry Faustyny pod koniec jej \u017cycia: <i style=\"font-weight: normal\">B\u0105d\u017a spokojna, c\u00f3rko Moja, to dzie\u0142o mi\u0142osierdzia Moim jest, nic nie ma w nim twego; podoba Mi si\u0119, \u017ce wiernie spe\u0142niasz to, com ci poleci\u0142, ani jednego s\u0142owa nie doda\u0142a\u015b, ani uj\u0119\u0142a\u015b<\/i> <span style=\"font-size: 90%\">(Dz. 1667)<\/span>.<\/p>\n<p style=\"text-align: justify\">Maj\u0105c\u00a0tak\u00a0dok\u0142adne\u00a0instrukcje,\u00a0wiadomo,\u00a0jak malowa\u0107\u00a0obraz Jezusa Mi\u0142osiernego, a mimo to pojawi\u0142o si\u0119 wiele nieprawid\u0142owych wizerunk\u00f3w. Najcz\u0119\u015bciej pomijane s\u0105 s\u0142owa umieszczone w podpisie obrazu: <i style=\"font-weight: normal\">Jezu, ufam Tobie<\/i>. Czasem mo\u017cna spotka\u0107 domalowane Serce lub koron\u0119 na g\u0142owie dla podkre\u015blenia, \u017ce promienie wysz\u0142y z Serca, a Jezus przedstawiony na obrazie jest Kr\u00f3lem Mi\u0142osierdzia. Spotka\u0107 te\u017c mo\u017cna reprodukcje samego oblicza Jezusa, pod kt\u00f3rym umieszczono podpis: <i style=\"font-weight: normal\">Jezu, ufam Tobie<\/i>. Obok malowanych obraz\u00f3w Jezusa Mi\u0142osiernego mo\u017cna r\u00f3wnie\u017c spotka\u0107 rze\u017aby, p\u0142askorze\u017aby czy te\u017c wizerunki wykonywane r\u00f3\u017cnymi nowoczesnymi technikami. Do kultu winny by\u0107 jednak oddawane obrazy, poniewa\u017c Pan Jezus wskaza\u0142 na taki rodzaj swego wizerunku, gdy m\u00f3wi\u0142: <i style=\"font-weight: normal\">Wymaluj obraz wed\u0142ug rysunku, kt\u00f3ry widzisz, z podpisem: Jezu, ufam Tobie<\/i> <span style=\"font-size: 90%\">(Dz. 47)<\/span>.<\/p>\n<p style=\"text-align: justify\">\u00a0\u00a0\u00a0 \u00a0\u00a0\u00a0 <b>Znaczenie teologiczne obrazu\u00a0<\/b><\/p>\n<p style=\"text-align: justify\">Teologiczne znaczenie tego obrazu ks. M. Sopo\u0107ko wi\u0105\u017ce z \u017cyczeniem Pana Jezusa, aby obraz by\u0142 po\u015bwi\u0119cony i publicznie uczczony w pierwsz\u0105 niedziel\u0119 po Wielkanocy. W t\u0119 niedziel\u0119 \u2013 od czasu Soboru Trydenckiego \u2013 czytany jest fragment Ewangelii wed\u0142ug \u015bw. Jana, m\u00f3wi\u0105cy o ukazaniu si\u0119 Pana Jezusa Aposto\u0142om w Wieczerniku i ustanowieniu sakramentu pokuty. Obraz ukazuje wi\u0119c zmartwychwsta\u0142ego Chrystusa, przynosz\u0105cego pok\u00f3j, odpuszczenie grzech\u00f3w i wszelkie \u0142aski za cen\u0119 swej m\u0119ki i \u015bmierci krzy\u017cowej, kt\u00f3rej \u015blady nosi na swoim ciele i jako znak to\u017csamo\u015bci pokazuje je uczniom. Strumienie krwi i wody p\u0142yn\u0105ce z przebitego Serca (niewidocznego na obrazie) oraz rany na d\u0142oniach i stopach przywo\u0142uj\u0105 wydarzenia z Wielkiego Pi\u0105tku. Charakterystyczne dla tego obrazu s\u0105 owe dwa promienie: czerwony i blady. Pan Jezus zapytany o ich znaczenie wyja\u015bni\u0142: <i style=\"font-weight: normal\">Te dwa promienie oznaczaj\u0105 krew i wod\u0119. Blady promie\u0144 oznacza wod\u0119, kt\u00f3ra usprawiedliwia\u00a0 dusze; czerwony\u00a0 promie\u0144 oznacza krew,\u00a0 kt\u00f3ra\u00a0 jest\u00a0 \u017cyciem\u00a0 dusz<\/i> <span style=\"font-size: 90%\">(Dz. 299)<\/span>. Te dwa promienie symbolizuj\u0105 wi\u0119c sakramenty \u015bwi\u0119te, Ko\u015bci\u00f3\u0142 \u015bwi\u0119ty zrodzony z przebitego boku Chrystusa i dary Ducha \u015awi\u0119tego, kt\u00f3rego biblijnym symbolem jest woda. <i style=\"font-weight: normal\">Szcz\u0119\u015bliwy, kto w ich cieniu \u017cy\u0107 b\u0119dzie<\/i> \u2013 m\u00f3wi\u0142 Pan Jezus \u2013 <i style=\"font-weight: normal\">bo nie dosi\u0119gnie go sprawiedliwa r\u0119ka Boga<\/i> <span style=\"font-size: 90%\">(Dz. 299)<\/span>.<\/p>\n<p style=\"text-align: justify\">Obraz wed\u0142ug\u00a0 krakowskiego\u00a0 kierownika\u00a0 duchowego\u00a0 Siostry Faustyny ma szersz\u0105 interpretacj\u0119, gdy\u017c nie odnosi si\u0119 tylko do wydarze\u0144 paschalnych w \u017cyciu Chrystusa, ale jest w og\u00f3le znakiem mi\u0142osiernej mi\u0142o\u015bci Boga do cz\u0142owieka. Ta mi\u0142o\u015b\u0107 Boga najpe\u0142niej zosta\u0142a objawiona w stylu \u017cycia, cudach i nauczaniu Jezusa, a szczeg\u00f3lnie w Jego m\u0119ce, \u015bmierci i zmartwychwstaniu. Obraz \u2013 jak zauwa\u017ca ks. prof. I. R\u00f3\u017cycki \u2013 ukazuje mi\u0142osierdzie ca\u0142ej Tr\u00f3jcy \u015awi\u0119tej, dlatego nazywany jest obrazem Mi\u0142osierdzia Bo\u017cego lub obrazem Jezusa Mi\u0142osiernego, gdy\u017c On najpe\u0142niej t\u0119 tajemnic\u0119 objawi\u0142 cz\u0142owiekowi.<\/p>\n<p style=\"text-align: justify\">Obraz stanowi\u00a0 wizualn\u0105 syntez\u0119 nabo\u017ce\u0144stwa do Mi\u0142osierdzia Bo\u017cego, bo nie tylko ukazuje tajemnic\u0119 mi\u0142osierdzia Bo\u017cego, kt\u00f3ra najpe\u0142niej zosta\u0142a objawiona w \u017cyciu, \u015bmierci i zmartwychwstaniu Chrystusa, ale tak\u017ce odpowied\u017a cz\u0142owieka, jak\u0105 winien on da\u0107 Panu Bogu poznaj\u0105c t\u0119 tajemnic\u0119 naszej wiary. W podpisie obrazu s\u0105 umieszczone s\u0142owa: <i style=\"font-weight: normal\">Jezu, ufam Tobie<\/i>. One m\u00f3wi\u0105 o pierwszej, podstawowej odpowiedzi cz\u0142owieka na uprzedzaj\u0105c\u0105 mi\u0142osiern\u0105 mi\u0142o\u015b\u0107 Boga. Jest ni\u0105 ufno\u015b\u0107.<\/p>\n<p style=\"text-align: justify\">Ufno\u015b\u0107 w pismach\u00a0 \u015bw. Siostry Faustyny oznacza ca\u0142o\u017cyciow\u0105 postaw\u0119 cz\u0142owieka wobec Boga, kt\u00f3r\u0105 warunkuje: wiara, nadzieja, mi\u0142o\u015b\u0107, a z cn\u00f3t moralnych: pokora i skrucha. Chodzi wi\u0119c tutaj o postaw\u0119 dziecka wobec kochaj\u0105cego ojca, kt\u00f3re w spos\u00f3b bezwarunkowy mu si\u0119 powierza. Postawa ufno\u015bci wobec Boga \u2013 o kt\u00f3rej mowa w nabo\u017ce\u0144stwie do Mi\u0142osierdzia Bo\u017cego \u2013 nie jest jakim\u015b pobo\u017cnym uczuciem czy intelektualn\u0105 akceptacj\u0105 prawd wiary, ale bardzo konkretn\u0105 postaw\u0105, kt\u00f3ra na zewn\u0105trz wypowiada si\u0119 w pe\u0142nieniu woli Bo\u017cej zawartej w przykazaniach, obowi\u0105zkach stanu czy rozpoznanych natchnieniach Ducha \u015awi\u0119tego. Cz\u0142owiek ufaj\u0105cy wie, \u017ce wola Bo\u017ca jest dla niego samym mi\u0142osierdziem, dlatego z mi\u0142o\u015bci\u0105 stara si\u0119 j\u0105 przyjmowa\u0107 i pe\u0142ni\u0107 w swoim \u017cyciu.<\/p>\n<p style=\"text-align: justify\">Obraz przypomina\u00a0 tak\u017ce o podstawowym\u00a0 obowi\u0105zku chrze\u015bcija\u0144skim, jakim jest czynna mi\u0142o\u015b\u0107 bli\u017aniego. <i style=\"font-weight: normal\">B\u0105d\u017acie mi\u0142osierni, jak Ojciec wasz jest mi\u0142osierny<\/i> <span style=\"font-size: 90%\">(\u0141k 6, 36)<\/span> \u2013 m\u00f3wi\u0142 Jezus do swoich uczni\u00f3w. Tak wi\u0119c obraz przedstawiaj\u0105cy mi\u0142osierdzie Boga przypomina zarazem ewangeliczne wezwanie, aby si\u0119 stawa\u0107 \u201ena obraz Boga\u201d przez spe\u0142nianie akt\u00f3w mi\u0142osierdzia wobec bli\u017anich. Pan Jezus powiedzia\u0142 do Siostry Faustyny, a przez ni\u0105 do wszystkich czcicieli Mi\u0142osierdzia Bo\u017cego, \u017ce obraz ma przypomina\u0107 \u017c\u0105dania Jego mi\u0142osierdzia, <i style=\"font-weight: normal\">bo nawet wiara najsilniejsza, nic nie pomo\u017ce bez uczynk\u00f3w<\/i> <span style=\"font-size: 90%\">(Dz. 742)<\/span>. <i style=\"font-weight: normal\">\u017b\u0105dam od ciebie uczynk\u00f3w mi\u0142osierdzia<\/i> \u2013 m\u00f3wi\u0142 \u2013 <i style=\"font-weight: normal\">kt\u00f3re maj\u0105 wyp\u0142ywa\u0107 z mi\u0142o\u015bci ku Mnie. Mi\u0142osierdzie masz okazywa\u0107 zawsze i wsz\u0119dzie bli\u017anim, nie mo\u017cesz si\u0119 od tego usun\u0105\u0107 ani wym\u00f3wi\u0107, ani uniewinni\u0107. Podaj\u0119 ci trzy sposoby czynienia mi\u0142osierdzia bli\u017anim: pierwszy \u2013 czyn, drugi \u2013 s\u0142owo, trzeci \u2013 modlitwa; w tych trzech stopniach zawiera si\u0119 pe\u0142nia mi\u0142osierdzia i jest niezbitym dowodem mi\u0142o\u015bci ku Mnie. W ten spos\u00f3b dusza wys\u0142awia i oddaje cze\u015b\u0107 mi\u0142osierdziu Mojemu<\/i> <span style=\"font-size: 90%\">(Dz. 742)<\/span>. Pan Jezus pragnie, aby Jego czciciele wykonali w ci\u0105gu dnia chocia\u017c jeden akt mi\u0142osierdzia wobec bli\u017anich z mi\u0142o\u015bci ku Niemu.<\/p>\n<p style=\"text-align: justify\">\u00a0\u00a0\u00a0 \u00a0\u00a0\u00a0 <b>Obietnice<\/b><\/p>\n<p style=\"text-align: justify\">Cze\u015b\u0107 obrazu\u00a0 Jezusa\u00a0 Mi\u0142osiernego polega\u00a0 wi\u0119c na ufnej modlitwie po\u0142\u0105czonej z aktami mi\u0142osierdzia. Do tak rozumianego kultu obrazu Pan Jezus przywi\u0105za\u0142 wielkie obietnice. Ju\u017c przy pierwszym objawieniu obrazu zapewni\u0142, <i style=\"font-weight: normal\">\u017ce dusza, kt\u00f3ra czci\u0107 b\u0119dzie ten obraz, nie zginie<\/i> <span style=\"font-size: 90%\">(Dz. 48)<\/span>, a wi\u0119c da\u0142 obietnic\u0119 wiecznego zbawienia. Obieca\u0142 tak\u017ce du\u017ce post\u0119py na drodze chrze\u015bcija\u0144skiej\u00a0doskona\u0142o\u015bci,\u00a0\u0142ask\u0119 szcz\u0119\u015bliwej\u00a0\u015bmierci\u00a0oraz wszelkie inne \u0142aski i doczesne dobrodziejstwa, o kt\u00f3re z ufno\u015bci\u0105 mi\u0142osierni ludzie prosi\u0107 Go b\u0119d\u0105. <i style=\"font-weight: normal\">Podaj\u0119 ludziom naczynie<\/i> \u2013 powiedzia\u0142 do Siostry Faustyny \u2013 <i style=\"font-weight: normal\">z kt\u00f3rym maj\u0105 przychodzi\u0107 po \u0142aski do \u017ar\u00f3d\u0142a mi\u0142osierdzia. Tym naczyniem jest ten obraz z podpisem: Jezu, ufam Tobie<\/i> <span style=\"font-size: 90%\">(Dz. 327)<\/span>. <i style=\"font-weight: normal\">Przez obraz ten udziela\u0107 b\u0119d\u0119 wiele \u0142ask dla dusz, a przeto niech ma przyst\u0119p wszelka dusza do niego<\/i> <span style=\"font-size: 90%\">(Dz. 570)<\/span>.<\/p>\n<p style=\"text-align: justify\">Jeszcze za \u017cycia Siostra Faustyna otrzyma\u0142a\u00a0zapewnienie od Pana Jezusa, \u017ce obraz ten poci\u0105gnie wiele dusz do Boga i przez niego mi\u0142osierdzie Bo\u017ce\u00a0 dzia\u0142a\u00a0 w\u00a0 duszach\u00a0 <span style=\"font-size: 90%\">(por. Dz. 1379)<\/span>.\u00a0 W\u00a0 kwietniu\u00a0 1938\u00a0 roku\u00a0 zapisa\u0142a w \u201eDzienniczku\u201d: <i style=\"font-weight: normal\">Dzi\u015b ujrza\u0142am chwa\u0142\u0119 Bo\u017c\u0105, kt\u00f3ra p\u0142ynie z obrazu tego. Wiele dusz doznaje \u0142ask, cho\u0107 o nich g\u0142o\u015bno nie m\u00f3wi\u0105. Cho\u0107 r\u00f3\u017cne s\u0105 koleje jego, B\u00f3g otrzymuje chwa\u0142\u0119 przeze\u0144, i wysi\u0142ki szatana, i z\u0142ych ludzi rozbijaj\u0105 si\u0119 i obracaj\u0105 w nico\u015b\u0107. Mimo z\u0142o\u015bci szatana, mi\u0142osierdzie Bo\u017ce zatriumfuje nad ca\u0142ym \u015bwiatem i czczone b\u0119dzie przez wszystkie dusze<\/i> <span style=\"font-size: 90%\">(Dz. 1789)<\/span>.<\/p>\n<p align=\"right\"><i style=\"font-weight: normal\">s. M. El\u017cbieta Siepak ISMM<\/i><\/p>\n<p>Zobacz te\u017c: <a href=\"https:\/\/www.faustyna.pl\/zmbm\/obraz-historia-nabozenstwa\/\">Historia obraz\u00f3w Mi\u0142osierdzia Bo\u017cego<\/a><\/p>\n<p><a href=\"https:\/\/www.faustyna.pl\/zmbm\/milosierdzie\/\">Mi\u0142osierdzie\/Nabo\u017ce\u0144stwo do Mi\u0142osierdzia Bo\u017cego<\/a><\/p>\n","protected":false},"excerpt":{"rendered":"<p>Zobacz gigapikselow\u0105 prezentacj\u0119 \u0142askami s\u0142yn\u0105cego obrazu Jezusa Mi\u0142osiernego z Sanktuarium w Krakowie-\u0141agiewnikach. Obraz Jezusa Mi\u0142osiernego nale\u017cy do najbardziej znanych w historii Ko\u015bcio\u0142a i we wsp\u00f3\u0142czesnym \u015bwiecie wizerunk\u00f3w Chrystusa ukrzy\u017cowanego i zmartwychwsta\u0142ego. Jest to obraz niezwyk\u0142y nie tylko z tego wzgl\u0119du, \u017ce jest najbardziej upowszechniony, ale przede wszystkim dlatego, \u017ce jego wsp\u00f3\u0142autorem jest sam Pan Jezus, [&hellip;]<\/p>\n","protected":false},"author":1,"featured_media":0,"parent":0,"menu_order":0,"comment_status":"closed","ping_status":"closed","template":"","meta":{"footnotes":""},"categories":[11],"tags":[],"class_list":["post-800","page","type-page","status-publish","hentry","category-nabozenstwo-do-milosierdzia-bozego"],"_links":{"self":[{"href":"https:\/\/www.faustyna.pl\/zmbm\/wp-json\/wp\/v2\/pages\/800","targetHints":{"allow":["GET"]}}],"collection":[{"href":"https:\/\/www.faustyna.pl\/zmbm\/wp-json\/wp\/v2\/pages"}],"about":[{"href":"https:\/\/www.faustyna.pl\/zmbm\/wp-json\/wp\/v2\/types\/page"}],"author":[{"embeddable":true,"href":"https:\/\/www.faustyna.pl\/zmbm\/wp-json\/wp\/v2\/users\/1"}],"replies":[{"embeddable":true,"href":"https:\/\/www.faustyna.pl\/zmbm\/wp-json\/wp\/v2\/comments?post=800"}],"version-history":[{"count":16,"href":"https:\/\/www.faustyna.pl\/zmbm\/wp-json\/wp\/v2\/pages\/800\/revisions"}],"predecessor-version":[{"id":32213,"href":"https:\/\/www.faustyna.pl\/zmbm\/wp-json\/wp\/v2\/pages\/800\/revisions\/32213"}],"wp:attachment":[{"href":"https:\/\/www.faustyna.pl\/zmbm\/wp-json\/wp\/v2\/media?parent=800"}],"wp:term":[{"taxonomy":"category","embeddable":true,"href":"https:\/\/www.faustyna.pl\/zmbm\/wp-json\/wp\/v2\/categories?post=800"},{"taxonomy":"post_tag","embeddable":true,"href":"https:\/\/www.faustyna.pl\/zmbm\/wp-json\/wp\/v2\/tags?post=800"}],"curies":[{"name":"wp","href":"https:\/\/api.w.org\/{rel}","templated":true}]}}