



{"id":845,"date":"2014-12-14T10:22:54","date_gmt":"2014-12-14T09:22:54","guid":{"rendered":"http:\/\/www.faustyna.pl\/zmbm\/?page_id=845"},"modified":"2026-05-08T09:24:13","modified_gmt":"2026-05-08T07:24:13","slug":"szerzenie-czci-milosierdzia-historia-nabozenstwa","status":"publish","type":"page","link":"https:\/\/www.faustyna.pl\/zmbm\/szerzenie-czci-milosierdzia-historia-nabozenstwa\/","title":{"rendered":"Szerzenie czci Mi\u0142osierdzia"},"content":{"rendered":"<p><a href=\"https:\/\/www.faustyna.pl\/zmbm\/wp-content\/uploads\/2014\/12\/szerzenie-oredzia-Milosierdzia.jpg\" data-gallery><img loading=\"lazy\" decoding=\"async\" class=\"alignnone wp-image-10421 size-large\" src=\"https:\/\/www.faustyna.pl\/zmbm\/wp-content\/uploads\/2014\/12\/szerzenie-oredzia-Milosierdzia-1024x604.jpg\" alt=\"\" width=\"1024\" height=\"604\" srcset=\"https:\/\/www.faustyna.pl\/zmbm\/wp-content\/uploads\/2014\/12\/szerzenie-oredzia-Milosierdzia.jpg 1024w, https:\/\/www.faustyna.pl\/zmbm\/wp-content\/uploads\/2014\/12\/szerzenie-oredzia-Milosierdzia-140x83.jpg 140w, https:\/\/www.faustyna.pl\/zmbm\/wp-content\/uploads\/2014\/12\/szerzenie-oredzia-Milosierdzia-560x330.jpg 560w\" sizes=\"auto, (max-width: 1024px) 100vw, 1024px\" \/><\/a><\/p>\n<p align=\"justify\">Historia kultu Mi\u0142osierdzia Bo\u017cego:<br \/>\n<a href=\"https:\/\/www.faustyna.pl\/zmbm\/apostolski-ruch-bozego-milosierdzia\/\">Apostolski Ruch Bo\u017cego Mi\u0142osierdzia<\/a><\/p>\n<p>O formie kultu Mi\u0142osierdzia Bo\u017cego:<br \/>\n<a href=\"https:\/\/www.faustyna.pl\/zmbm\/szerzenie-czci-milosierdzia\/\">Szerzenie czci Mi\u0142osierdzia Bo\u017cego<\/a><\/p>\n<p><a href=\"https:\/\/www.faustyna.pl\/zmbm\/milosierdzie\/\">Mi\u0142osierdzie\/Historia nabo\u017ce\u0144stwa do Mi\u0142osierdzia Bo\u017cego<\/a><\/p>\n","protected":false},"excerpt":{"rendered":"<p>Historia kultu Mi\u0142osierdzia Bo\u017cego: Apostolski Ruch Bo\u017cego Mi\u0142osierdzia O formie kultu Mi\u0142osierdzia Bo\u017cego: Szerzenie czci Mi\u0142osierdzia Bo\u017cego Mi\u0142osierdzie\/Historia nabo\u017ce\u0144stwa do Mi\u0142osierdzia Bo\u017cego<\/p>\n","protected":false},"author":1,"featured_media":0,"parent":0,"menu_order":0,"comment_status":"closed","ping_status":"closed","template":"","meta":{"footnotes":""},"categories":[14],"tags":[],"class_list":["post-845","page","type-page","status-publish","hentry","category-historia-nabozenstwa-do-milosierdzia-bozego"],"_links":{"self":[{"href":"https:\/\/www.faustyna.pl\/zmbm\/wp-json\/wp\/v2\/pages\/845","targetHints":{"allow":["GET"]}}],"collection":[{"href":"https:\/\/www.faustyna.pl\/zmbm\/wp-json\/wp\/v2\/pages"}],"about":[{"href":"https:\/\/www.faustyna.pl\/zmbm\/wp-json\/wp\/v2\/types\/page"}],"author":[{"embeddable":true,"href":"https:\/\/www.faustyna.pl\/zmbm\/wp-json\/wp\/v2\/users\/1"}],"replies":[{"embeddable":true,"href":"https:\/\/www.faustyna.pl\/zmbm\/wp-json\/wp\/v2\/comments?post=845"}],"version-history":[{"count":7,"href":"https:\/\/www.faustyna.pl\/zmbm\/wp-json\/wp\/v2\/pages\/845\/revisions"}],"predecessor-version":[{"id":32368,"href":"https:\/\/www.faustyna.pl\/zmbm\/wp-json\/wp\/v2\/pages\/845\/revisions\/32368"}],"wp:attachment":[{"href":"https:\/\/www.faustyna.pl\/zmbm\/wp-json\/wp\/v2\/media?parent=845"}],"wp:term":[{"taxonomy":"category","embeddable":true,"href":"https:\/\/www.faustyna.pl\/zmbm\/wp-json\/wp\/v2\/categories?post=845"},{"taxonomy":"post_tag","embeddable":true,"href":"https:\/\/www.faustyna.pl\/zmbm\/wp-json\/wp\/v2\/tags?post=845"}],"curies":[{"name":"wp","href":"https:\/\/api.w.org\/{rel}","templated":true}]}}