



{"id":958,"date":"2014-12-14T10:22:54","date_gmt":"2014-12-14T09:22:54","guid":{"rendered":"http:\/\/www.faustyna.pl\/zmbm\/?page_id=958"},"modified":"2026-05-08T09:43:00","modified_gmt":"2026-05-08T07:43:00","slug":"modlitwa-do-niepokalanej-matki-milosierdzia","status":"publish","type":"page","link":"https:\/\/www.faustyna.pl\/zmbm\/modlitwa-do-niepokalanej-matki-milosierdzia\/","title":{"rendered":"Modlitwa do Niepokalanej Matki Mi\u0142osierdzia"},"content":{"rendered":"<p style=\"text-align: justify\" align=\"center\"><a href=\"https:\/\/www.faustyna.pl\/zmbm\/wp-content\/uploads\/2014\/12\/Niepokalana-1.jpg\" data-gallery><img loading=\"lazy\" decoding=\"async\" class=\"alignnone wp-image-10464 size-large\" src=\"https:\/\/www.faustyna.pl\/zmbm\/wp-content\/uploads\/2014\/12\/Niepokalana-1-1024x600.jpg\" alt=\"\" width=\"1024\" height=\"600\" srcset=\"https:\/\/www.faustyna.pl\/zmbm\/wp-content\/uploads\/2014\/12\/Niepokalana-1.jpg 1024w, https:\/\/www.faustyna.pl\/zmbm\/wp-content\/uploads\/2014\/12\/Niepokalana-1-140x82.jpg 140w, https:\/\/www.faustyna.pl\/zmbm\/wp-content\/uploads\/2014\/12\/Niepokalana-1-560x328.jpg 560w\" sizes=\"auto, (max-width: 1024px) 100vw, 1024px\" \/><\/a><\/p>\n<p style=\"text-align: justify\" align=\"center\">Niepokalana Matko Mi\u0142osierdzia, uciekamy si\u0119 pod Twoj\u0105 obron\u0119, prosz\u0105c, by\u015b jako nasza Matka by\u0142a zawsze z nami i kszta\u0142towa\u0142a nasze serca na wz\u00f3r Twojego. My, c\u00f3rki Twoje, pragniemy ca\u0142ym naszym \u017cyciem s\u0142u\u017cy\u0107 Ci wiernie w pokorze i zapomnieniu o sobie. Ty za\u015b, o Matko, rozpal nasze serca gor\u0105c\u0105 mi\u0142o\u015bci\u0105 Syna Twojego i dusz krwi\u0105 Jego odkupionych. Niech \u017cadna z nas nie waha si\u0119 z\u0142o\u017cy\u0107 siebie w ofierze za Ko\u015bci\u00f3\u0142 \u015bwi\u0119ty, Ojca \u015awi\u0119tego, Ojczyzn\u0119 i dusze nam powierzone. Matko Mi\u0142osierdzia, daj naszemu Zgromadzeniu liczne i \u015bwi\u0119te powo\u0142ania, aby\u015bmy zawsze mog\u0142y g\u0142osi\u0107 ufno\u015b\u0107 w nieprzebrane mi\u0142osierdzie Bo\u017ce nad \u015bwiatem i w Twoje mi\u0142osierdzie macierzy\u0144skie, w kt\u00f3rym spodziewamy si\u0119 znale\u017a\u0107 oparcie w \u017cyciu i w godzin\u0119 \u015bmierci. Amen.<\/p>\n<p>&#8212;&#8212;&#8212;&#8212;&#8212;&#8212;&#8212;&#8212;&#8212;&#8212;&#8212;<br \/>\n<i style=\"font-weight: normal\">Jezu, ufam Tobie. Modlitewnik Zgromadzenia Si\u00f3str Matki Bo\u017cej Mi\u0142osierdzia<\/i>, Warszawa 1986, s. 41.<\/p>\n<p><a href=\"https:\/\/www.faustyna.pl\/zmbm\/matka-boza-milosierdzia\/\">Matka Bo\u017ca Mi\u0142osierdzia\/Liturgia i modlitwy<\/a><\/p>\n","protected":false},"excerpt":{"rendered":"<p>Niepokalana Matko Mi\u0142osierdzia, uciekamy si\u0119 pod Twoj\u0105 obron\u0119, prosz\u0105c, by\u015b jako nasza Matka by\u0142a zawsze z nami i kszta\u0142towa\u0142a nasze serca na wz\u00f3r Twojego. My, c\u00f3rki Twoje, pragniemy ca\u0142ym naszym \u017cyciem s\u0142u\u017cy\u0107 Ci wiernie w pokorze i zapomnieniu o sobie. Ty za\u015b, o Matko, rozpal nasze serca gor\u0105c\u0105 mi\u0142o\u015bci\u0105 Syna Twojego i dusz krwi\u0105 Jego [&hellip;]<\/p>\n","protected":false},"author":1,"featured_media":0,"parent":0,"menu_order":0,"comment_status":"closed","ping_status":"closed","template":"","meta":{"footnotes":""},"categories":[21],"tags":[],"class_list":["post-958","page","type-page","status-publish","hentry","category-liturgia-i-modlitwy"],"_links":{"self":[{"href":"https:\/\/www.faustyna.pl\/zmbm\/wp-json\/wp\/v2\/pages\/958","targetHints":{"allow":["GET"]}}],"collection":[{"href":"https:\/\/www.faustyna.pl\/zmbm\/wp-json\/wp\/v2\/pages"}],"about":[{"href":"https:\/\/www.faustyna.pl\/zmbm\/wp-json\/wp\/v2\/types\/page"}],"author":[{"embeddable":true,"href":"https:\/\/www.faustyna.pl\/zmbm\/wp-json\/wp\/v2\/users\/1"}],"replies":[{"embeddable":true,"href":"https:\/\/www.faustyna.pl\/zmbm\/wp-json\/wp\/v2\/comments?post=958"}],"version-history":[{"count":5,"href":"https:\/\/www.faustyna.pl\/zmbm\/wp-json\/wp\/v2\/pages\/958\/revisions"}],"predecessor-version":[{"id":32402,"href":"https:\/\/www.faustyna.pl\/zmbm\/wp-json\/wp\/v2\/pages\/958\/revisions\/32402"}],"wp:attachment":[{"href":"https:\/\/www.faustyna.pl\/zmbm\/wp-json\/wp\/v2\/media?parent=958"}],"wp:term":[{"taxonomy":"category","embeddable":true,"href":"https:\/\/www.faustyna.pl\/zmbm\/wp-json\/wp\/v2\/categories?post=958"},{"taxonomy":"post_tag","embeddable":true,"href":"https:\/\/www.faustyna.pl\/zmbm\/wp-json\/wp\/v2\/tags?post=958"}],"curies":[{"name":"wp","href":"https:\/\/api.w.org\/{rel}","templated":true}]}}