



{"id":959,"date":"2014-12-14T10:22:54","date_gmt":"2014-12-14T09:22:54","guid":{"rendered":"http:\/\/www.faustyna.pl\/zmbm\/?page_id=959"},"modified":"2023-03-08T14:24:29","modified_gmt":"2023-03-08T13:24:29","slug":"o-maryjo-matko-milosierdzia","status":"publish","type":"page","link":"https:\/\/www.faustyna.pl\/zmbm\/o-maryjo-matko-milosierdzia\/","title":{"rendered":"O Maryjo, Matko Mi\u0142osierdzia"},"content":{"rendered":"<p align=\"justify\"><a href=\"https:\/\/www.faustyna.pl\/zmbm\/wp-content\/uploads\/2014\/12\/O-Maryjo-Matko.jpg\" data-gallery><img loading=\"lazy\" decoding=\"async\" class=\"size-medium wp-image-10461 alignnone\" src=\"https:\/\/www.faustyna.pl\/zmbm\/wp-content\/uploads\/2014\/12\/O-Maryjo-Matko-560x331.jpg\" alt=\"\" width=\"560\" height=\"331\" srcset=\"https:\/\/www.faustyna.pl\/zmbm\/wp-content\/uploads\/2014\/12\/O-Maryjo-Matko-560x331.jpg 560w, https:\/\/www.faustyna.pl\/zmbm\/wp-content\/uploads\/2014\/12\/O-Maryjo-Matko-140x83.jpg 140w, https:\/\/www.faustyna.pl\/zmbm\/wp-content\/uploads\/2014\/12\/O-Maryjo-Matko.jpg 1024w\" sizes=\"auto, (max-width: 560px) 100vw, 560px\" \/><\/a><\/p>\n<p align=\"justify\">O Maryjo, Matko Mi\u0142osierdzia, naucz nas kocha\u0107 Jezusa i coraz bardziej \u017cy\u0107 duchem naszego powo\u0142ania, duchem wiary, nadziei i mi\u0142o\u015bci, duchem pos\u0142usze\u0144stwa i ukochania \u015bwi\u0119tej woli Bo\u017cej, duchem czysto\u015bci, ub\u00f3stwa i pokory, duchem mi\u0142osierdzia i apostolskiej \u017carliwo\u015bci o zbawienie dusz, a szczeg\u00f3lnie tych, kt\u00f3re nam powierzy\u0142o nieprzebrane mi\u0142osierdzie Twego Boskiego Syna.<\/p>\n<p>&#8212;&#8212;&#8212;&#8212;&#8212;&#8212;&#8212;&#8212;&#8212;&#8212;&#8212;<br \/>\n<i style=\"font-weight: normal\">Jezu, ufam Tobie. Modlitewnik Zgromadzenia Si\u00f3str Matki Bo\u017cej Mi\u0142osierdzia<\/i>, Warszawa 1986, s. 21-22.<\/p>\n<p><a href=\"https:\/\/www.faustyna.pl\/zmbm\/matka-boza-milosierdzia\/\">Matka Bo\u017ca Mi\u0142osierdzia\/Liturgia i modlitwy<\/a><\/p>\n","protected":false},"excerpt":{"rendered":"<p>O Maryjo, Matko Mi\u0142osierdzia, naucz nas kocha\u0107 Jezusa i coraz bardziej \u017cy\u0107 duchem naszego powo\u0142ania, duchem wiary, nadziei i mi\u0142o\u015bci, duchem pos\u0142usze\u0144stwa i ukochania \u015bwi\u0119tej woli Bo\u017cej, duchem czysto\u015bci, ub\u00f3stwa i pokory, duchem mi\u0142osierdzia i apostolskiej \u017carliwo\u015bci o zbawienie dusz, a szczeg\u00f3lnie tych, kt\u00f3re nam powierzy\u0142o nieprzebrane mi\u0142osierdzie Twego Boskiego Syna. &#8212;&#8212;&#8212;&#8212;&#8212;&#8212;&#8212;&#8212;&#8212;&#8212;&#8212; Jezu, ufam Tobie. [&hellip;]<\/p>\n","protected":false},"author":1,"featured_media":0,"parent":0,"menu_order":0,"comment_status":"closed","ping_status":"closed","template":"","meta":{"footnotes":""},"categories":[21],"tags":[],"class_list":["post-959","page","type-page","status-publish","hentry","category-liturgia-i-modlitwy"],"_links":{"self":[{"href":"https:\/\/www.faustyna.pl\/zmbm\/wp-json\/wp\/v2\/pages\/959","targetHints":{"allow":["GET"]}}],"collection":[{"href":"https:\/\/www.faustyna.pl\/zmbm\/wp-json\/wp\/v2\/pages"}],"about":[{"href":"https:\/\/www.faustyna.pl\/zmbm\/wp-json\/wp\/v2\/types\/page"}],"author":[{"embeddable":true,"href":"https:\/\/www.faustyna.pl\/zmbm\/wp-json\/wp\/v2\/users\/1"}],"replies":[{"embeddable":true,"href":"https:\/\/www.faustyna.pl\/zmbm\/wp-json\/wp\/v2\/comments?post=959"}],"version-history":[{"count":4,"href":"https:\/\/www.faustyna.pl\/zmbm\/wp-json\/wp\/v2\/pages\/959\/revisions"}],"predecessor-version":[{"id":25854,"href":"https:\/\/www.faustyna.pl\/zmbm\/wp-json\/wp\/v2\/pages\/959\/revisions\/25854"}],"wp:attachment":[{"href":"https:\/\/www.faustyna.pl\/zmbm\/wp-json\/wp\/v2\/media?parent=959"}],"wp:term":[{"taxonomy":"category","embeddable":true,"href":"https:\/\/www.faustyna.pl\/zmbm\/wp-json\/wp\/v2\/categories?post=959"},{"taxonomy":"post_tag","embeddable":true,"href":"https:\/\/www.faustyna.pl\/zmbm\/wp-json\/wp\/v2\/tags?post=959"}],"curies":[{"name":"wp","href":"https:\/\/api.w.org\/{rel}","templated":true}]}}

O Maryjo, Matko Miłosierdzia

<p align="justify"><a href="https://www.faustyna.pl/zmbm/wp-content/uploads/2014/12/O-Maryjo-Matko.jpg" data-gallery><img loading="lazy" decoding="async" class="size-medium wp-image-10461 alignnone" src="https://www.faustyna.pl/zmbm/wp-content/uploads/2014/12/O-Maryjo-Matko-560x331.jpg" alt="" width="560" height="331" srcset="https://www.faustyna.pl/zmbm/wp-content/uploads/2014/12/O-Maryjo-Matko-560x331.jpg 560w, https://www.faustyna.pl/zmbm/wp-content/uploads/2014/12/O-Maryjo-Matko-140x83.jpg 140w, https://www.faustyna.pl/zmbm/wp-content/uploads/2014/12/O-Maryjo-Matko.jpg 1024w" sizes="auto, (max-width: 560px) 100vw, 560px" /></a></p>
<p align="justify">O Maryjo, Matko Miłosierdzia, naucz nas kochać Jezusa i coraz bardziej żyć duchem naszego powołania, duchem wiary, nadziei i miłości, duchem posłuszeństwa i ukochania świętej woli Bożej, duchem czystości, ubóstwa i pokory, duchem miłosierdzia i apostolskiej żarliwości o zbawienie dusz, a szczególnie tych, które nam powierzyło nieprzebrane miłosierdzie Twego Boskiego Syna.</p>
<p>&#8212;&#8212;&#8212;&#8212;&#8212;&#8212;&#8212;&#8212;&#8212;&#8212;&#8212;<br />
<i style="font-weight: normal">Jezu, ufam Tobie. Modlitewnik Zgromadzenia Sióstr Matki Bożej Miłosierdzia</i>, Warszawa 1986, s. 21-22.</p>
<p><a href="https://www.faustyna.pl/zmbm/matka-boza-milosierdzia/">Matka Boża Miłosierdzia/Liturgia i modlitwy</a></p>

<p>O Maryjo, Matko Miłosierdzia, naucz nas kochać Jezusa i coraz bardziej żyć duchem naszego powołania, duchem wiary, nadziei i miłości, duchem posłuszeństwa i ukochania świętej woli Bożej, duchem czystości, ubóstwa i pokory, duchem miłosierdzia i apostolskiej żarliwości o zbawienie dusz, a szczególnie tych, które nam powierzyło nieprzebrane miłosierdzie Twego Boskiego Syna. &#8212;&#8212;&#8212;&#8212;&#8212;&#8212;&#8212;&#8212;&#8212;&#8212;&#8212; Jezu, ufam Tobie. [&hellip;]</p>
